000
CXUS55 KOHX 021612
CF6CSV
PRELIMINARY LOCAL CLIMATOLOGICAL DATA (WS FORM: F-6)
STATION: CROSSVILLE
MONTH: OCTOBER
YEAR: 2020
LATITUDE: 35 57 N
LONGITUDE: 85 5 W
TEMPERATURE IN F: :PCPN: SNOW: WIND :SUNSHINE: SKY :PK WND
================================================================================
1 2 3 4 5 6A 6B 7 8 9 10 11 12 13 14 15 16 17 18
12Z AVG MX 2MIN
DY MAX MIN AVG DEP HDD CDD WTR SNW DPTH SPD SPD DIR MIN PSBL S-S WX SPD DR
================================================================================
1 67 46 57 -5 8 0 0.00 M M 4.0 13 290 M M 1 1 20 340
2 60 38 49 -12 16 0 0.00 M M 4.0 13 20 M M 1 18 30
3 65 36 51 -10 14 0 0.00 M M 1.4 12 90 M M 1 12 17 70
4 67 50 59 -1 6 0 0.00 M M 5.8 17 270 M M 5 24 280
5 68 46 57 -3 8 0 0.00 M M 2.5 9 60 M M 3 1 14 60
6 73 43 58 -2 7 0 0.00 M M 2.4 14 280 M M 1 1 18 270
7 75 49 62 2 3 0 0.00 M M 2.7 12 260 M M 0 1 17 300
8 78 49 64 5 1 0 0.00 M M 0.6 7 20 M M 0 1 10 30
9 70 60 65 6 0 0 0.04 M M 2.7 8 180 M M 4 1 14 150
10 65 59 62 3 3 0 1.28 M M 7.8 15 90 M M 9 1 23 110
11 70 63 67 9 0 2 0.46 M M 3.6 14 90 M M 10 1 20 80
12 74 57 66 8 0 1 0.13 M M 4.6 17 320 M M 8 13 25 340
13 69 44 57 -1 8 0 0.00 M M 5.7 15 50 M M 2 26 350
14 75 42 59 2 6 0 0.00 M M 3.9 13 180 M M 0 12 23 190
15 75 50 63 6 2 0 0.02 M M 7.3 15 260 M M 6 1 26 190
16 57 33 45 -12 20 0 0.02 M M 5.5 15 310 M M 3 22 330
17 60 30 45 -12 20 0 0.00 M M 3.0 13 80 M M 1 12 20 150
18 65 42 54 -2 11 0 0.00 M M 5.1 15 190 M M 4 28 170
19 71 55 63 7 2 0 0.00 M M 5.8 14 170 M M 2 22 170
20 73 53 63 7 2 0 0.00 M M 2.8 9 190 M M 3 1 17 190
21 76 51 64 8 1 0 0.00 M M 1.9 9 150 M M 2 1 16 160
22 77 54 66 11 0 1 0.00 M M 2.4 10 160 M M 1 12 17 140
23 76 59 68 13 0 3 0.54 M M 4.6 13 340 M M 4 138 20 340
24 61 53 57 2 8 0 0.49 M M 5.4 10 20 M M 10 128 14 40
25 70 53 62 8 3 0 0.00 M M 1.5 6 250 M M 9 12 9 260
26 67 53 60 6 5 0 0.01 M M 3.9 12 350 M M 10 12 15 360
27 74 51 63 9 2 0 0.00 M M 2.2 8 210 M M 9 12 13 190
28 69 64 67 13 0 2 2.35 M M 3.7 15 180 M M 10 1 28 180
29 73 46 60 7 5 0 0.88 M M 11.2 25 290 M M 7 1 37 270
30 50 37 44 -9 21 0 0.00 M M 7.8 16 310 M M 6 1 24 310
31 60 34 47 -6 18 0 0.00 M M 5.2 13 190 M M 0 23 180
================================================================================
SM 2130 1500 200 9 6.22 M 131.0 M 132
================================================================================
AV 68.7 48.4 4.2 FASTST M M 4 MAX(MPH)
MISC ----> # 25 290 # 37 270
================================================================================
NOTES:
# LAST OF SEVERAL OCCURRENCES
COLUMN 17 PEAK WIND IN M.P.H.
PRELIMINARY LOCAL CLIMATOLOGICAL DATA (WS FORM: F-6) , PAGE 2
STATION: CROSSVILLE
MONTH: OCTOBER
YEAR: 2020
LATITUDE: 35 57 N
LONGITUDE: 85 5 W
[TEMPERATURE DATA] [PRECIPITATION DATA] SYMBOLS USED IN COLUMN 16
AVERAGE MONTHLY: 58.6 TOTAL FOR MONTH: 6.22 1 = FOG OR MIST
DPTR FM NORMAL: 1.5 DPTR FM NORMAL: 3.18 2 = FOG REDUCING VISIBILITY
HIGHEST: 78 ON 8 GRTST 24HR 2.35 ON 28-28 TO 1/4 MILE OR LESS
LOWEST: 30 ON 17 3 = THUNDER
SNOW, ICE PELLETS, HAIL 4 = ICE PELLETS
TOTAL MONTH: M 5 = HAIL
GRTST 24HR M ON M 6 = FREEZING RAIN OR DRIZZLE
GRTST DEPTH: M ON M 7 = DUSTSTORM OR SANDSTORM:
VSBY 1/2 MILE OR LESS
8 = SMOKE OR HAZE
[NO. OF DAYS WITH] [WEATHER - DAYS WITH] 9 = BLOWING SNOW
X = TORNADO
MAX 32 OR BELOW: 0 0.01 INCH OR MORE: 11
MAX 90 OR ABOVE: 0 0.10 INCH OR MORE: 7
MIN 32 OR BELOW: 1 0.50 INCH OR MORE: 4
MIN 0 OR BELOW: 0 1.00 INCH OR MORE: 2
[HDD (BASE 65) ]
TOTAL THIS MO. 200 CLEAR (SCALE 0-3) 13
DPTR FM NORMAL -66 PTCLDY (SCALE 4-7) 10
TOTAL FM JUL 1 266 CLOUDY (SCALE 8-10) 8
DPTR FM NORMAL -55
[CDD (BASE 65) ]
TOTAL THIS MO. 9
DPTR FM NORMAL -8 [PRESSURE DATA]
TOTAL FM JAN 1 939 HIGHEST SLP 30.38 ON 17
DPTR FM NORMAL -49 LOWEST SLP 29.44 ON 29
[REMARKS]
#FINAL-10-20#