000
CXUS55 KOHX 011010
CF6CSV
PRELIMINARY LOCAL CLIMATOLOGICAL DATA (WS FORM: F-6)
STATION: CROSSVILLE
MONTH: MAY
YEAR: 2020
LATITUDE: 35 57 N
LONGITUDE: 85 5 W
TEMPERATURE IN F: :PCPN: SNOW: WIND :SUNSHINE: SKY :PK WND
================================================================================
1 2 3 4 5 6A 6B 7 8 9 10 11 12 13 14 15 16 17 18
12Z AVG MX 2MIN
DY MAX MIN AVG DEP HDD CDD WTR SNW DPTH SPD SPD DIR MIN PSBL S-S WX SPD DR
================================================================================
1 69 41 55 -5 10 0 0.00 M M 6.9 21 320 M M 1 30 310
2 78 44 61 1 4 0 0.00 M M 5.6 17 280 M M 0 26 250
3 80 57 69 9 0 4 0.32 M M 9.3 33 260 M M 3 18 52 270
4 75 55 65 4 0 0 0.39 M M 4.6 18 330 M M 7 13 30 180
5 74 46 60 -1 5 0 T M M 9.3 23 280 M M 6 36 260
6 54 39 47 -14 18 0 0.01 M M 7.8 22 310 M M 5 1 36 340
7 61 36 49 -13 16 0 0.00 M M 5.8 17 260 M M 2 27 260
8 51 39 45 -17 20 0 0.37 M M 6.3 18 320 M M 7 1 27 340
9 56 29 43 -19 22 0 0.00 M M 5.5 16 340 M M 0 24 340
10 64 32 48 -14 17 0 0.00 M M 6.5 20 340 M M 2 31 320
11 57 35 46 -16 19 0 0.00 M M 7.0 20 310 M M 2 31 290
12 58 37 48 -15 17 0 0.04 M M 2.0 10 270 M M 9 16 290
13 64 49 57 -6 8 0 0.01 M M 3.9 10 160 M M 7 1 16 150
14 76 54 65 2 0 0 0.00 M M 7.8 15 180 M M 2 30 140
15 76 62 69 6 0 4 0.00 M M 6.1 15 160 M M 5 26 160
16 80 58 69 5 0 4 0.00 M M 2.8 10 120 M M 3 18 120
17 79 58 69 5 0 4 T M M 6.2 15 170 M M 3 27 170
18 77 57 67 3 0 2 1.80 M M 7.0 16 290 M M 5 3 30 180
19 68 55 62 -2 3 0 1.91 M M 4.6 13 290 M M 9 12 16 250
20 65 53 59 -5 6 0 0.29 M M 3.7 10 140 M M 9 13 17 130
21 67 52 60 -5 5 0 0.11 M M 3.3 8 140 M M 10 1 14 130
22 70 58 64 -1 1 0 0.77 M M 4.7 13 240 M M 7 1 24 220
23 80 59 70 5 0 5 0.05 M M 3.4 14 160 M M 3 13 23 190
24 81 63 72 6 0 7 0.00 M M 1.6 8 250 M M 1 13 13 260
25 82 61 72 6 0 7 0.00 M M 4.1 17 90 M M 2 1 27 80
26 77 64 71 5 0 6 0.05 M M 4.3 12 150 M M 5 1 22 140
27 72 60 66 0 0 1 1.02 M M 4.7 12 270 M M 10 13 22 160
28 76 58 67 1 0 2 0.05 M M 3.5 13 270 M M 7 1 21 170
29 77 61 69 2 0 4 0.01 M M 5.1 16 270 M M 6 23 270
30 76 56 66 -1 0 1 0.00 M M 5.3 13 320 M M 3 1 18 340
31 73 54 64 -3 1 0 0.00 M M 8.7 17 20 M M 0 25 50
================================================================================
SM 2193 1582 172 51 7.20 M 167.4 M 141
================================================================================
AV 70.7 51.0 5.4 FASTST M M 5 MAX(MPH)
MISC ----> # 33 260 # 52 270
================================================================================
NOTES:
# LAST OF SEVERAL OCCURRENCES
COLUMN 17 PEAK WIND IN M.P.H.
PRELIMINARY LOCAL CLIMATOLOGICAL DATA (WS FORM: F-6) , PAGE 2
STATION: CROSSVILLE
MONTH: MAY
YEAR: 2020
LATITUDE: 35 57 N
LONGITUDE: 85 5 W
[TEMPERATURE DATA] [PRECIPITATION DATA] SYMBOLS USED IN COLUMN 16
AVERAGE MONTHLY: 60.9 TOTAL FOR MONTH: 7.20 1 = FOG OR MIST
DPTR FM NORMAL: -2.7 DPTR FM NORMAL: 1.84 2 = FOG REDUCING VISIBILITY
HIGHEST: 82 ON 25 GRTST 24HR 1.91 ON 19-19 TO 1/4 MILE OR LESS
LOWEST: 29 ON 9 3 = THUNDER
SNOW, ICE PELLETS, HAIL 4 = ICE PELLETS
TOTAL MONTH: M 5 = HAIL
GRTST 24HR M ON M 6 = FREEZING RAIN OR DRIZZLE
GRTST DEPTH: M ON M 7 = DUSTSTORM OR SANDSTORM:
VSBY 1/2 MILE OR LESS
8 = SMOKE OR HAZE
[NO. OF DAYS WITH] [WEATHER - DAYS WITH] 9 = BLOWING SNOW
X = TORNADO
MAX 32 OR BELOW: 0 0.01 INCH OR MORE: 16
MAX 90 OR ABOVE: 0 0.10 INCH OR MORE: 9
MIN 32 OR BELOW: 2 0.50 INCH OR MORE: 4
MIN 0 OR BELOW: 0 1.00 INCH OR MORE: 3
[HDD (BASE 65) ]
TOTAL THIS MO. 172 CLEAR (SCALE 0-3) 14
DPTR FM NORMAL 63 PTCLDY (SCALE 4-7) 12
TOTAL FM JUL 1 3896 CLOUDY (SCALE 8-10) 5
DPTR FM NORMAL -355
[CDD (BASE 65) ]
TOTAL THIS MO. 51
DPTR FM NORMAL -15 [PRESSURE DATA]
TOTAL FM JAN 1 63 HIGHEST SLP 30.31 ON 12
DPTR FM NORMAL -20 LOWEST SLP 29.70 ON 19
[REMARKS]
#FINAL-05-20#