000
CXUS52 KTAE 010800
CF6CTY
PRELIMINARY LOCAL CLIMATOLOGICAL DATA (WS FORM: F-6)
STATION: CROSS CITY
MONTH: OCTOBER
YEAR: 2022
LATITUDE: 29 37 N
LONGITUDE: 83 6 W
TEMPERATURE IN F: :PCPN: SNOW: WIND :SUNSHINE: SKY :PK WND
================================================================================
1 2 3 4 5 6A 6B 7 8 9 10 11 12 13 14 15 16 17 18
12Z AVG MX 2MIN
DY MAX MIN AVG DEP HDD CDD WTR SNW DPTH SPD SPD DIR MIN PSBL S-S WX SPD DR
================================================================================
1 84 53 69 -7 0 4 0.00 0.0 0 3.7 15 260 M M 0 20 280
2 86 52 69 -7 0 4 0.00 0.0 0 5.4 13 270 M M 0 18 310
3 81 54 68 -7 0 3 0.00 0.0 0 7.3 15 30 M M 1 21 30
4 79 52 66 -9 0 1 0.00 0.0 0 5.2 15 20 M M 0 22 20
5 83 45 64 -11 1 0 0.00 0.0 0 2.1 12 250 M M 0 M M
6 85 49 67 -7 0 2 0.00 0.0 0 2.6 M M M M 0 M M
7 87 52 70 -4 0 5 0.00 0.0 0 2.7 M M M M 0 1 M M
8 90 53 72 -2 0 7 0.00 0.0 0 2.7 10 360 M M 3 12 16 360
9 88 55 72 -2 0 7 0.00 M M 3.5 8 340 M M 0 M M
10 88 56 72 -1 0 7 0.00 0.0 M 3.4 8 20 M M 0 18 300
11 86 58 72 -1 0 7 0.00 0.0 M 3.4 7 20 M M 4 12 M M
12 86 71 79 7 0 14 0.00 0.0 M 4.6 7 210 M M 5 1 M M
13 87 68 78 6 0 13 0.05 0.0 0 3.5 10 290 M M 5 1 M M
14 86 56 71 -1 0 6 0.00 0.0 0 3.4 12 360 M M 3 12 M M
15 89 53 71 -1 0 6 0.00 0.0 0 3.7 9 70 M M 0 M M
16 89 54 72 1 0 7 0.00 0.0 0 2.7 9 260 M M 0 M M
17 85 63 74 3 0 9 0.02 0.0 0 4.7 14 250 M M 3 18 200
18 75 51 63 -7 2 0 0.00 0.0 0 6.8 14 10 M M 1 M M
19 66 37 52 -18 13 0 0.00 0.0 0 6.8 13 10 M M 0 22 360
20 71 31 51 -19 14 0 0.00 0.0 M 3.4 12 270 M M 0 M M
21 74 35 55 -14 10 0 0.00 0.0 M 3.2 10 20 M M 0 M M
22 79 37 58 -11 7 0 0.00 0.0 M 4.7 15 30 M M 0 21 40
23 83 43 63 -6 2 0 0.00 0.0 0 3.0 9 320 M M 0 M M
24 85 49 67 -1 0 2 0.00 0.0 M 2.7 8 30 M M 1 M M
25 87 53 70 2 0 5 0.00 0.0 M 3.5 12 210 M M 2 1 23 200
26 83 59 71 3 0 6 0.03 0.0 M 5.2 15 220 M M 8 1 18 220
27 87 55 71 4 0 6 0.00 0.0 M 4.4 7 290 M M 5 M M
28 86 67 77 10 0 12 0.00 M M 7.3 13 70 M M 7 17 70
29 76 66 71 5 0 6 0.00 0.0 0 7.4 10 60 M M 10 M M
30 85 66 76 10 0 11 0.00 0.0 0 4.2 M M M M 6 1 M M
31 88 63 76 10 0 11 0.00 0.0 0 3.4 M M M M 5 12 M M
================================================================================
SM 2584 1656 49 161 0.10 0.0 130.6 M 69
================================================================================
AV 83.4 53.4 4.2 FASTST M M 2 MAX(MPH)
MISC ----> # 15 260 23 200
================================================================================
NOTES:
# LAST OF SEVERAL OCCURRENCES
COLUMN 17 PEAK WIND IN M.P.H.
PRELIMINARY LOCAL CLIMATOLOGICAL DATA (WS FORM: F-6) , PAGE 2
STATION: CROSS CITY
MONTH: OCTOBER
YEAR: 2022
LATITUDE: 29 37 N
LONGITUDE: 83 6 W
[TEMPERATURE DATA] [PRECIPITATION DATA] SYMBOLS USED IN COLUMN 16
AVERAGE MONTHLY: 68.4 TOTAL FOR MONTH: 0.10 1 = FOG OR MIST
DPTR FM NORMAL: -2.6 DPTR FM NORMAL: -2.13 2 = FOG REDUCING VISIBILITY
HIGHEST: 90 ON 8 GRTST 24HR 0.05 ON 13-13 TO 1/4 MILE OR LESS
LOWEST: 31 ON 20 3 = THUNDER
SNOW, ICE PELLETS, HAIL 4 = ICE PELLETS
TOTAL MONTH: 0.0 INCH 5 = HAIL
GRTST 24HR 0.0 6 = FREEZING RAIN OR DRIZZLE
GRTST DEPTH: 0 7 = DUSTSTORM OR SANDSTORM:
VSBY 1/2 MILE OR LESS
8 = SMOKE OR HAZE
[NO. OF DAYS WITH] [WEATHER - DAYS WITH] 9 = BLOWING SNOW
X = TORNADO
MAX 32 OR BELOW: 0 0.01 INCH OR MORE: 3
MAX 90 OR ABOVE: 1 0.10 INCH OR MORE: 0
MIN 32 OR BELOW: 1 0.50 INCH OR MORE: 0
MIN 0 OR BELOW: 0 1.00 INCH OR MORE: 0
[HDD (BASE 65) ]
TOTAL THIS MO. 49 CLEAR (SCALE 0-3) 22
DPTR FM NORMAL 17 PTCLDY (SCALE 4-7) 8
TOTAL FM JUL 1 49 CLOUDY (SCALE 8-10) 1
DPTR FM NORMAL 20
[CDD (BASE 65) ]
TOTAL THIS MO. 161
DPTR FM NORMAL -58 [PRESSURE DATA]
TOTAL FM JAN 1 2845 HIGHEST SLP M ON M
DPTR FM NORMAL 231 LOWEST SLP M ON M
[REMARKS]
#FINAL-10-22#