000
CXUS52 KTAE 010800
CF6CTY
PRELIMINARY LOCAL CLIMATOLOGICAL DATA (WS FORM: F-6)
STATION: CROSS CITY
MONTH: MAY
YEAR: 2022
LATITUDE: 29 37 N
LONGITUDE: 83 6 W
TEMPERATURE IN F: :PCPN: SNOW: WIND :SUNSHINE: SKY :PK WND
================================================================================
1 2 3 4 5 6A 6B 7 8 9 10 11 12 13 14 15 16 17 18
12Z AVG MX 2MIN
DY MAX MIN AVG DEP HDD CDD WTR SNW DPTH SPD SPD DIR MIN PSBL S-S WX SPD DR
================================================================================
1 85 60 73 2 0 8 0.00 M M 3.8 12 240 M M 1 1 M M
2 90 61 76 5 0 11 0.00 0.0 0 3.7 12 240 M M 1 24 20
3 88 67 78 7 0 13 0.00 0.0 M 5.3 13 230 M M 2 20 210
4 91 63 77 5 0 12 0.00 0.0 0 3.0 12 290 M M 2 1 M M
5 91 63 77 5 0 12 0.00 0.0 0 4.2 M M M M 1 1 M M
6 83 62 73 1 0 8 0.02 0.0 0 8.9 M M M M 4 8 M M
7 84 67 76 4 0 11 0.00 0.0 0 10.1 M M M M 2 M M
8 88 58 73 0 0 8 0.00 0.0 0 6.0 18 270 M M 2 24 260
9 84 61 73 0 0 8 0.00 0.0 0 6.9 10 90 M M 2 17 80
10 84 54 69 -4 0 4 0.00 0.0 M 6.6 14 10 M M 0 8 23 80
11 87 49 68 -6 0 3 0.00 0.0 M 5.4 14 20 M M 0 22 360
12 85 53 69 -5 0 4 0.00 0.0 M 4.2 14 20 M M 4 23 330
13 81 63 72 -2 0 7 0.22 0.0 M 3.7 9 310 M M 5 1 M M
14 86 58 72 -2 0 7 0.01 0.0 M 3.0 13 260 M M 3 23 250
15 90 62 76 2 0 11 0.00 0.0 0 4.7 13 250 M M 2 1 20 260
16 88 59 74 -1 0 9 0.00 0.0 0 5.6 14 260 M M 3 1 22 230
17 91 65 78 3 0 13 0.01 0.0 0 4.1 13 330 M M 3 3 35 340
18 94 66 80 5 0 15 0.00 0.0 0 4.3 12 270 M M 1 1 M M
19 91 65 78 2 0 13 0.00 0.0 0 3.9 12 230 M M 3 12 16 250
20 91 64 78 2 0 13 0.00 0.0 0 5.6 14 160 M M 3 1 22 200
21 86 69 78 2 0 13 0.04 0.0 0 6.8 12 260 M M 3 13 20 170
22 91 69 80 4 0 15 0.00 0.0 0 5.1 10 250 M M 3 17 0
23 91 69 80 4 0 15 0.00 0.0 0 5.9 14 200 M M 4 20 220
24 90 71 81 4 0 16 0.10 0.0 M 4.8 14 180 M M 3 38 17 180
25 91 72 82 5 0 17 0.00 0.0 M 5.5 9 120 M M 2 16 140
26 88 69 79 2 0 14 0.10 M M 8.6 15 250 M M 3 32 230
27 86 69 78 1 0 13 0.60 0.0 0 6.3 14 210 M M 6 13 23 190
28 89 67 78 0 0 13 0.00 0.0 0 6.0 13 270 M M 1 18 240
29 91 63 77 -1 0 12 0.02 0.0 0 2.6 9 250 M M 3 M M
30 94 64 79 1 0 14 0.00 0.0 0 4.0 9 60 M M 2 3 21 260
31 92 65 79 1 0 14 0.00 0.0 0 2.8 12 70 M M 2 16 70
================================================================================
SM 2741 1967 0 346 1.12 0.0 161.4 M 76
================================================================================
AV 88.4 63.5 5.2 FASTST M M 2 MAX(MPH)
MISC ----> 18 270 35 340
================================================================================
NOTES:
# LAST OF SEVERAL OCCURRENCES
COLUMN 17 PEAK WIND IN M.P.H.
PRELIMINARY LOCAL CLIMATOLOGICAL DATA (WS FORM: F-6) , PAGE 2
STATION: CROSS CITY
MONTH: MAY
YEAR: 2022
LATITUDE: 29 37 N
LONGITUDE: 83 6 W
[TEMPERATURE DATA] [PRECIPITATION DATA] SYMBOLS USED IN COLUMN 16
AVERAGE MONTHLY: 75.9 TOTAL FOR MONTH: 1.12 1 = FOG OR MIST
DPTR FM NORMAL: 1.2 DPTR FM NORMAL: -1.62 2 = FOG REDUCING VISIBILITY
HIGHEST: 94 ON 30,18 GRTST 24HR 0.60 ON 27-27 TO 1/4 MILE OR LESS
LOWEST: 49 ON 11 3 = THUNDER
SNOW, ICE PELLETS, HAIL 4 = ICE PELLETS
TOTAL MONTH: 0.0 INCH 5 = HAIL
GRTST 24HR 0.0 6 = FREEZING RAIN OR DRIZZLE
GRTST DEPTH: 0 7 = DUSTSTORM OR SANDSTORM:
VSBY 1/2 MILE OR LESS
8 = SMOKE OR HAZE
[NO. OF DAYS WITH] [WEATHER - DAYS WITH] 9 = BLOWING SNOW
X = TORNADO
MAX 32 OR BELOW: 0 0.01 INCH OR MORE: 9
MAX 90 OR ABOVE: 15 0.10 INCH OR MORE: 3
MIN 32 OR BELOW: 0 0.50 INCH OR MORE: 1
MIN 0 OR BELOW: 0 1.00 INCH OR MORE: 0
[HDD (BASE 65) ]
TOTAL THIS MO. 0 CLEAR (SCALE 0-3) 22
DPTR FM NORMAL -3 PTCLDY (SCALE 4-7) 9
TOTAL FM JUL 1 980 CLOUDY (SCALE 8-10) 0
DPTR FM NORMAL -275
[CDD (BASE 65) ]
TOTAL THIS MO. 346
DPTR FM NORMAL 42 [PRESSURE DATA]
TOTAL FM JAN 1 677 HIGHEST SLP M ON M
DPTR FM NORMAL 163 LOWEST SLP M ON M
[REMARKS]
#FINAL-05-22#