000
CXUS52 KTAE 010900
CF6CTY
PRELIMINARY LOCAL CLIMATOLOGICAL DATA (WS FORM: F-6)
STATION: CROSS CITY
MONTH: JANUARY
YEAR: 2022
LATITUDE: 29 37 N
LONGITUDE: 83 6 W
TEMPERATURE IN F: :PCPN: SNOW: WIND :SUNSHINE: SKY :PK WND
================================================================================
1 2 3 4 5 6A 6B 7 8 9 10 11 12 13 14 15 16 17 18
12Z AVG MX 2MIN
DY MAX MIN AVG DEP HDD CDD WTR SNW DPTH SPD SPD DIR MIN PSBL S-S WX SPD DR
================================================================================
1 80 65 73 19 0 8 0.00 0.0 0 8.2 18 190 M M 7 1 22 190
2 82 71 77 23 0 12 0.00 0.0 0 14.0 23 200 M M 10 31 200
3 74 37 56 2 9 0 0.01 0.0 M 10.9 21 200 M M 2 35 200
4 67 34 51 -3 14 0 0.00 0.0 0 4.9 9 70 M M 2 M M
5 66 44 55 1 10 0 0.00 0.0 M 3.5 13 320 M M 7 1 M M
6 71 39 55 1 10 0 0.00 0.0 M 3.8 10 210 M M 5 12 M M
7 66 45 56 2 9 0 0.00 0.0 M 6.8 15 30 M M 2 1 20 10
8 75 40 58 4 7 0 0.00 0.0 0 5.4 10 70 M M 2 17 100
9 82 54 68 14 0 3 0.00 0.0 0 4.8 13 190 M M 2 20 130
10 71 50 61 7 4 0 0.07 0.0 0 7.1 20 340 M M 5 28 340
11 62 37 50 -3 15 0 0.00 0.0 0 7.9 14 20 M M 0 20 30
12 70 41 56 3 9 0 0.00 0.0 0 4.9 9 50 M M 2 M M
13 67 42 55 2 10 0 0.00 0.0 0 4.9 13 260 M M 1 1 17 320
14 67 38 53 0 12 0 0.00 0.0 0 3.9 9 260 M M 0 17 310
15 73 34 54 0 11 0 0.05 0.0 0 2.9 9 170 M M 3 1 M M
16 65 45 55 1 10 0 0.47 0.0 0 14.2 22 260 M M 9 1 33 260
17 56 40 48 -6 17 0 0.08 0.0 0 10.2 M M M M 3 8 M M
18 62 28 45 -9 20 0 0.04 0.0 0 3.2 12 350 M M 0 M M
19 71 30 51 -3 14 0 0.00 0.0 M 2.8 12 200 M M 0 16 200
20 75 39 57 3 8 0 0.02 0.0 0 3.9 14 210 M M 4 1 23 190
21 61 49 55 1 10 0 0.03 0.0 0 7.7 12 30 M M 10 1 M M
22 49 37 43 -11 22 0 0.01 M M 10.0 13 20 M M 10 1 22 10
23 52 29 41 -13 24 0 0.00 0.0 0 4.7 12 20 M M 5 1 M M
24 61 25 43 -11 22 0 0.00 0.0 0 2.6 13 240 M M 0 M M
25 57 45 51 -3 14 0 0.07 0.0 M 2.8 7 110 M M 9 1 M M
26 59 49 54 0 11 0 0.08 0.0 M 5.5 10 20 M M 10 1 M M
27 65 50 58 4 7 0 0.00 0.0 0 9.1 15 30 M M 6 8 20 20
28 60 43 52 -2 13 0 0.00 0.0 0 5.5 13 300 M M 5 20 300
29 49 27 38 -17 27 0 0.00 0.0 0 10.3 20 350 M M 0 25 350
30 57 20 39 -16 26 0 0.00 M M 4.4 15 260 M M 0 20 230
31 69 32 51 -4 14 0 0.00 0.0 M 3.6 13 270 M M 0 17 260
================================================================================
SM 2041 1259 379 23 0.93 0.0 194.4 M 121
================================================================================
AV 65.8 40.6 6.3 FASTST M M 4 MAX(MPH)
MISC ----> 23 200 35 200
================================================================================
NOTES:
# LAST OF SEVERAL OCCURRENCES
COLUMN 17 PEAK WIND IN M.P.H.
PRELIMINARY LOCAL CLIMATOLOGICAL DATA (WS FORM: F-6) , PAGE 2
STATION: CROSS CITY
MONTH: JANUARY
YEAR: 2022
LATITUDE: 29 37 N
LONGITUDE: 83 6 W
[TEMPERATURE DATA] [PRECIPITATION DATA] SYMBOLS USED IN COLUMN 16
AVERAGE MONTHLY: 53.2 TOTAL FOR MONTH: 0.93 1 = FOG OR MIST
DPTR FM NORMAL: -0.7 DPTR FM NORMAL: -2.45 2 = FOG REDUCING VISIBILITY
HIGHEST: 82 ON 9, 2 GRTST 24HR 1.42 ON 2- 2 TO 1/4 MILE OR LESS
LOWEST: 20 ON 30 3 = THUNDER
SNOW, ICE PELLETS, HAIL 4 = ICE PELLETS
TOTAL MONTH: 0.0 INCH 5 = HAIL
GRTST 24HR 0.0 6 = FREEZING RAIN OR DRIZZLE
GRTST DEPTH: 0 7 = DUSTSTORM OR SANDSTORM:
VSBY 1/2 MILE OR LESS
8 = SMOKE OR HAZE
[NO. OF DAYS WITH] [WEATHER - DAYS WITH] 9 = BLOWING SNOW
X = TORNADO
MAX 32 OR BELOW: 0 0.01 INCH OR MORE: 11
MAX 90 OR ABOVE: 0 0.10 INCH OR MORE: 1
MIN 32 OR BELOW: 7 0.50 INCH OR MORE: 0
MIN 0 OR BELOW: 0 1.00 INCH OR MORE: 0
[HDD (BASE 65) ]
TOTAL THIS MO. 379 CLEAR (SCALE 0-3) 17
DPTR FM NORMAL 19 PTCLDY (SCALE 4-7) 8
TOTAL FM JUL 1 672 CLOUDY (SCALE 8-10) 6
DPTR FM NORMAL -168
[CDD (BASE 65) ]
TOTAL THIS MO. 23
DPTR FM NORMAL 8 [PRESSURE DATA]
TOTAL FM JAN 1 23 HIGHEST SLP M ON M
DPTR FM NORMAL 8 LOWEST SLP M ON M
[REMARKS]
#FINAL-01-22#