000
CXUS52 KTAE 010900
CF6CTY
PRELIMINARY LOCAL CLIMATOLOGICAL DATA (WS FORM: F-6)
STATION: CROSS CITY
MONTH: NOVEMBER
YEAR: 2021
LATITUDE: 29 37 N
LONGITUDE: 83 6 W
TEMPERATURE IN F: :PCPN: SNOW: WIND :SUNSHINE: SKY :PK WND
================================================================================
1 2 3 4 5 6A 6B 7 8 9 10 11 12 13 14 15 16 17 18
12Z AVG MX 2MIN
DY MAX MIN AVG DEP HDD CDD WTR SNW DPTH SPD SPD DIR MIN PSBL S-S WX SPD DR
================================================================================
1 73 45 59 -7 6 0 0.00 0.0 0 1.9 7 20 M M 0 M M
2 79 51 65 0 0 0 0.00 0.0 M 3.1 9 30 M M 2 1 M M
3 79 51 65 0 0 0 0.00 0.0 M 3.7 7 60 M M 0 M M
4 72 56 64 -1 1 0 0.00 0.0 0 6.3 10 30 M M 3 1 M M
5 60 48 54 -10 11 0 0.39 0.0 0 12.6 20 20 M M 8 1 28 20
6 56 47 52 -12 13 0 0.38 0.0 0 9.4 13 20 M M 8 22 360
7 70 45 58 -6 7 0 0.00 0.0 0 6.3 15 360 M M 2 17 340
8 M 39 M M M M 0.00 0.0 0 3.8 12 30 M M 0 M M
9 77 38 58 -5 7 0 0.00 M M 2.0 9 30 M M 0 M M
10 77 47 62 -1 3 0 0.00 M M 2.7 7 120 M M 3 M M
11 81 61 71 8 0 6 0.00 M M 3.7 13 160 M M 6 1 16 200
12 77 59 68 6 0 3 0.00 0.0 M 2.1 8 30 M M 4 12 M M
13 75 51 63 1 2 0 0.05 0.0 M 3.7 14 330 M M 6 128 M M
14 63 41 52 -10 13 0 0.00 0.0 0 4.5 14 260 M M 0 M M
15 71 39 55 -7 10 0 0.00 0.0 0 1.8 9 320 M M 0 M M
16 75 40 58 -4 7 0 0.00 0.0 0 1.8 7 30 M M 0 M M
17 80 45 63 2 2 0 0.00 0.0 0 2.5 8 160 M M 1 M M
18 80 58 69 8 0 4 0.00 0.0 0 2.0 7 110 M M 2 M M
19 78 57 68 7 0 3 0.00 0.0 0 7.4 14 30 M M 1 21 50
20 75 52 64 3 1 0 0.00 0.0 0 10.0 17 30 M M 5 18 30
21 78 60 69 9 0 4 0.00 M M 7.6 12 40 M M 8 8 18 40
22 74 56 65 5 0 0 0.02 M M 4.7 10 280 M M 4 17 330
23 62 36 49 -11 16 0 0.00 0.0 0 7.4 14 40 M M 0 22 20
24 70 34 52 -8 13 0 0.00 0.0 0 6.0 10 60 M M 1 16 60
25 75 43 59 -1 6 0 0.00 0.0 0 2.7 7 250 M M 1 M M
26 70 43 57 -3 8 0 0.00 0.0 0 4.0 10 340 M M 5 1 M M
27 66 31 49 -10 16 0 0.00 0.0 0 2.6 8 350 M M 0 M M
28 65 37 51 -8 14 0 0.00 0.0 0 2.3 9 330 M M 7 M M
29 68 37 53 -6 12 0 0.00 0.0 0 4.9 10 310 M M 3 M M
30 68 31 50 -9 15 0 0.00 M M 1.9 8 40 M M 0 M M
================================================================================
SM 2094 1378 183 20 0.84 0.0 135.4 M 80
================================================================================
AV 72.2 45.9 4.5 FASTST M M 3 MAX(MPH)
MISC ----> 20 20 28 20
================================================================================
NOTES:
# LAST OF SEVERAL OCCURRENCES
COLUMN 17 PEAK WIND IN M.P.H.
PRELIMINARY LOCAL CLIMATOLOGICAL DATA (WS FORM: F-6) , PAGE 2
STATION: CROSS CITY
MONTH: NOVEMBER
YEAR: 2021
LATITUDE: 29 37 N
LONGITUDE: 83 6 W
[TEMPERATURE DATA] [PRECIPITATION DATA] SYMBOLS USED IN COLUMN 16
AVERAGE MONTHLY: 59.1 TOTAL FOR MONTH: 0.84 1 = FOG OR MIST
DPTR FM NORMAL: -2.7 DPTR FM NORMAL: -1.26 2 = FOG REDUCING VISIBILITY
HIGHEST: 81 ON 11 GRTST 24HR 0.39 ON 5- 5 TO 1/4 MILE OR LESS
LOWEST: 31 ON 30,27 3 = THUNDER
SNOW, ICE PELLETS, HAIL 4 = ICE PELLETS
TOTAL MONTH: 0.0 INCH 5 = HAIL
GRTST 24HR 0.0 6 = FREEZING RAIN OR DRIZZLE
GRTST DEPTH: 0 7 = DUSTSTORM OR SANDSTORM:
VSBY 1/2 MILE OR LESS
8 = SMOKE OR HAZE
[NO. OF DAYS WITH] [WEATHER - DAYS WITH] 9 = BLOWING SNOW
X = TORNADO
MAX 32 OR BELOW: 0 0.01 INCH OR MORE: 4
MAX 90 OR ABOVE: 0 0.10 INCH OR MORE: 2
MIN 32 OR BELOW: 2 0.50 INCH OR MORE: 0
MIN 0 OR BELOW: 0 1.00 INCH OR MORE: 0
[HDD (BASE 65) ]
TOTAL THIS MO. 183 CLEAR (SCALE 0-3) 18
DPTR FM NORMAL 32 PTCLDY (SCALE 4-7) 11
TOTAL FM JUL 1 196 CLOUDY (SCALE 8-10) 1
DPTR FM NORMAL 13
[CDD (BASE 65) ]
TOTAL THIS MO. 20
DPTR FM NORMAL -35 [PRESSURE DATA]
TOTAL FM JAN 1 2633 HIGHEST SLP M ON M
DPTR FM NORMAL -36 LOWEST SLP M ON M
[REMARKS]
#FINAL-11-21#