000
CXUS52 KTAE 010900
CF6CTY
PRELIMINARY LOCAL CLIMATOLOGICAL DATA (WS FORM: F-6)
STATION: CROSS CITY
MONTH: JANUARY
YEAR: 2024
LATITUDE: 29 37 N
LONGITUDE: 83 6 W
TEMPERATURE IN F: :PCPN: SNOW: WIND :SUNSHINE: SKY :PK WND
================================================================================
1 2 3 4 5 6A 6B 7 8 9 10 11 12 13 14 15 16 17 18
12Z AVG MX 2MIN
DY MAX MIN AVG DEP HDD CDD WTR SNW DPTH SPD SPD DIR MIN PSBL S-S WX SPD DR
================================================================================
1 70 34 52 -2 13 0 0.00 0.0 0 3.6 14 250 M M 3 1 20 250
2 59 36 48 -6 17 0 0.00 0.0 0 5.7 12 20 M M 0 M M
3 64 32 48 -6 17 0 0.02 0.0 0 3.1 10 20 M M 4 M M
4 63 34 49 -5 16 0 0.18 M 0 7.7 17 20 M M 3 1 22 20
5 72 32 52 -2 13 0 0.00 0.0 M 5.9 12 110 M M 2 17 70
6 73 55 64 10 1 0 0.62 0.0 0 11.1 24 180 M M 6 1 40 180
7 55 45 50 -4 15 0 0.00 0.0 0 4.5 9 340 M M 2 M M
8 59 45 52 -2 13 0 0.04 0.0 0 5.2 10 340 M M 4 18 90
9 73 55 64 10 1 0 0.63 0.0 0 14.4 32 180 M M 10 13 48 190
10 61 34 48 -6 17 0 0.00 0.0 0 7.8 17 270 M M 0 29 270
11 63 36 50 -3 15 0 0.00 0.0 M 1.8 5 80 M M 3 M M
12 73 48 61 8 4 0 0.00 0.0 M 9.0 21 210 M M 9 1 31 200
13 70 39 55 2 10 0 0.00 0.0 M 8.4 13 330 M M 0 1 22 260
14 61 36 49 -4 16 0 0.00 0.0 M 3.4 9 30 M M 0 M M
15 66 34 50 -4 15 0 0.00 0.0 M 2.8 7 60 M M 7 18 M M
16 68 39 54 0 11 0 0.11 0.0 0 4.9 12 320 M M 8 128 21 320
17 50 28 39 -15 26 0 0.00 0.0 M 6.7 12 360 M M 0 17 350
18 55 28 42 -12 23 0 0.00 0.0 0 2.8 7 30 M M 5 M M
19 72 43 58 4 7 0 0.01 0.0 0 4.1 12 350 M M 3 1 M M
20 54 36 45 -9 20 0 0.00 0.0 0 8.5 14 20 M M 0 18 20
21 52 28 40 -14 25 0 0.00 0.0 M 9.5 17 30 M M 0 20 40
22 68 36 52 -2 13 0 0.00 0.0 0 6.2 10 90 M M 1 18 90
23 68 57 63 9 2 0 0.00 0.0 M 5.8 9 80 M M 3 M M
24 82 63 73 19 0 8 0.00 0.0 M 5.2 9 150 M M 7 M M
25 82 66 74 20 0 9 0.81 0.0 0 7.3 13 200 M M 7 13 18 130
26 77 61 69 15 0 4 0.21 0.0 0 5.6 12 210 M M 8 138 17 130
27 79 61 70 16 0 5 0.27 0.0 0 6.5 16 200 M M 7 128 35 200
28 66 50 58 4 7 0 T 0.0 0 10.8 16 270 M M 4 1 22 220
29 63 41 52 -3 13 0 0.00 0.0 0 6.5 13 320 M M 1 27 310
30 64 34 49 -6 16 0 0.00 0.0 M 3.0 10 270 M M 0 M M
31 68 37 53 -2 12 0 0.00 0.0 0 5.2 13 290 M M 0 22 290
================================================================================
SM 2050 1303 358 26 2.90 0.0 193.0 M 107
================================================================================
AV 66.1 42.0 6.2 FASTST M M 3 MAX(MPH)
MISC ----> 32 180 48 190
================================================================================
NOTES:
# LAST OF SEVERAL OCCURRENCES
COLUMN 17 PEAK WIND IN M.P.H.
PRELIMINARY LOCAL CLIMATOLOGICAL DATA (WS FORM: F-6) , PAGE 2
STATION: CROSS CITY
MONTH: JANUARY
YEAR: 2024
LATITUDE: 29 37 N
LONGITUDE: 83 6 W
[TEMPERATURE DATA] [PRECIPITATION DATA] SYMBOLS USED IN COLUMN 16
AVERAGE MONTHLY: 54.1 TOTAL FOR MONTH: 2.90 1 = FOG OR MIST
DPTR FM NORMAL: 0.2 DPTR FM NORMAL: -0.48 2 = FOG REDUCING VISIBILITY
HIGHEST: 82 ON 25,24 GRTST 24HR 2.40 ON 5- 6 TO 1/4 MILE OR LESS
LOWEST: 28 ON 21,18 3 = THUNDER
SNOW, ICE PELLETS, HAIL 4 = ICE PELLETS
TOTAL MONTH: 0.0 INCH 5 = HAIL
GRTST 24HR 0.0 6 = FREEZING RAIN OR DRIZZLE
GRTST DEPTH: 0 7 = DUSTSTORM OR SANDSTORM:
VSBY 1/2 MILE OR LESS
8 = SMOKE OR HAZE
[NO. OF DAYS WITH] [WEATHER - DAYS WITH] 9 = BLOWING SNOW
X = TORNADO
MAX 32 OR BELOW: 0 0.01 INCH OR MORE: 10
MAX 90 OR ABOVE: 0 0.10 INCH OR MORE: 7
MIN 32 OR BELOW: 5 0.50 INCH OR MORE: 3
MIN 0 OR BELOW: 0 1.00 INCH OR MORE: 0
[HDD (BASE 65) ]
TOTAL THIS MO. 358 CLEAR (SCALE 0-3) 17
DPTR FM NORMAL -2 PTCLDY (SCALE 4-7) 11
TOTAL FM JUL 1 766 CLOUDY (SCALE 8-10) 3
DPTR FM NORMAL -74
[CDD (BASE 65) ]
TOTAL THIS MO. 26
DPTR FM NORMAL 11 [PRESSURE DATA]
TOTAL FM JAN 1 26 HIGHEST SLP M ON M
DPTR FM NORMAL 11 LOWEST SLP M ON M
[REMARKS]
#FINAL-01-24#