000
CXUS53 KUNR 011030
CF6CUT
PRELIMINARY LOCAL CLIMATOLOGICAL DATA (WS FORM: F-6)
STATION: CUSTER COUNTY AIRPORT SD
MONTH: NOVEMBER
YEAR: 2020
LATITUDE: 43 43 N
LONGITUDE: 103 37 W
TEMPERATURE IN F: :PCPN: SNOW: WIND :SUNSHINE: SKY :PK WND
================================================================================
1 2 3 4 5 6A 6B 7 8 9 10 11 12 13 14 15 16 17 18
12Z AVG MX 2MIN
DY MAX MIN AVG DEP HDD CDD WTR SNW DPTH SPD SPD DIR MIN PSBL S-S WX SPD DR
================================================================================
1 58 22 40 2 25 0 0.00 M M 5.5 17 280 M M 0 27 330
2 68 38 53 16 12 0 0.00 M M 7.6 15 260 M M 0 21 270
3 73 37 55 18 10 0 0.00 M M 5.5 15 270 M M 0 21 270
4 72 37 55 18 10 0 0.00 M M 4.2 12 40 M M 0 18 10
5 65 36 51 15 14 0 0.00 M M 10.3 22 260 M M 0 32 240
6 66 49 58 22 7 0 0.00 M M 8.3 21 260 M M 0 32 260
7 66 43 55 20 10 0 0.00 M M 3.5 14 250 M M 2 21 250
8 55 29 42 7 23 0 0.09 M M 10.0 25 270 M M 5 1 42 260
9 30 13 22 -12 43 0 0.01 M M 3.8 10 240 M M 7 1 17 240
10 37 11 24 -10 41 0 0.00 M M 5.9 20 270 M M 5 28 320
11 36 19 28 -6 37 0 0.22 M M 6.3 20 270 M M 4 128 26 270
12 26 11 19 -14 46 0 0.03 M M 7.0 16 270 M M 3 1 23 260
13 45 20 33 0 32 0 0.00 M M 14.8 33 250 M M 1 57 230
14 38 23 31 -1 34 0 0.06 M M 12.2 26 280 M M 5 1 43 280
15 38 20 29 -3 36 0 0.00 M M 9.9 24 280 M M 0 40 300
16 43 25 34 3 31 0 0.00 M M 8.0 21 290 M M 2 35 310
17 58 24 41 10 24 0 0.00 M M 6.8 16 260 M M 0 26 250
18 62 45 54 24 11 0 0.00 M M 11.1 25 260 M M 2 45 270
19 51 26 39 9 26 0 0.00 M M 11.5 25 270 M M 2 39 270
20 40 16 28 -2 37 0 0.00 M M 4.3 13 270 M M 1 19 290
21 42 16 29 0 36 0 0.00 M M 5.8 21 270 M M 1 28 260
22 39 19 29 0 36 0 0.00 M M 5.5 15 320 M M 0 25 330
23 47 24 36 8 29 0 0.00 M M 7.6 22 250 M M 0 35 220
24 42 21 32 4 33 0 0.00 M M 5.4 15 340 M M 0 24 330
25 50 20 35 8 30 0 0.00 M M 8.8 22 250 M M 0 38 230
26 37 19 28 1 37 0 0.00 M M 5.8 17 280 M M 1 29 300
27 44 17 31 4 34 0 0.00 M M 7.4 14 270 M M 0 20 250
28 61 27 44 18 21 0 0.00 M M 4.9 15 360 M M 0 27 350
29 38 20 29 3 36 0 0.00 M M 6.4 14 260 M M 0 23 320
30 53 23 38 12 27 0 0.00 M M 9.2 21 270 M M 0 31 270
================================================================================
SM 1480 750 828 0 0.41 M 223.3 M 41
================================================================================
AV 49.3 25.0 7.4 FASTST M M 1 MAX(MPH)
MISC ----> 33 250 57 230
================================================================================
NOTES:
# LAST OF SEVERAL OCCURRENCES
COLUMN 17 PEAK WIND IN M.P.H.
PRELIMINARY LOCAL CLIMATOLOGICAL DATA (WS FORM: F-6) , PAGE 2
STATION: CUSTER COUNTY AIRPORT SD
MONTH: NOVEMBER
YEAR: 2020
LATITUDE: 43 43 N
LONGITUDE: 103 37 W
[TEMPERATURE DATA] [PRECIPITATION DATA] SYMBOLS USED IN COLUMN 16
AVERAGE MONTHLY: 37.2 TOTAL FOR MONTH: 0.41 1 = FOG OR MIST
DPTR FM NORMAL: 5.6 DPTR FM NORMAL: -0.20 2 = FOG REDUCING VISIBILITY
HIGHEST: 73 ON 3 GRTST 24HR 0.25 ON 11-12 TO 1/4 MILE OR LESS
LOWEST: 11 ON 12,10 3 = THUNDER
SNOW, ICE PELLETS, HAIL 4 = ICE PELLETS
TOTAL MONTH: M 5 = HAIL
GRTST 24HR M ON M 6 = FREEZING RAIN OR DRIZZLE
GRTST DEPTH: M ON M 7 = DUSTSTORM OR SANDSTORM:
VSBY 1/2 MILE OR LESS
8 = SMOKE OR HAZE
[NO. OF DAYS WITH] [WEATHER - DAYS WITH] 9 = BLOWING SNOW
X = TORNADO
MAX 32 OR BELOW: 2 0.01 INCH OR MORE: 5
MAX 90 OR ABOVE: 0 0.10 INCH OR MORE: 1
MIN 32 OR BELOW: 23 0.50 INCH OR MORE: 0
MIN 0 OR BELOW: 0 1.00 INCH OR MORE: 0
[HDD (BASE 65) ]
TOTAL THIS MO. 828 CLEAR (SCALE 0-3) 24
DPTR FM NORMAL -174 PTCLDY (SCALE 4-7) 6
TOTAL FM JUL 1 1968 CLOUDY (SCALE 8-10) 0
DPTR FM NORMAL -212
[CDD (BASE 65) ]
TOTAL THIS MO. 0
DPTR FM NORMAL 0 [PRESSURE DATA]
TOTAL FM JAN 1 277 HIGHEST SLP 30.58 ON 20
DPTR FM NORMAL 100 LOWEST SLP 29.16 ON 8
[REMARKS]
#FINAL-11-20#