000
CXUS51 KILN 010602
CF6CVG
PRELIMINARY LOCAL CLIMATOLOGICAL DATA (WS FORM: F-6)
STATION: CINCINNATI OH
MONTH: JANUARY
YEAR: 2024
LATITUDE: 39 2 N
LONGITUDE: 84 40 W
TEMPERATURE IN F: :PCPN: SNOW: WIND :SUNSHINE: SKY :PK WND
================================================================================
1 2 3 4 5 6A 6B 7 8 9 10 11 12 13 14 15 16 17 18
12Z AVG MX 2MIN
DY MAX MIN AVG DEP HDD CDD WTR SNW DPTH SPD SPD DIR MIN PSBL S-S WX SPD DR
================================================================================
1 37 30 34 2 31 0 T T 0 7.2 13 300 M M 10 1 19 310
2 37 28 33 1 32 0 0.00 0.0 0 7.5 16 220 M M 10 18 210
3 43 23 33 1 32 0 T 0.0 0 8.5 17 330 M M 5 1 21 340
4 37 26 32 0 33 0 0.00 0.0 0 6.1 15 20 M M 6 20 350
5 38 22 30 -2 35 0 0.00 0.0 0 6.0 13 120 M M 7 15 140
6 41 32 37 5 28 0 0.22 T 0 6.9 16 60 M M 10 14 19 70
7 37 33 35 3 30 0 0.07 T 0 8.4 23 280 M M 10 1 30 280
8 39 30 35 3 30 0 0.10 0.0 0 8.9 21 120 M M 9 1 26 110
9 50 35 43 12 22 0 1.63 0.0 0 15.9 28 230 M M 10 1 39 230
10 35 29 32 1 33 0 0.02 T 0 12.6 24 250 M M 9 1 34 240
11 47 29 38 7 27 0 0.00 0.0 0 10.5 22 250 M M 4 29 260
12 49 32 41 10 24 0 0.80 T 0 15.9 33 170 M M 9 14 43 170
13 35 19 27 -4 38 0 T 0.1 T 14.8 30 260 M M 10 16 43 230
14 24 7 16 -15 49 0 T 0.1 T 12.2 29 280 M M 8 1 35 290
15 15 4 10 -21 55 0 0.00 0.0 T 7.0 10 300 M M 9 8 17 340
16 18 7 13 -18 52 0 T 0.1 T 10.4 17 320 M M 6 8 20 270
17 27 4 16 -15 49 0 0.00 0.0 T 12.9 23 210 M M 1 29 190
18 33 20 27 -4 38 0 0.02 0.2 T 7.4 16 190 M M 10 1 21 210
19 25 11 18 -13 47 0 0.19 3.8 2 12.5 25 290 M M 10 189 29 290
20 16 0 8 -23 57 0 0.01 0.3 3 9.8 17 280 M M 6 18 22 270
21 24 -2 11 -20 54 0 0.00 0.0 3 4.8 12 150 M M 2 1 13 140
22 42 14 28 -3 37 0 0.00 0.0 2 8.9 17 200 M M 7 22 200
23 46 37 42 11 23 0 0.45 0.0 1 6.3 12 170 M M 10 1 15 150
24 56 44 50 19 15 0 1.01 0.0 0 7.7 17 150 M M 10 1 21 150
25 58 53 56 25 9 0 0.68 0.0 0 5.1 17 210 M M 10 12 24 220
26 59 42 51 20 14 0 T 0.0 0 9.9 20 220 M M 10 1 28 260
27 43 41 42 11 23 0 0.56 0.0 0 9.9 31 30 M M 10 13 34 30
28 44 33 39 8 26 0 0.51 T 0 14.6 25 350 M M 10 1 32 350
29 37 32 35 4 30 0 T T 0 8.1 18 320 M M 10 1 25 340
30 36 30 33 1 32 0 0.12 T 0 8.7 17 170 M M 10 124 22 170
31 41 35 38 6 27 0 0.00 0.0 0 6.9 12 280 M M 10 1 14 290
================================================================================
SM 1169 780 1032 0 6.39 4.6 292.3 M 258
================================================================================
AV 37.7 25.2 9.4 FASTST M M 8 MAX(MPH)
MISC ----> 33 170 # 43 170
================================================================================
NOTES:
# LAST OF SEVERAL OCCURRENCES
COLUMN 17 PEAK WIND IN M.P.H.
PRELIMINARY LOCAL CLIMATOLOGICAL DATA (WS FORM: F-6) , PAGE 2
STATION: CINCINNATI OH
MONTH: JANUARY
YEAR: 2024
LATITUDE: 39 2 N
LONGITUDE: 84 40 W
[TEMPERATURE DATA] [PRECIPITATION DATA] SYMBOLS USED IN COLUMN 16
AVERAGE MONTHLY: 31.4 TOTAL FOR MONTH: 6.39 1 = FOG OR MIST
DPTR FM NORMAL: 0.0 DPTR FM NORMAL: 3.09 2 = FOG REDUCING VISIBILITY
HIGHEST: 59 ON 26 GRTST 24HR 1.63 ON 9- 9 TO 1/4 MILE OR LESS
LOWEST: -2 ON 21 3 = THUNDER
SNOW, ICE PELLETS, HAIL 4 = ICE PELLETS
TOTAL MONTH: 4.6 INCHES 5 = HAIL
GRTST 24HR 3.8 ON 19-19 6 = FREEZING RAIN OR DRIZZLE
GRTST DEPTH: 3 ON 21,20 7 = DUSTSTORM OR SANDSTORM:
VSBY 1/2 MILE OR LESS
8 = SMOKE OR HAZE
[NO. OF DAYS WITH] [WEATHER - DAYS WITH] 9 = BLOWING SNOW
X = TORNADO
MAX 32 OR BELOW: 7 0.01 INCH OR MORE: 15
MAX 90 OR ABOVE: 0 0.10 INCH OR MORE: 11
MIN 32 OR BELOW: 22 0.50 INCH OR MORE: 6
MIN 0 OR BELOW: 2 1.00 INCH OR MORE: 2
[HDD (BASE 65) ]
TOTAL THIS MO. 1032 CLEAR (SCALE 0-3) 2
DPTR FM NORMAL -11 PTCLDY (SCALE 4-7) 8
TOTAL FM JUL 1 2594 CLOUDY (SCALE 8-10) 21
DPTR FM NORMAL -331
[CDD (BASE 65) ]
TOTAL THIS MO. 0
DPTR FM NORMAL 0 [PRESSURE DATA]
TOTAL FM JAN 1 0 HIGHEST SLP M ON M
DPTR FM NORMAL 0 LOWEST SLP 28.99 ON 9
[REMARKS]
#FINAL-01-24#