000
CXUS54 KHGX 011625
CF6CXO
PRELIMINARY LOCAL CLIMATOLOGICAL DATA (WS FORM: F-6)
STATION: CONROE
MONTH: NOVEMBER
YEAR: 2021
LATITUDE: 30 21 N
LONGITUDE: 95 25 W
TEMPERATURE IN F: :PCPN: SNOW: WIND :SUNSHINE: SKY :PK WND
================================================================================
1 2 3 4 5 6A 6B 7 8 9 10 11 12 13 14 15 16 17 18
12Z AVG MX 2MIN
DY MAX MIN AVG DEP HDD CDD WTR SNW DPTH SPD SPD DIR MIN PSBL S-S WX SPD DR
================================================================================
1 77 45 61 -2 4 0 0.00 0.0 0 2.1 12 150 M M 0 1 15 140
2 78 49 64 1 1 0 0.00 0.0 0 2.0 9 110 M M 3 1 13 150
3 60 50 55 -7 10 0 1.02 0.0 0 6.0 17 350 M M 7 13 25 340
4 56 41 49 -13 16 0 0.00 0.0 0 5.7 12 10 M M 7 1 17 10
5 63 37 50 -12 15 0 0.00 0.0 0 3.2 12 350 M M 0 1 16 360
6 67 37 52 -10 13 0 0.00 0.0 0 1.5 10 340 M M 0 1 14 360
7 70 39 55 -6 10 0 0.00 0.0 0 1.6 9 160 M M 1 12 11 150
8 75 40 58 -3 7 0 0.00 0.0 0 3.0 12 160 M M 1 12 17 170
9 75 45 60 0 5 0 0.00 0.0 0 2.7 12 190 M M 2 12 14 160
10 80 60 70 10 0 5 0.00 0.0 0 6.5 18 160 M M 7 12 23 170
11 73 48 61 1 4 0 1.39 0.0 0 5.4 21 320 M M 4 13 29 320
12 74 41 58 -2 7 0 0.00 0.0 0 4.0 15 330 M M 1 1 19 320
13 65 36 51 -8 14 0 0.00 0.0 0 2.9 10 330 M M 0 17 320
14 76 38 57 -2 8 0 0.00 0.0 0 3.1 15 200 M M 1 1 20 240
15 80 48 64 5 1 0 0.00 0.0 0 4.0 15 200 M M 2 1 19 220
16 81 52 67 9 0 2 0.00 0.0 0 7.0 20 170 M M 3 12 26 180
17 84 57 71 13 0 6 0.00 0.0 0 7.0 21 180 M M 2 1 28 180
18 66 43 55 -3 10 0 0.00 0.0 0 5.9 18 330 M M 5 12 25 360
19 64 38 51 -7 14 0 0.00 0.0 0 2.9 13 60 M M 1 8 19 80
20 75 40 58 1 7 0 0.00 0.0 0 3.8 13 170 M M 3 18 18 180
21 78 56 67 10 0 2 T 0.0 0 3.6 15 340 M M 7 12 20 340
22 69 40 55 -2 10 0 0.00 0.0 0 6.3 15 340 M M 2 26 330
23 69 36 53 -3 12 0 0.00 0.0 0 5.2 14 160 M M 0 20 160
24 76 51 64 8 1 0 0.00 0.0 0 8.9 21 150 M M 7 28 170
25 66 50 58 2 7 0 1.06 0.0 0 6.0 18 330 M M 7 123 27 320
26 56 40 48 -8 17 0 0.00 0.0 0 4.4 12 20 M M 0 19 10
27 59 43 51 -5 14 0 0.51 0.0 0 0.8 7 210 M M 6 1 9 220
28 58 40 49 -6 16 0 0.06 0.0 0 3.2 10 330 M M 7 1 15 10
29 70 38 54 -1 11 0 0.00 0.0 0 1.6 8 200 M M 1 12 11 190
30 73 39 56 1 9 0 0.00 0.0 0 2.4 10 180 M M 3 12 14 160
================================================================================
SM 2113 1317 243 15 4.04 0.0 122.7 M 90
================================================================================
AV 70.4 43.9 4.1 FASTST M M 3 MAX(MPH)
MISC ----> # 21 320 29 320
================================================================================
NOTES:
# LAST OF SEVERAL OCCURRENCES
COLUMN 17 PEAK WIND IN M.P.H.
PRELIMINARY LOCAL CLIMATOLOGICAL DATA (WS FORM: F-6) , PAGE 2
STATION: CONROE
MONTH: NOVEMBER
YEAR: 2021
LATITUDE: 30 21 N
LONGITUDE: 95 25 W
[TEMPERATURE DATA] [PRECIPITATION DATA] SYMBOLS USED IN COLUMN 16
AVERAGE MONTHLY: 57.2 TOTAL FOR MONTH: 4.04 1 = FOG OR MIST
DPTR FM NORMAL: -1.5 DPTR FM NORMAL: -1.09 2 = FOG REDUCING VISIBILITY
HIGHEST: 84 ON 17 GRTST 24HR 1.39 ON 11-11 TO 1/4 MILE OR LESS
LOWEST: 36 ON 23,13 3 = THUNDER
SNOW, ICE PELLETS, HAIL 4 = ICE PELLETS
TOTAL MONTH: 0.0 INCH 5 = HAIL
GRTST 24HR 0.0 6 = FREEZING RAIN OR DRIZZLE
GRTST DEPTH: 0 7 = DUSTSTORM OR SANDSTORM:
VSBY 1/2 MILE OR LESS
8 = SMOKE OR HAZE
[NO. OF DAYS WITH] [WEATHER - DAYS WITH] 9 = BLOWING SNOW
X = TORNADO
MAX 32 OR BELOW: 0 0.01 INCH OR MORE: 5
MAX 90 OR ABOVE: 0 0.10 INCH OR MORE: 4
MIN 32 OR BELOW: 0 0.50 INCH OR MORE: 4
MIN 0 OR BELOW: 0 1.00 INCH OR MORE: 3
[HDD (BASE 65) ]
TOTAL THIS MO. 243 CLEAR (SCALE 0-3) 19
DPTR FM NORMAL 12 PTCLDY (SCALE 4-7) 11
TOTAL FM JUL 1 278 CLOUDY (SCALE 8-10) 0
DPTR FM NORMAL -5
[CDD (BASE 65) ]
TOTAL THIS MO. 15
DPTR FM NORMAL -27 [PRESSURE DATA]
TOTAL FM JAN 1 2736 HIGHEST SLP 30.44 ON 19
DPTR FM NORMAL 32 LOWEST SLP 29.86 ON 10
[REMARKS]
#FINAL-11-21#