000
CXUS53 KUNR 011030
CF6D07
PRELIMINARY LOCAL CLIMATOLOGICAL DATA (WS FORM: F-6)
STATION: FAITH SD
MONTH: NOVEMBER
YEAR: 2022
LATITUDE: 45 1 N
LONGITUDE: 102 1 W
TEMPERATURE IN F: :PCPN: SNOW: WIND :SUNSHINE: SKY :PK WND
================================================================================
1 2 3 4 5 6A 6B 7 8 9 10 11 12 13 14 15 16 17 18
12Z AVG MX 2MIN
DY MAX MIN AVG DEP HDD CDD WTR SNW DPTH SPD SPD DIR MIN PSBL S-S WX SPD DR
================================================================================
1 70 40 55 16 10 0 0.00 M M 13.4 24 160 M M M 32 150
2 76 38 57 18 8 0 0.00 M M 15.5 31 340 M M M 40 350
3 38 26 32 -7 33 0 0.00 M M 17.0 31 340 M M M 41 340
4 46 19 33 -5 32 0 0.00 M M 10.7 18 170 M M M 24 170
5 51 20 36 -2 29 0 0.10 M M 14.4 23 280 M M M 34 280
6 40 14 27 -10 38 0 0.00 M M 18.8 37 300 M M M 49 280
7 35 13 24 -13 41 0 0.01 M M 19.5 36 150 M M M 48 130
8 37 20 29 -7 36 0 0.00 M M 15.4 33 160 M M M 43 160
9 25 19 22 -14 43 0 0.15 M M 14.4 22 20 M M M 28 360
10 23 9 16 -20 49 0 0.16 M M 19.5 28 320 M M M 39 330
11 13 -3 5 -30 60 0 0.00 M M 8.1 20 330 M M M 25 340
12 19 1 10 -25 55 0 0.00 M M 9.1 18 150 M M M 26 150
13 15 9 12 -22 53 0 0.01 M M 8.4 17 350 M M M 21 150
14 29 9 19 -15 46 0 0.00 M M 5.3 21 350 M M M 26 340
15 20 -1 10 -23 55 0 0.00 M M 12.0 15 360 M M M M M
16 30 3 17 -16 48 0 0.01 M M 13.5 31 330 M M M 41 340
17 25 6 16 -17 49 0 0.00 M M 21.9 38 320 M M M 48 320
18 23 1 12 -20 53 0 0.00 M M 22.0 36 320 M M M 46 320
19 24 15 20 -12 45 0 0.00 M M 14.1 30 330 M M M 37 330
20 39 21 30 -1 35 0 0.00 M M 11.7 23 290 M M M 30 290
21 37 23 30 -1 35 0 0.00 M M 7.3 16 190 M M M 20 300
22 51 26 39 9 26 0 0.00 M M 10.8 17 160 M M M 23 290
23 48 24 36 6 29 0 0.00 M M 13.3 25 320 M M M 34 320
24 47 28 38 8 27 0 0.00 M M 14.9 23 310 M M M 31 310
25 63 30 47 18 18 0 0.00 M M 11.1 20 180 M M M 22 240
26 47 23 35 6 30 0 0.00 M M 12.8 23 350 M M M 31 350
27 47 19 33 5 32 0 0.00 M M 11.0 28 350 M M M 34 340
28 35 13 24 -4 41 0 0.00 M M 15.3 28 310 M M 0 35 290
29 22 10 16 -12 49 0 0.00 M M 21.0 37 310 M M M 47 320
30 24 2 13 -14 52 0 0.00 M M 14.8 28 140 M M M 38 140
================================================================================
SM 1099 477 1157 0 0.44 M 417.0 M 0
================================================================================
AV 36.6 15.9 13.9 FASTST M M 0 MAX(MPH)
MISC ----> 38 320 49 280
================================================================================
NOTES:
# LAST OF SEVERAL OCCURRENCES
COLUMN 17 PEAK WIND IN M.P.H.
PRELIMINARY LOCAL CLIMATOLOGICAL DATA (WS FORM: F-6) , PAGE 2
STATION: FAITH SD
MONTH: NOVEMBER
YEAR: 2022
LATITUDE: 45 1 N
LONGITUDE: 102 1 W
[TEMPERATURE DATA] [PRECIPITATION DATA] SYMBOLS USED IN COLUMN 16
AVERAGE MONTHLY: 26.3 TOTAL FOR MONTH: 0.44 1 = FOG OR MIST
DPTR FM NORMAL: -7.0 DPTR FM NORMAL: 0.08 2 = FOG REDUCING VISIBILITY
HIGHEST: 76 ON 2 GRTST 24HR 0.31 ON 9-10 TO 1/4 MILE OR LESS
LOWEST: -3 ON 11 3 = THUNDER
SNOW, ICE PELLETS, HAIL 4 = ICE PELLETS
TOTAL MONTH: M 5 = HAIL
GRTST 24HR M ON M 6 = FREEZING RAIN OR DRIZZLE
GRTST DEPTH: M ON M 7 = DUSTSTORM OR SANDSTORM:
VSBY 1/2 MILE OR LESS
8 = SMOKE OR HAZE
[NO. OF DAYS WITH] [WEATHER - DAYS WITH] 9 = BLOWING SNOW
X = TORNADO
MAX 32 OR BELOW: 13 0.01 INCH OR MORE: 6
MAX 90 OR ABOVE: 0 0.10 INCH OR MORE: 3
MIN 32 OR BELOW: 28 0.50 INCH OR MORE: 0
MIN 0 OR BELOW: 2 1.00 INCH OR MORE: 0
[HDD (BASE 65) ]
TOTAL THIS MO. 1157 CLEAR (SCALE 0-3) 1
DPTR FM NORMAL 205 PTCLDY (SCALE 4-7) 0
TOTAL FM JUL 1 1705 CLOUDY (SCALE 8-10) 29
DPTR FM NORMAL -10
[CDD (BASE 65) ]
TOTAL THIS MO. 0
DPTR FM NORMAL 0 [PRESSURE DATA]
TOTAL FM JAN 1 874 HIGHEST SLP 30.60 ON 15
DPTR FM NORMAL 218 LOWEST SLP 29.25 ON 5
[REMARKS]
#FINAL-11-22#