000
CXUS53 KUNR 010945
CF6D07
PRELIMINARY LOCAL CLIMATOLOGICAL DATA (WS FORM: F-6)
STATION: FAITH SD
MONTH: JULY
YEAR: 2020
LATITUDE: 45 1 N
LONGITUDE: 102 1 W
TEMPERATURE IN F: :PCPN: SNOW: WIND :SUNSHINE: SKY :PK WND
================================================================================
1 2 3 4 5 6A 6B 7 8 9 10 11 12 13 14 15 16 17 18
12Z AVG MX 2MIN
DY MAX MIN AVG DEP HDD CDD WTR SNW DPTH SPD SPD DIR MIN PSBL S-S WX SPD DR
================================================================================
1 85 56 71 1 0 6 0.00 M M 7.0 17 210 M M M 23 220
2 91 60 76 6 0 11 M M M 16.7 38 250 M M M 52 250
3 88 61 75 4 0 10 0.00 M M 16.7 24 120 M M M 34 130
4 87 63 75 4 0 10 0.00 M M 12.3 31 60 M M M 40 60
5 90 59 75 4 0 10 1.39 M M 14.8 54 240 M M M 70 240
6 81 60 71 0 0 6 0.27 M M 10.3 36 320 M M M 51 310
7 82 62 72 0 0 7 0.05 M M 14.5 32 140 M M M 46 150
8 83 58 71 -1 0 6 M M M 9.0 17 350 M M M 22 350
9 84 57 71 -1 0 6 0.00 M M 8.4 18 350 M M M 26 340
10 82 62 72 0 0 7 0.00 M M 9.2 26 270 M M M 40 260
11 83 56 70 -2 0 5 0.00 M M 12.4 26 310 M M M 39 320
12 88 55 72 0 0 7 0.00 M M 16.5 28 160 M M M 35 150
13 88 57 73 0 0 8 0.23 M M 15.8 33 340 M M M 43 340
14 75 54 65 -8 0 0 0.00 M M 9.1 21 150 M M M 26 160
15 84 53 69 -4 0 4 0.00 M M 8.8 15 180 M M M 18 210
16 85 58 72 -1 0 7 0.00 M M 8.6 20 130 M M M 26 120
17 96 66 81 8 0 16 0.00 M M 13.2 26 320 M M M 34 310
18 85 59 72 -1 0 7 0.00 M M 13.7 33 360 M M M 44 360
19 83 54 69 -4 0 4 0.00 M M 7.6 16 210 M M M 23 240
20 77 50 64 -9 1 0 M M M 8.0 67 330 M M M 84 330
21 82 54 68 -5 0 3 0.00 M M M M M M M M M M
22 91 62 77 4 0 12 0.00 M M 19.4 25 130 M M M 35 130
23 94 68 81 8 0 16 0.00 M M 15.0 26 150 M M M 34 150
24 92 65 79 6 0 14 0.00 M M 8.8 21 330 M M M 27 320
25 95 63 79 5 0 14 0.00 M M 9.8 28 10 M M M 35 10
26 83 56 70 -4 0 5 0.00 M M 6.4 18 40 M M M 25 50
27 90 58 74 0 0 9 0.00 M M 8.7 21 200 M M M 25 240
28 87 55 71 -3 0 6 0.00 M M 10.4 18 130 M M M 26 130
29 79 63 71 -3 0 6 0.00 M M 7.2 21 130 M M M 28 130
30 87 62 75 1 0 10 0.00 M M 4.4 13 170 M M M 16 150
31 92 60 76 2 0 11 0.18 M M 7.8 36 340 M M M 49 340
================================================================================
SM 2669 1826 1 243 2.12 M 330.5 M M
================================================================================
AV 86.1 58.9 11.0 FASTST M M 1 MAX(MPH)
MISC ----> # 67 330 # 84 330
================================================================================
NOTES:
# LAST OF SEVERAL OCCURRENCES
COLUMN 17 PEAK WIND IN M.P.H.
PRELIMINARY LOCAL CLIMATOLOGICAL DATA (WS FORM: F-6) , PAGE 2
STATION: FAITH SD
MONTH: JULY
YEAR: 2020
LATITUDE: 45 1 N
LONGITUDE: 102 1 W
[TEMPERATURE DATA] [PRECIPITATION DATA] SYMBOLS USED IN COLUMN 16
AVERAGE MONTHLY: 72.5 TOTAL FOR MONTH: 2.12 1 = FOG OR MIST
DPTR FM NORMAL: 0.0 DPTR FM NORMAL: -0.68 2 = FOG REDUCING VISIBILITY
HIGHEST: 96 ON 17 GRTST 24HR 1.39 ON 5- 5 TO 1/4 MILE OR LESS
LOWEST: 50 ON 20 3 = THUNDER
SNOW, ICE PELLETS, HAIL 4 = ICE PELLETS
TOTAL MONTH: M 5 = HAIL
GRTST 24HR M ON M 6 = FREEZING RAIN OR DRIZZLE
GRTST DEPTH: M ON M 7 = DUSTSTORM OR SANDSTORM:
VSBY 1/2 MILE OR LESS
8 = SMOKE OR HAZE
[NO. OF DAYS WITH] [WEATHER - DAYS WITH] 9 = BLOWING SNOW
X = TORNADO
MAX 32 OR BELOW: 0 0.01 INCH OR MORE: 5
MAX 90 OR ABOVE: 9 0.10 INCH OR MORE: 4
MIN 32 OR BELOW: 0 0.50 INCH OR MORE: 1
MIN 0 OR BELOW: 0 1.00 INCH OR MORE: 1
[HDD (BASE 65) ]
TOTAL THIS MO. 1 CLEAR (SCALE 0-3) 0
DPTR FM NORMAL -11 PTCLDY (SCALE 4-7) 0
TOTAL FM JUL 1 1 CLOUDY (SCALE 8-10) 0
DPTR FM NORMAL -11
[CDD (BASE 65) ]
TOTAL THIS MO. 243
DPTR FM NORMAL -2 [PRESSURE DATA]
TOTAL FM JAN 1 356 HIGHEST SLP 30.16 ON 26
DPTR FM NORMAL 11 LOWEST SLP 29.52 ON 7
[REMARKS]
#FINAL-07-20#