000
CXUS52 KMLB 010716
CF6DAB
PRELIMINARY LOCAL CLIMATOLOGICAL DATA (WS FORM: F-6)
STATION: DAYTONA BEACH
MONTH: DECEMBER
YEAR: 2021
LATITUDE: 29 10 N
LONGITUDE: 81 3 W
TEMPERATURE IN F: :PCPN: SNOW: WIND :SUNSHINE: SKY :PK WND
================================================================================
1 2 3 4 5 6A 6B 7 8 9 10 11 12 13 14 15 16 17 18
12Z AVG MX 2MIN
DY MAX MIN AVG DEP HDD CDD WTR SNW DPTH SPD SPD DIR MIN PSBL S-S WX SPD DR
================================================================================
1 77 50 64 0 1 0 0.00 0.0 0 2.6 10 30 M M 2 1 13 10
2 73 51 62 -2 3 0 0.00 0.0 0 4.8 13 340 M M 0 1 20 340
3 76 49 63 -1 2 0 0.00 0.0 0 3.5 12 320 M M 4 1 16 320
4 75 49 62 -2 3 0 0.00 0.0 0 1.8 12 250 M M 3 1 15 280
5 78 54 66 2 0 1 0.00 0.0 0 1.6 12 70 M M 5 1 14 70
6 83 59 71 7 0 6 0.00 0.0 0 3.7 14 230 M M 7 12 18 230
7 74 59 67 4 0 2 0.00 0.0 0 3.9 12 330 M M 8 12 14 320
8 82 61 72 9 0 7 T 0.0 0 6.8 17 220 M M 5 12 22 230
9 77 61 69 6 0 4 T 0.0 0 4.9 13 20 M M 6 1 16 20
10 79 58 69 6 0 4 0.00 0.0 0 2.2 10 80 M M 1 1 13 90
11 84 61 73 10 0 8 0.00 0.0 0 3.5 14 280 M M 3 1 16 190
12 80 63 72 10 0 7 T 0.0 0 6.8 21 20 M M 7 1 24 20
13 79 62 71 9 0 6 0.00 0.0 0 6.8 16 10 M M 3 1 19 10
14 77 63 70 8 0 5 0.00 0.0 0 8.1 17 20 M M 7 1 20 20
15 77 60 69 7 0 4 0.34 0.0 0 9.9 22 60 M M 6 1 30 60
16 81 65 73 11 0 8 0.07 0.0 0 3.0 13 110 M M 4 1 18 160
17 80 61 71 9 0 6 0.00 0.0 0 2.2 12 160 M M 4 1 18 160
18 82 61 72 11 0 7 0.00 0.0 0 3.2 12 170 M M 7 1 16 200
19 84 71 78 17 0 13 0.00 0.0 0 8.1 18 230 M M 7 1 23 240
20 72 65 69 8 0 4 0.57 0.0 0 13.0 22 10 M M 10 1 28 20
21 72 55 64 3 1 0 2.67 0.0 0 9.5 18 40 M M 10 1 23 40
22 64 49 57 -4 8 0 0.00 0.0 0 11.0 20 270 M M 5 1 26 260
23 71 45 58 -3 7 0 0.00 0.0 0 7.2 17 10 M M 1 21 350
24 75 51 63 3 2 0 0.00 0.0 0 3.8 12 50 M M 3 1 15 40
25 78 53 66 6 0 1 0.00 0.0 0 5.8 18 260 M M 2 1 23 240
26 78 56 67 7 0 2 0.00 0.0 0 5.4 14 280 M M 2 1 18 260
27 77 59 68 8 0 3 0.00 0.0 0 4.5 14 240 M M 5 12 24 260
28 80 56 68 8 0 3 0.00 0.0 0 4.3 13 230 M M 2 1 19 230
29 82 61 72 12 0 7 0.00 0.0 0 6.0 13 240 M M 1 18 200
30 80 60 70 10 0 5 0.00 0.0 0 4.7 13 250 M M 2 12 17 260
31 80 63 72 13 0 7 0.00 0.0 0 4.9 12 240 M M 4 12 15 240
================================================================================
SM 2407 1791 27 120 3.65 0.0 167.5 M 136
================================================================================
AV 77.6 57.8 5.4 FASTST M M 4 MAX(MPH)
MISC ----> # 22 60 30 60
================================================================================
NOTES:
# LAST OF SEVERAL OCCURRENCES
COLUMN 17 PEAK WIND IN M.P.H.
PRELIMINARY LOCAL CLIMATOLOGICAL DATA (WS FORM: F-6) , PAGE 2
STATION: DAYTONA BEACH
MONTH: DECEMBER
YEAR: 2021
LATITUDE: 29 10 N
LONGITUDE: 81 3 W
[TEMPERATURE DATA] [PRECIPITATION DATA] SYMBOLS USED IN COLUMN 16
AVERAGE MONTHLY: 67.7 TOTAL FOR MONTH: 3.65 1 = FOG OR MIST
DPTR FM NORMAL: 5.9 DPTR FM NORMAL: 1.31 2 = FOG REDUCING VISIBILITY
HIGHEST: 84 ON 19,11 GRTST 24HR 3.20 ON 20-21 TO 1/4 MILE OR LESS
LOWEST: 45 ON 23 3 = THUNDER
SNOW, ICE PELLETS, HAIL 4 = ICE PELLETS
TOTAL MONTH: 0.0 INCH 5 = HAIL
GRTST 24HR 0.0 6 = FREEZING RAIN OR DRIZZLE
GRTST DEPTH: 0 7 = DUSTSTORM OR SANDSTORM:
VSBY 1/2 MILE OR LESS
8 = SMOKE OR HAZE
[NO. OF DAYS WITH] [WEATHER - DAYS WITH] 9 = BLOWING SNOW
X = TORNADO
MAX 32 OR BELOW: 0 0.01 INCH OR MORE: 4
MAX 90 OR ABOVE: 0 0.10 INCH OR MORE: 3
MIN 32 OR BELOW: 0 0.50 INCH OR MORE: 2
MIN 0 OR BELOW: 0 1.00 INCH OR MORE: 1
[HDD (BASE 65) ]
TOTAL THIS MO. 27 CLEAR (SCALE 0-3) 12
DPTR FM NORMAL -134 PTCLDY (SCALE 4-7) 17
TOTAL FM JUL 1 94 CLOUDY (SCALE 8-10) 2
DPTR FM NORMAL -136
[CDD (BASE 65) ]
TOTAL THIS MO. 120
DPTR FM NORMAL 58 [PRESSURE DATA]
TOTAL FM JAN 1 3392 HIGHEST SLP M ON M
DPTR FM NORMAL 281 LOWEST SLP 29.62 ON 21
[REMARKS]
#FINAL-12-21#