000
CXUS52 KMLB 010746
CF6DAB
PRELIMINARY LOCAL CLIMATOLOGICAL DATA (WS FORM: F-6)
STATION: DAYTONA BEACH
MONTH: NOVEMBER
YEAR: 2021
LATITUDE: 29 10 N
LONGITUDE: 81 3 W
TEMPERATURE IN F: :PCPN: SNOW: WIND :SUNSHINE: SKY :PK WND
================================================================================
1 2 3 4 5 6A 6B 7 8 9 10 11 12 13 14 15 16 17 18
12Z AVG MX 2MIN
DY MAX MIN AVG DEP HDD CDD WTR SNW DPTH SPD SPD DIR MIN PSBL S-S WX SPD DR
================================================================================
1 76 53 65 -5 0 0 0.00 0.0 0 3.2 12 60 M M 5 13 50
2 82 63 73 3 0 8 0.00 0.0 0 5.1 15 30 M M 4 18 40
3 81 62 72 2 0 7 T 0.0 0 7.6 18 10 M M 4 23 360
4 76 65 71 2 0 6 0.00 0.0 0 10.4 18 10 M M 8 24 20
5 72 66 69 0 0 4 5.44 0.0 0 21.3 38 20 M M 10 18 49 10
6 72 51 62 -7 3 0 0.85 0.0 0 16.0 28 350 M M 9 1 36 310
7 66 51 59 -10 6 0 T 0.0 0 8.8 17 320 M M 7 24 310
8 72 52 62 -6 3 0 0.00 0.0 0 10.5 23 10 M M 0 30 360
9 77 55 66 -2 0 1 0.00 0.0 0 7.6 17 10 M M 4 23 20
10 80 62 71 3 0 6 T 0.0 0 6.4 14 50 M M 6 1 17 40
11 81 67 74 6 0 9 0.02 0.0 0 4.2 12 90 M M 7 1 15 100
12 75 64 70 2 0 5 0.00 0.0 0 2.4 12 320 M M 8 12 14 320
13 80 59 70 3 0 5 T 0.0 0 4.5 18 300 M M 6 12 23 290
14 71 52 62 -5 3 0 0.00 0.0 0 6.0 13 290 M M 2 17 270
15 70 49 60 -7 5 0 0.00 0.0 0 5.1 17 10 M M 1 1 22 340
16 75 48 62 -5 3 0 0.00 0.0 0 4.4 14 20 M M 1 1 18 10
17 81 56 69 2 0 4 0.00 0.0 0 4.0 14 90 M M 4 1 19 80
18 78 69 74 8 0 9 0.55 0.0 0 3.5 12 170 M M 9 1 15 170
19 78 67 73 7 0 8 0.03 0.0 0 11.1 27 40 M M 9 33 40
20 77 70 74 8 0 9 0.09 0.0 0 15.9 25 60 M M 7 1 33 60
21 81 67 74 8 0 9 0.00 0.0 0 10.3 20 50 M M 7 24 50
22 74 60 67 1 0 2 0.06 0.0 0 5.5 18 310 M M 7 1 22 300
23 63 50 57 -9 8 0 0.00 0.0 0 13.7 26 10 M M 2 35 30
24 72 49 61 -4 4 0 0.00 0.0 0 9.0 17 60 M M 7 23 10
25 75 55 65 0 0 0 0.00 0.0 0 4.6 13 40 M M 5 1 16 40
26 75 52 64 -1 1 0 0.00 0.0 0 6.6 18 280 M M 4 1 25 270
27 68 45 57 -8 8 0 0.00 0.0 0 4.8 12 20 M M 2 17 30
28 68 46 57 -8 8 0 T 0.0 0 4.1 10 300 M M 8 20 280
29 70 47 59 -6 6 0 T 0.0 0 5.9 14 290 M M 3 18 290
30 69 44 57 -7 8 0 0.00 0.0 0 4.5 14 40 M M 1 20 30
================================================================================
SM 2235 1696 66 92 7.04 0.0 227.0 M 157
================================================================================
AV 74.5 56.5 7.6 FASTST M M 5 MAX(MPH)
MISC ----> 38 20 49 10
================================================================================
NOTES:
# LAST OF SEVERAL OCCURRENCES
COLUMN 17 PEAK WIND IN M.P.H.
PRELIMINARY LOCAL CLIMATOLOGICAL DATA (WS FORM: F-6) , PAGE 2
STATION: DAYTONA BEACH
MONTH: NOVEMBER
YEAR: 2021
LATITUDE: 29 10 N
LONGITUDE: 81 3 W
[TEMPERATURE DATA] [PRECIPITATION DATA] SYMBOLS USED IN COLUMN 16
AVERAGE MONTHLY: 65.5 TOTAL FOR MONTH: 7.04 1 = FOG OR MIST
DPTR FM NORMAL: -1.5 DPTR FM NORMAL: 4.28 2 = FOG REDUCING VISIBILITY
HIGHEST: 82 ON 2 GRTST 24HR 6.26 ON 5- 6 TO 1/4 MILE OR LESS
LOWEST: 44 ON 30 3 = THUNDER
SNOW, ICE PELLETS, HAIL 4 = ICE PELLETS
TOTAL MONTH: 0.0 INCH 5 = HAIL
GRTST 24HR 0.0 6 = FREEZING RAIN OR DRIZZLE
GRTST DEPTH: 0 7 = DUSTSTORM OR SANDSTORM:
VSBY 1/2 MILE OR LESS
8 = SMOKE OR HAZE
[NO. OF DAYS WITH] [WEATHER - DAYS WITH] 9 = BLOWING SNOW
X = TORNADO
MAX 32 OR BELOW: 0 0.01 INCH OR MORE: 7
MAX 90 OR ABOVE: 0 0.10 INCH OR MORE: 3
MIN 32 OR BELOW: 0 0.50 INCH OR MORE: 3
MIN 0 OR BELOW: 0 1.00 INCH OR MORE: 1
[HDD (BASE 65) ]
TOTAL THIS MO. 66 CLEAR (SCALE 0-3) 8
DPTR FM NORMAL 5 PTCLDY (SCALE 4-7) 18
TOTAL FM JUL 1 67 CLOUDY (SCALE 8-10) 4
DPTR FM NORMAL -1
[CDD (BASE 65) ]
TOTAL THIS MO. 92
DPTR FM NORMAL -29 [PRESSURE DATA]
TOTAL FM JAN 1 3272 HIGHEST SLP M ON M
DPTR FM NORMAL 223 LOWEST SLP 29.81 ON 6
[REMARKS]
#FINAL-11-21#
USED DIAF1 FOR PRECIP ON 11/11 DUE TO ASOS PRECIP OUTAGE.