000
CXUS52 KMLB 010622
CF6DAB
PRELIMINARY LOCAL CLIMATOLOGICAL DATA (WS FORM: F-6)
STATION: DAYTONA BEACH
MONTH: JULY
YEAR: 2020
LATITUDE: 29 10 N
LONGITUDE: 81 3 W
TEMPERATURE IN F: :PCPN: SNOW: WIND :SUNSHINE: SKY :PK WND
================================================================================
1 2 3 4 5 6A 6B 7 8 9 10 11 12 13 14 15 16 17 18
12Z AVG MX 2MIN
DY MAX MIN AVG DEP HDD CDD WTR SNW DPTH SPD SPD DIR MIN PSBL S-S WX SPD DR
================================================================================
1 92 72 82 1 0 17 0.73 0.0 0 4.9 37 250 M M 7 123 44 260
2 90 73 82 1 0 17 0.04 0.0 0 7.3 28 250 M M 6 138 37 270
3 88 74 81 0 0 16 0.47 0.0 0 4.7 15 50 M M 7 13 18 110
4 88 72 80 -1 0 15 0.07 0.0 0 4.1 24 210 M M 7 13 31 210
5 92 71 82 1 0 17 0.36 0.0 0 6.0 23 210 M M 7 13 32 200
6 90 72 81 0 0 16 0.17 0.0 0 6.2 25 270 M M 7 13 31 260
7 91 72 82 1 0 17 0.40 0.0 0 6.5 28 250 M M 7 13 35 260
8 90 75 83 2 0 18 0.29 0.0 0 8.5 20 230 M M 7 13 24 240
9 93 75 84 3 0 19 0.19 0.0 0 6.3 17 220 M M 7 13 24 210
10 92 76 84 3 0 19 0.06 0.0 0 6.0 12 70 M M 7 13 16 330
11 92 74 83 1 0 18 0.97 0.0 0 6.1 24 20 M M 6 13 33 20
12 94 74 84 2 0 19 0.09 0.0 0 5.9 28 30 M M 5 13 35 50
13 92 71 82 0 0 17 0.00 0.0 0 7.4 16 250 M M 4 27 250
14 92 72 82 0 0 17 2.35 0.0 0 5.8 21 170 M M 5 138 28 170
15 89 74 82 0 0 17 0.00 0.0 0 5.3 16 60 M M 6 20 60
16 89 73 81 -1 0 16 0.00 0.0 0 5.3 16 50 M M 4 20 50
17 89 75 82 0 0 17 0.00 0.0 0 4.6 16 70 M M 3 3 23 60
18 88 76 82 0 0 17 0.02 0.0 0 5.8 17 70 M M 5 23 70
19 88 75 82 0 0 17 T 0.0 0 4.6 18 60 M M 3 21 60
20 88 76 82 0 0 17 0.00 0.0 0 4.3 17 70 M M 3 22 70
21 89 76 83 1 0 18 0.02 0.0 0 5.1 16 90 M M 5 24 80
22 89 79 84 2 0 19 0.01 0.0 0 6.5 16 110 M M 7 3 22 110
23 89 75 82 0 0 17 0.03 0.0 0 4.5 17 200 M M 7 3 22 190
24 89 74 82 0 0 17 0.00 0.0 0 5.3 16 80 M M 3 24 90
25 88 75 82 0 0 17 0.00 0.0 0 6.2 16 80 M M 5 21 70
26 89 75 82 0 0 17 T 0.0 0 3.9 13 90 M M 5 18 70
27 92 73 83 1 0 18 1.04 0.0 0 5.9 22 230 M M 6 13 29 180
28 89 74 82 0 0 17 0.20 0.0 0 5.7 30 250 M M 9 13 37 260
29 91 72 82 0 0 17 0.98 0.0 0 4.2 23 350 M M 9 13 31 350
30 91 74 83 1 0 18 0.04 0.0 0 5.2 20 270 M M 7 13 23 260
31 91 75 83 1 0 18 0.00 0.0 0 4.5 12 110 M M 4 3 17 120
================================================================================
SM 2794 2294 0 536 8.53 0.0 172.6 M 180
================================================================================
AV 90.1 74.0 5.6 FASTST M M 6 MAX(MPH)
MISC ----> 37 250 44 260
================================================================================
NOTES:
# LAST OF SEVERAL OCCURRENCES
COLUMN 17 PEAK WIND IN M.P.H.
PRELIMINARY LOCAL CLIMATOLOGICAL DATA (WS FORM: F-6) , PAGE 2
STATION: DAYTONA BEACH
MONTH: JULY
YEAR: 2020
LATITUDE: 29 10 N
LONGITUDE: 81 3 W
[TEMPERATURE DATA] [PRECIPITATION DATA] SYMBOLS USED IN COLUMN 16
AVERAGE MONTHLY: 82.1 TOTAL FOR MONTH: 8.53 1 = FOG OR MIST
DPTR FM NORMAL: 0.5 DPTR FM NORMAL: 2.70 2 = FOG REDUCING VISIBILITY
HIGHEST: 94 ON 12 GRTST 24HR 2.35 ON 14-14 TO 1/4 MILE OR LESS
LOWEST: 71 ON 13, 5 3 = THUNDER
SNOW, ICE PELLETS, HAIL 4 = ICE PELLETS
TOTAL MONTH: 0.0 INCH 5 = HAIL
GRTST 24HR 0.0 6 = FREEZING RAIN OR DRIZZLE
GRTST DEPTH: 0 7 = DUSTSTORM OR SANDSTORM:
VSBY 1/2 MILE OR LESS
8 = SMOKE OR HAZE
[NO. OF DAYS WITH] [WEATHER - DAYS WITH] 9 = BLOWING SNOW
X = TORNADO
MAX 32 OR BELOW: 0 0.01 INCH OR MORE: 21
MAX 90 OR ABOVE: 16 0.10 INCH OR MORE: 12
MIN 32 OR BELOW: 0 0.50 INCH OR MORE: 5
MIN 0 OR BELOW: 0 1.00 INCH OR MORE: 2
[HDD (BASE 65) ]
TOTAL THIS MO. 0 CLEAR (SCALE 0-3) 3
DPTR FM NORMAL 0 PTCLDY (SCALE 4-7) 26
TOTAL FM JUL 1 0 CLOUDY (SCALE 8-10) 2
DPTR FM NORMAL 0
[CDD (BASE 65) ]
TOTAL THIS MO. 536
DPTR FM NORMAL 21 [PRESSURE DATA]
TOTAL FM JAN 1 1908 HIGHEST SLP M ON M
DPTR FM NORMAL 345 LOWEST SLP 29.82 ON 12
[REMARKS]
#FINAL-07-20#