000
CXUS52 KMLB 010632
CF6DAB
PRELIMINARY LOCAL CLIMATOLOGICAL DATA (WS FORM: F-6)
STATION: DAYTONA BEACH
MONTH: MAY
YEAR: 2020
LATITUDE: 29 10 N
LONGITUDE: 81 3 W
TEMPERATURE IN F: :PCPN: SNOW: WIND :SUNSHINE: SKY :PK WND
================================================================================
1 2 3 4 5 6A 6B 7 8 9 10 11 12 13 14 15 16 17 18
12Z AVG MX 2MIN
DY MAX MIN AVG DEP HDD CDD WTR SNW DPTH SPD SPD DIR MIN PSBL S-S WX SPD DR
================================================================================
1 81 57 69 -3 0 4 0.00 0.0 0 6.3 18 260 M M 0 25 260
2 81 54 68 -4 0 3 0.00 0.0 0 4.0 15 60 M M 1 1 22 60
3 83 58 71 -1 0 6 0.00 0.0 0 4.7 14 80 M M 1 1 17 80
4 87 62 75 3 0 10 0.00 0.0 0 5.3 13 60 M M 1 15 40
5 89 62 76 3 0 11 0.00 0.0 0 5.3 15 260 M M 1 1 19 240
6 89 64 77 4 0 12 T 0.0 0 8.3 18 270 M M 5 3 25 260
7 70 54 62 -11 3 0 0.00 0.0 0 10.4 22 30 M M 2 32 30
8 83 48 66 -7 0 1 0.00 0.0 0 6.0 21 270 M M 2 24 250
9 77 61 69 -5 0 4 0.00 0.0 0 11.9 23 30 M M 6 35 40
10 76 65 71 -3 0 6 0.01 0.0 0 9.7 18 50 M M 9 1 23 50
11 82 61 72 -2 0 7 0.00 0.0 0 7.7 23 10 M M 3 27 10
12 80 58 69 -5 0 4 0.00 0.0 0 8.4 18 30 M M 3 1 23 30
13 81 59 70 -4 0 5 0.00 0.0 0 9.1 22 80 M M 3 27 80
14 81 71 76 1 0 11 0.00 0.0 0 12.0 22 80 M M 6 28 80
15 82 71 77 2 0 12 0.02 0.0 0 12.3 21 80 M M 6 1 28 80
16 83 72 78 3 0 13 0.38 0.0 0 13.6 25 50 M M 7 1 31 40
17 86 70 78 3 0 13 0.00 0.0 0 7.4 16 20 M M 6 1 19 10
18 89 68 79 3 0 14 T 0.0 0 7.9 25 240 M M 7 1 35 240
19 93 68 81 5 0 16 0.00 0.0 0 8.9 23 250 M M 3 34 250
20 89 66 78 2 0 13 0.00 0.0 0 6.3 16 80 M M 2 21 300
21 93 65 79 3 0 14 T 0.0 0 5.5 21 60 M M 4 13 33 160
22 91 67 79 2 0 14 0.00 0.0 0 4.9 15 110 M M 3 22 110
23 89 70 80 3 0 15 0.00 0.0 0 6.4 16 80 M M 6 1 20 90
24 83 71 77 0 0 12 0.00 0.0 0 6.4 17 80 M M 8 21 80
25 80 70 75 -2 0 10 0.33 0.0 0 8.7 20 90 M M 10 1 27 90
26 85 74 80 3 0 15 0.07 0.0 0 5.0 15 90 M M 9 1 20 120
27 86 72 79 1 0 14 0.62 0.0 0 6.4 17 40 M M 7 13 27 150
28 89 68 79 1 0 14 1.23 0.0 0 6.6 35 320 M M 7 13 45 310
29 86 68 77 -1 0 12 0.21 0.0 0 4.5 23 250 M M 6 13 28 250
30 88 71 80 2 0 15 0.26 0.0 0 5.2 13 280 M M 7 13 16 80
31 90 69 80 2 0 15 0.39 0.0 0 4.9 17 20 M M 5 13 21 20
================================================================================
SM 2622 2014 3 315 3.52 0.0 230.0 M 146
================================================================================
AV 84.6 65.0 7.4 FASTST M M 5 MAX(MPH)
MISC ----> 35 320 45 310
================================================================================
NOTES:
# LAST OF SEVERAL OCCURRENCES
COLUMN 17 PEAK WIND IN M.P.H.
PRELIMINARY LOCAL CLIMATOLOGICAL DATA (WS FORM: F-6) , PAGE 2
STATION: DAYTONA BEACH
MONTH: MAY
YEAR: 2020
LATITUDE: 29 10 N
LONGITUDE: 81 3 W
[TEMPERATURE DATA] [PRECIPITATION DATA] SYMBOLS USED IN COLUMN 16
AVERAGE MONTHLY: 74.8 TOTAL FOR MONTH: 3.52 1 = FOG OR MIST
DPTR FM NORMAL: -0.2 DPTR FM NORMAL: 0.39 2 = FOG REDUCING VISIBILITY
HIGHEST: 93 ON 21,19 GRTST 24HR 1.23 ON 28-28 TO 1/4 MILE OR LESS
LOWEST: 48 ON 8 3 = THUNDER
SNOW, ICE PELLETS, HAIL 4 = ICE PELLETS
TOTAL MONTH: 0.0 INCH 5 = HAIL
GRTST 24HR 0.0 6 = FREEZING RAIN OR DRIZZLE
GRTST DEPTH: 0 7 = DUSTSTORM OR SANDSTORM:
VSBY 1/2 MILE OR LESS
8 = SMOKE OR HAZE
[NO. OF DAYS WITH] [WEATHER - DAYS WITH] 9 = BLOWING SNOW
X = TORNADO
MAX 32 OR BELOW: 0 0.01 INCH OR MORE: 10
MAX 90 OR ABOVE: 4 0.10 INCH OR MORE: 7
MIN 32 OR BELOW: 0 0.50 INCH OR MORE: 2
MIN 0 OR BELOW: 0 1.00 INCH OR MORE: 1
[HDD (BASE 65) ]
TOTAL THIS MO. 3 CLEAR (SCALE 0-3) 11
DPTR FM NORMAL 1 PTCLDY (SCALE 4-7) 17
TOTAL FM JUL 1 458 CLOUDY (SCALE 8-10) 3
DPTR FM NORMAL -349
[CDD (BASE 65) ]
TOTAL THIS MO. 315
DPTR FM NORMAL 1 [PRESSURE DATA]
TOTAL FM JAN 1 926 HIGHEST SLP M ON M
DPTR FM NORMAL 325 LOWEST SLP 29.77 ON 19
[REMARKS]
#FINAL-05-20#