000
CXUS52 KMLB 141534
CF6DAB
PRELIMINARY LOCAL CLIMATOLOGICAL DATA (WS FORM: F-6)
STATION: DAYTONA BEACH
MONTH: JULY
YEAR: 2023
LATITUDE: 29 10 N
LONGITUDE: 81 3 W
TEMPERATURE IN F: :PCPN: SNOW: WIND :SUNSHINE: SKY :PK WND
================================================================================
1 2 3 4 5 6A 6B 7 8 9 10 11 12 13 14 15 16 17 18
12Z AVG MX 2MIN
DY MAX MIN AVG DEP HDD CDD WTR SNW DPTH SPD SPD DIR MIN PSBL S-S WX SPD DR
================================================================================
1 90 74 82 1 0 17 0.00 0.0 0 4.7 16 60 M M 3 1 23 70
2 90 73 82 1 0 17 0.00 0.0 0 4.0 13 70 M M 3 1 18 100
3 95 75 85 4 0 20 0.00 0.0 0 4.5 13 80 M M 4 13 19 70
4 93 77 85 3 0 20 T 0.0 0 4.2 13 70 M M 6 38 17 160
5 94 77 86 4 0 21 0.04 0.0 0 3.7 15 270 M M 5 138 22 280
6 95 76 86 4 0 21 0.63 0.0 0 4.5 14 150 M M 6 13 20 150
7 93 75 84 2 0 19 0.91 0.0 0 6.3 21 250 M M 7 138 27 280
8 88 75 82 0 0 17 0.54 0.0 0 7.4 29 260 M M 7 138 43 280
9 93 77 85 3 0 20 T 0.0 0 7.8 20 310 M M 5 3 35 310
10 91 76 84 2 0 19 0.28 0.0 0 7.5 36 260 M M 9 13 46 260
11 88 76 82 0 0 17 0.07 0.0 0 6.8 24 280 M M 7 138 38 250
12 92 76 84 2 0 19 0.17 0.0 0 3.4 21 230 M M 6 138 26 240
13 92 75 84 2 0 19 0.39 0.0 0 3.5 25 260 M M 5 13 31 260
14 91 76 84 2 0 19 0.47 0.0 0 4.4 21 310 M M 5 138 28 300
15 94 75 85 3 0 20 0.28 0.0 0 5.4 18 210 M M 5 138 30 170
16 88 77 83 1 0 18 1.05 0.0 0 5.5 17 280 M M 8 138 27 270
17 87 74 81 -1 0 16 0.36 0.0 0 5.9 25 240 M M 8 138 32 250
18 92 74 83 1 0 18 0.03 0.0 0 4.8 17 90 M M 4 3 28 80
19 93 74 84 2 0 19 0.00 0.0 0 4.3 13 160 M M 5 3 21 160
20 92 77 85 3 0 20 0.00 0.0 0 4.3 12 70 M M 3 3 16 80
21 97 78 88 6 0 23 0.00 0.0 0 6.4 14 260 M M 2 21 270
22 95 75 85 3 0 20 1.41 0.0 0 6.7 26 250 M M 5 38 38 280
23 93 75 84 2 0 19 0.85 0.0 0 4.2 32 250 M M 4 138 42 250
24 92 75 84 2 0 19 0.08 0.0 0 8.5 32 250 M M 6 13 47 270
25 93 76 85 3 0 20 T 0.0 0 5.0 14 160 M M 6 13 22 180
26 91 75 83 1 0 18 0.00 0.0 0 4.7 16 60 M M 5 19 70
27 86 77 82 0 0 17 0.58 0.0 0 4.6 14 70 M M 6 13 20 70
28 89 76 83 1 0 18 0.01 0.0 0 4.8 16 160 M M 7 13 26 150
29 92 76 84 2 0 19 0.07 0.0 0 5.2 18 150 M M 5 38 29 150
30 96 76 86 4 0 21 0.01 0.0 0 5.0 16 330 M M 5 3 23 320
31 92 71 82 0 0 17 1.12 0.0 0 4.2 30 220 M M 7 13 44 220
================================================================================
SM 2847 2339 0 587 9.35 0.0 162.2 M 169
================================================================================
AV 91.8 75.5 5.2 FASTST M M 5 MAX(MPH)
MISC ----> 36 260 47 270
================================================================================
NOTES:
# LAST OF SEVERAL OCCURRENCES
COLUMN 17 PEAK WIND IN M.P.H.
PRELIMINARY LOCAL CLIMATOLOGICAL DATA (WS FORM: F-6) , PAGE 2
STATION: DAYTONA BEACH
MONTH: JULY
YEAR: 2023
LATITUDE: 29 10 N
LONGITUDE: 81 3 W
[TEMPERATURE DATA] [PRECIPITATION DATA] SYMBOLS USED IN COLUMN 16
AVERAGE MONTHLY: 83.6 TOTAL FOR MONTH: 9.35 1 = FOG OR MIST
DPTR FM NORMAL: 1.7 DPTR FM NORMAL: 3.34 2 = FOG REDUCING VISIBILITY
HIGHEST: 97 ON 21 GRTST 24HR 1.98 ON 22-23 TO 1/4 MILE OR LESS
LOWEST: 71 ON 31 3 = THUNDER
SNOW, ICE PELLETS, HAIL 4 = ICE PELLETS
TOTAL MONTH: 0.0 INCH 5 = HAIL
GRTST 24HR 0.0 6 = FREEZING RAIN OR DRIZZLE
GRTST DEPTH: 0 7 = DUSTSTORM OR SANDSTORM:
VSBY 1/2 MILE OR LESS
8 = SMOKE OR HAZE
[NO. OF DAYS WITH] [WEATHER - DAYS WITH] 9 = BLOWING SNOW
X = TORNADO
MAX 32 OR BELOW: 0 0.01 INCH OR MORE: 21
MAX 90 OR ABOVE: 25 0.10 INCH OR MORE: 14
MIN 32 OR BELOW: 0 0.50 INCH OR MORE: 8
MIN 0 OR BELOW: 0 1.00 INCH OR MORE: 3
[HDD (BASE 65) ]
TOTAL THIS MO. 0 CLEAR (SCALE 0-3) 2
DPTR FM NORMAL 0 PTCLDY (SCALE 4-7) 28
TOTAL FM JUL 1 0 CLOUDY (SCALE 8-10) 1
DPTR FM NORMAL 0
[CDD (BASE 65) ]
TOTAL THIS MO. 587
DPTR FM NORMAL 65 [PRESSURE DATA]
TOTAL FM JAN 1 2065 HIGHEST SLP 30.16 ON 19
DPTR FM NORMAL 416 LOWEST SLP 29.86 ON 22
[REMARKS]
#FINAL-07-23#