000
CXUS54 KFWD 010730
CF6DAL
PRELIMINARY LOCAL CLIMATOLOGICAL DATA (WS FORM: F-6)
STATION: DALLAS LOVE FIELD
MONTH: AUGUST
YEAR: 2023
LATITUDE: 32 50 N
LONGITUDE: 96 51 W
TEMPERATURE IN F: :PCPN: SNOW: WIND :SUNSHINE: SKY :PK WND
================================================================================
1 2 3 4 5 6A 6B 7 8 9 10 11 12 13 14 15 16 17 18
12Z AVG MX 2MIN
DY MAX MIN AVG DEP HDD CDD WTR SNW DPTH SPD SPD DIR MIN PSBL S-S WX SPD DR
================================================================================
1 106 85 96 7 0 31 0.00 0.0 0 6.7 15 150 M M 4 21 130
2 105 86 96 7 0 31 0.00 0.0 0 7.6 16 170 M M 4 25 170
3 104 86 95 6 0 30 0.00 0.0 0 8.5 18 160 M M 1 32 130
4 105 85 95 6 0 30 0.00 0.0 0 9.5 16 140 M M 1 25 170
5 106 86 96 8 0 31 0.00 0.0 0 7.6 18 120 M M 2 26 170
6 103 85 94 6 0 29 0.00 0.0 0 8.3 16 180 M M 3 25 170
7 103 86 95 7 0 30 0.00 0.0 0 8.6 17 180 M M 4 26 170
8 103 85 94 6 0 29 T 0.0 0 10.2 20 160 M M 7 32 140
9 107 83 95 7 0 30 0.00 0.0 0 12.4 22 180 M M 5 32 180
10 107 85 96 8 0 31 0.00 0.0 0 8.9 18 180 M M 3 30 190
11 106 84 95 7 0 30 0.00 0.0 0 11.1 17 150 M M 6 27 160
12 106 82 94 6 0 29 0.00 0.0 0 10.6 18 160 M M 2 29 140
13 106 84 95 7 0 30 0.00 0.0 0 9.5 16 160 M M 1 25 170
14 100 81 91 3 0 26 0.00 0.0 0 10.2 21 10 M M 2 30 30
15 95 76 86 -2 0 21 0.00 0.0 0 6.7 17 340 M M 2 27 110
16 96 70 83 -5 0 18 0.00 0.0 0 5.1 12 110 M M 0 17 130
17 109 75 92 4 0 27 0.00 0.0 0 7.8 16 160 M M 1 22 170
18 110 83 97 10 0 32 0.00 0.0 0 6.8 14 150 M M 1 19 160
19 107 85 96 9 0 31 0.00 0.0 0 6.6 14 140 M M 2 21 210
20 108 85 97 10 0 32 0.00 0.0 0 5.4 17 60 M M 1 29 170
21 105 84 95 8 0 30 0.00 0.0 0 8.1 18 110 M M 3 32 120
22 103 85 94 7 0 29 0.00 0.0 0 7.6 14 100 M M 5 22 110
23 103 85 94 8 0 29 0.00 0.0 0 5.8 14 170 M M 5 20 170
24 107 87 97 11 0 32 0.00 0.0 0 6.2 14 100 M M 6 20 120
25 109 86 98 12 0 33 0.00 0.0 0 5.7 12 160 M M 3 16 150
26 109 88 99 13 0 34 0.00 0.0 0 4.8 10 350 M M 5 18 170
27 102 80 91 5 0 26 T 0.0 0 8.1 25 290 M M 6 3 36 280
28 95 79 87 2 0 22 0.00 0.0 0 8.3 16 350 M M 3 31 210
29 98 76 87 2 0 22 0.00 0.0 0 4.8 15 40 M M 4 23 20
30 98 76 87 2 0 22 0.00 0.0 0 5.4 16 30 M M 2 35 210
31 99 75 87 2 0 22 0.00 0.0 0 6.3 15 170 M M 1 23 160
================================================================================
SM 3220 2558 0 879 T 0.0 239.2 M 95
================================================================================
AV103.9 82.5 7.7 FASTST M M 3 MAX(MPH)
MISC ----> 25 290 36 280
================================================================================
NOTES:
# LAST OF SEVERAL OCCURRENCES
COLUMN 17 PEAK WIND IN M.P.H.
PRELIMINARY LOCAL CLIMATOLOGICAL DATA (WS FORM: F-6) , PAGE 2
STATION: DALLAS LOVE FIELD
MONTH: AUGUST
YEAR: 2023
LATITUDE: 32 50 N
LONGITUDE: 96 51 W
[TEMPERATURE DATA] [PRECIPITATION DATA] SYMBOLS USED IN COLUMN 16
AVERAGE MONTHLY: 93.2 TOTAL FOR MONTH: T 1 = FOG OR MIST
DPTR FM NORMAL: 5.9 DPTR FM NORMAL: -2.19 2 = FOG REDUCING VISIBILITY
HIGHEST: 110 ON 18 GRTST 24HR T ON 8- 8 TO 1/4 MILE OR LESS
LOWEST: 70 ON 16 3 = THUNDER
SNOW, ICE PELLETS, HAIL 4 = ICE PELLETS
TOTAL MONTH: 0.0 INCH 5 = HAIL
GRTST 24HR 0.0 6 = FREEZING RAIN OR DRIZZLE
GRTST DEPTH: 0 7 = DUSTSTORM OR SANDSTORM:
VSBY 1/2 MILE OR LESS
8 = SMOKE OR HAZE
[NO. OF DAYS WITH] [WEATHER - DAYS WITH] 9 = BLOWING SNOW
X = TORNADO
MAX 32 OR BELOW: 0 0.01 INCH OR MORE: 0
MAX 90 OR ABOVE: 31 0.10 INCH OR MORE: 0
MIN 32 OR BELOW: 0 0.50 INCH OR MORE: 0
MIN 0 OR BELOW: 0 1.00 INCH OR MORE: 0
[HDD (BASE 65) ]
TOTAL THIS MO. 0 CLEAR (SCALE 0-3) 16
DPTR FM NORMAL 0 PTCLDY (SCALE 4-7) 15
TOTAL FM JUL 1 0 CLOUDY (SCALE 8-10) 0
DPTR FM NORMAL 0
[CDD (BASE 65) ]
TOTAL THIS MO. 879
DPTR FM NORMAL 189 [PRESSURE DATA]
TOTAL FM JAN 1 2715 HIGHEST SLP M ON M
DPTR FM NORMAL 266 LOWEST SLP 29.62 ON 9
[REMARKS]
#FINAL-08-23#