000
CXUS53 KDDC 191100
CF6DDC
PRELIMINARY LOCAL CLIMATOLOGICAL DATA (WS FORM: F-6)
STATION: DODGE CITY KS
MONTH: APRIL
YEAR: 2024
LATITUDE: 37 46 N
LONGITUDE: 99 58 W
TEMPERATURE IN F: :PCPN: SNOW: WIND :SUNSHINE: SKY :PK WND
================================================================================
1 2 3 4 5 6A 6B 7 8 9 10 11 12 13 14 15 16 17 18
12Z AVG MX 2MIN
DY MAX MIN AVG DEP HDD CDD WTR SNW DPTH SPD SPD DIR MIN PSBL S-S WX SPD DR
================================================================================
1 65 37 51 0 14 0 T 0.0 0 18.8 33 360 M M 5 18 44 360
2 64 36 50 -1 15 0 0.02 0.0 0 18.4 35 360 M M 5 1 48 350
3 67 33 50 -1 15 0 0.00 0.0 0 11.0 24 360 M M 2 33 360
4 74 31 53 2 12 0 0.00 0.0 0 8.5 16 120 M M 0 22 150
5 82 41 62 10 3 0 0.00 0.0 0 19.9 32 140 M M 0 8 42 130
6 73 41 57 5 8 0 0.00 0.0 0 20.7 46 210 M M 1 8 64 230
7 70 33 52 0 13 0 0.00 0.0 0 12.3 29 310 M M 0 43 280
8 67 29 48 -4 17 0 0.00 0.0 0 7.8 18 20 M M 0 24 350
9 65 32 49 -4 16 0 0.00 0.0 0 7.1 13 40 M M 0 17 40
10 73 40 57 4 8 0 0.00 0.0 0 14.9 31 360 M M 1 47 10
11 67 34 51 -2 14 0 0.00 0.0 0 13.1 28 360 M M 0 39 10
12 80 39 60 7 5 0 0.00 0.0 0 11.6 23 170 M M 0 8 35 190
13 90 54 72 18 0 7 0.00 0.0 0 14.5 28 210 M M 0 8 37 210
14 94 50 72 18 0 7 0.00 0.0 0 8.8 17 130 M M 0 8 23 190
15 87 58 73 19 0 8 0.00 0.0 0 20.8 37 160 M M 1 138 52 150
16 76 46 61 7 4 0 0.00 0.0 0 20.5 44 300 M M 1 8 56 290
17 88 49 69 15 0 4 0.00 0.0 0 11.9 28 150 M M 0 8 45 200
18 68 35 52 -3 13 0 0.00 0.0 0 22.9 45 360 M M 4 8 58 350
================================================================================
SM 1350 718 157 26 0.02 0.0 263.5 M 20
================================================================================
AV 75.0 39.9 14.6 FASTST M M 1 MAX(MPH)
MISC ----> 46 210 64 230
================================================================================
NOTES:
# LAST OF SEVERAL OCCURRENCES
COLUMN 17 PEAK WIND IN M.P.H.
PRELIMINARY LOCAL CLIMATOLOGICAL DATA (WS FORM: F-6) , PAGE 2
STATION: DODGE CITY KS
MONTH: APRIL
YEAR: 2024
LATITUDE: 37 46 N
LONGITUDE: 99 58 W
[TEMPERATURE DATA] [PRECIPITATION DATA] SYMBOLS USED IN COLUMN 16
AVERAGE MONTHLY: 57.4 TOTAL FOR MONTH: 0.02 1 = FOG OR MIST
DPTR FM NORMAL: 4.7 DPTR FM NORMAL: -1.06 2 = FOG REDUCING VISIBILITY
HIGHEST: 94 ON 14 GRTST 24HR 0.02 ON 1- 2 TO 1/4 MILE OR LESS
LOWEST: 29 ON 8 3 = THUNDER
SNOW, ICE PELLETS, HAIL 4 = ICE PELLETS
TOTAL MONTH: 0.0 INCH 5 = HAIL
GRTST 24HR 0.0 6 = FREEZING RAIN OR DRIZZLE
GRTST DEPTH: 0 7 = DUSTSTORM OR SANDSTORM:
VSBY 1/2 MILE OR LESS
8 = SMOKE OR HAZE
[NO. OF DAYS WITH] [WEATHER - DAYS WITH] 9 = BLOWING SNOW
X = TORNADO
MAX 32 OR BELOW: 0 0.01 INCH OR MORE: 1
MAX 90 OR ABOVE: 2 0.10 INCH OR MORE: 0
MIN 32 OR BELOW: 3 0.50 INCH OR MORE: 0
MIN 0 OR BELOW: 0 1.00 INCH OR MORE: 0
[HDD (BASE 65) ]
TOTAL THIS MO. 157 CLEAR (SCALE 0-3) 15
DPTR FM NORMAL -73 PTCLDY (SCALE 4-7) 3
TOTAL FM JUL 1 4012 CLOUDY (SCALE 8-10) 0
DPTR FM NORMAL -570
[CDD (BASE 65) ]
TOTAL THIS MO. 26
DPTR FM NORMAL 23 [PRESSURE DATA]
TOTAL FM JAN 1 26 HIGHEST SLP M ON M
DPTR FM NORMAL 21 LOWEST SLP 29.37 ON 16
[REMARKS]