000
CXUS55 KALY 010710
CF6DDH
PRELIMINARY LOCAL CLIMATOLOGICAL DATA (WS FORM: F-6)
STATION: BENNINGTON VT
MONTH: AUGUST
YEAR: 2023
LATITUDE: 42 53 N
LONGITUDE: 73 15 W
TEMPERATURE IN F: :PCPN: SNOW: WIND :SUNSHINE: SKY :PK WND
================================================================================
1 2 3 4 5 6A 6B 7 8 9 10 11 12 13 14 15 16 17 18
12Z AVG MX 2MIN
DY MAX MIN AVG DEP HDD CDD WTR SNW DPTH SPD SPD DIR MIN PSBL S-S WX SPD DR
================================================================================
1 73 50 62 -7 3 0 0.00 M M 3.7 13 360 M M 6 128 19 10
2 74 45 60 -9 5 0 0.00 M M 2.4 10 270 M M 1 18 13 270
3 79 50 65 -4 0 0 M M M 4.4 15 190 M M 4 18 21 180
4 75 61 68 -1 0 3 T M M 3.8 14 300 M M 6 13 22 300
5 78 57 68 -1 0 3 0.00 M M 1.6 9 260 M M 5 12 13 270
6 79 51 65 -3 0 0 0.00 M M 2.2 8 130 M M 0 1 12 340
7 75 59 67 -1 0 2 M M M 8.1 25 160 M M 8 1 33 150
8 77 66 72 4 0 7 0.10 M M 7.0 18 180 M M 10 1 26 180
9 81 60 71 3 0 6 T M M 7.5 15 280 M M 4 1 23 240
10 78 56 67 -1 0 2 0.38 M M 3.0 14 270 M M 4 13 19 260
11 77 56 67 -1 0 2 0.00 M M 7.5 17 260 M M 5 24 260
12 80 51 66 -2 0 1 0.00 M M 5.3 15 180 M M 2 1 21 180
13 80 60 70 2 0 5 0.03 M M 4.0 14 290 M M 7 22 270
14 79 60 70 2 0 5 0.01 M M 3.2 12 240 M M 2 8 18 240
15 75 64 70 2 0 5 0.48 M M 2.4 9 110 M M 10 1 13 120
16 78 65 72 4 0 7 1.07 M M 3.4 13 350 M M 7 128 17 80
17 78 68 73 6 0 8 T M M 4.4 17 150 M M 9 1 23 150
18 76 59 68 1 0 3 0.66 M M 6.2 17 160 M M 8 128 22 270
19 67 55 61 -6 4 0 0.04 M M 5.6 12 270 M M 10 18 230
20 77 50 64 -3 1 0 0.00 M M 2.0 12 250 M M 0 18 17 210
21 80 58 69 2 0 4 0.01 M M 1.1 9 300 M M 7 1 15 130
22 76 48 62 -5 3 0 0.00 M M 3.1 15 340 M M 0 18 21 330
23 76 47 62 -4 3 0 0.00 M M 1.7 8 130 M M 0 18 11 320
24 71 49 60 -6 5 0 0.16 M M 4.3 15 170 M M 7 1 19 150
25 78 64 71 5 0 6 0.97 M M 3.2 12 180 M M 10 1 15 180
26 80 63 72 6 0 7 0.28 M M 4.1 15 330 M M 8 13 22 330
27 75 58 67 1 0 2 0.00 M M 2.4 10 270 M M 7 1 14 270
28 78 53 66 0 0 1 0.47 M M 2.6 12 190 M M 6 12 16 180
29 82 60 71 6 0 6 0.00 M M 3.9 13 170 M M 5 128 18 160
30 75 61 68 3 0 3 0.62 M M 4.9 16 300 M M 7 13 26 270
31 70 47 59 -6 6 0 0.00 M M 6.1 18 350 M M 1 18 28 350
================================================================================
SM 2377 1751 30 88 5.28 M 125.1 M 166
================================================================================
AV 76.7 56.5 4.0 FASTST M M 5 MAX(MPH)
MISC ----> 25 160 33 150
================================================================================
NOTES:
# LAST OF SEVERAL OCCURRENCES
COLUMN 17 PEAK WIND IN M.P.H.
PRELIMINARY LOCAL CLIMATOLOGICAL DATA (WS FORM: F-6) , PAGE 2
STATION: BENNINGTON VT
MONTH: AUGUST
YEAR: 2023
LATITUDE: 42 53 N
LONGITUDE: 73 15 W
[TEMPERATURE DATA] [PRECIPITATION DATA] SYMBOLS USED IN COLUMN 16
AVERAGE MONTHLY: 66.6 TOTAL FOR MONTH: 5.28 1 = FOG OR MIST
DPTR FM NORMAL: -0.7 DPTR FM NORMAL: 1.42 2 = FOG REDUCING VISIBILITY
HIGHEST: 82 ON 29 GRTST 24HR 1.07 ON 16-16 TO 1/4 MILE OR LESS
LOWEST: 45 ON 2 3 = THUNDER
SNOW, ICE PELLETS, HAIL 4 = ICE PELLETS
TOTAL MONTH: M 5 = HAIL
GRTST 24HR M ON M 6 = FREEZING RAIN OR DRIZZLE
GRTST DEPTH: M ON M 7 = DUSTSTORM OR SANDSTORM:
VSBY 1/2 MILE OR LESS
8 = SMOKE OR HAZE
[NO. OF DAYS WITH] [WEATHER - DAYS WITH] 9 = BLOWING SNOW
X = TORNADO
MAX 32 OR BELOW: 0 0.01 INCH OR MORE: 14
MAX 90 OR ABOVE: 0 0.10 INCH OR MORE: 10
MIN 32 OR BELOW: 0 0.50 INCH OR MORE: 4
MIN 0 OR BELOW: 0 1.00 INCH OR MORE: 1
[HDD (BASE 65) ]
TOTAL THIS MO. 30 CLEAR (SCALE 0-3) 8
DPTR FM NORMAL -7 PTCLDY (SCALE 4-7) 18
TOTAL FM JUL 1 32 CLOUDY (SCALE 8-10) 5
DPTR FM NORMAL -26
[CDD (BASE 65) ]
TOTAL THIS MO. 88
DPTR FM NORMAL -19 [PRESSURE DATA]
TOTAL FM JAN 1 409 HIGHEST SLP M ON M
DPTR FM NORMAL 77 LOWEST SLP 29.54 ON 8
[REMARKS]
#FINAL-08-23#