000
CXUS53 KILX 290900
CF6DEC
PRELIMINARY LOCAL CLIMATOLOGICAL DATA (WS FORM: F-6)
STATION: DECATUR IL AIRPORT
MONTH: MARCH
YEAR: 2024
LATITUDE: 39 49 N
LONGITUDE: 88 51 W
TEMPERATURE IN F: :PCPN: SNOW: WIND :SUNSHINE: SKY :PK WND
================================================================================
1 2 3 4 5 6A 6B 7 8 9 10 11 12 13 14 15 16 17 18
12Z AVG MX 2MIN
DY MAX MIN AVG DEP HDD CDD WTR SNW DPTH SPD SPD DIR MIN PSBL S-S WX SPD DR
================================================================================
1 45 24 35 -2 30 0 T M M 5.5 12 150 M M 6 15 160
2 60 27 44 7 21 0 0.00 M M 9.7 18 160 M M 1 128 26 150
3 74 43 59 22 6 0 0.00 M M 18.2 32 180 M M 0 43 180
4 75 55 65 27 0 0 0.00 M M 15.1 24 210 M M 4 39 200
5 66 45 56 18 9 0 0.14 M M 10.4 20 230 M M 9 13 28 230
6 52 37 45 7 20 0 0.00 M M 11.5 20 30 M M 8 1 24 40
7 56 42 49 10 16 0 0.08 M M 9.2 16 90 M M 9 20 100
8 58 44 51 12 14 0 1.32 M M 11.1 21 330 M M 10 1 28 310
9 47 34 41 1 24 0 0.00 M M 14.3 23 290 M M 5 33 310
10 49 30 40 0 25 0 0.00 M M 8.1 17 290 M M 0 26 300
11 66 29 48 8 17 0 0.00 M M 13.6 26 210 M M 0 37 200
12 71 42 57 16 8 0 0.00 M M 14.0 24 210 M M 0 34 210
13 74 48 61 20 4 0 T M M 9.8 23 150 M M 2 30 190
14 75 47 61 19 4 0 0.41 M M 13.2 28 300 M M 6 13 44 290
15 61 40 51 9 14 0 0.00 M M 11.8 25 20 M M 5 39 20
16 65 38 52 10 13 0 0.00 M M 13.9 29 270 M M 2 42 250
17 45 32 39 -4 26 0 0.00 M M 15.4 25 320 M M 4 40 310
18 37 27 32 -11 33 0 0.00 M M 10.4 21 320 M M 8 29 320
19 62 26 44 1 21 0 0.00 M M 14.5 31 230 M M 0 41 240
20 51 26 39 -5 26 0 0.00 M M 10.8 22 310 M M 2 30 340
21 50 25 38 -6 27 0 0.00 M M 10.0 17 100 M M 2 24 110
22 63 27 45 1 20 0 T M M 11.5 35 350 M M 3 43 340
23 48 33 41 -4 24 0 0.00 M M 11.6 22 10 M M 6 33 360
24 59 34 47 2 18 0 T M M 15.9 25 120 M M 2 33 120
25 63 51 57 12 8 0 0.29 M M 21.6 35 150 M M 6 1 52 130
26 54 37 46 0 19 0 0.05 M M 16.8 32 250 M M 9 1 46 240
27 47 33 40 -6 25 0 0.00 M M 9.1 17 280 M M 5 26 290
28 62 28 45 -1 20 0 0.00 M M 9.7 24 230 M M 1 33 220
================================================================================
SM 1635 1004 492 0 2.29 M 346.7 M 115
================================================================================
AV 58.4 35.9 12.4 FASTST M M 4 MAX(MPH)
MISC ----> # 35 350 52 130
================================================================================
NOTES:
# LAST OF SEVERAL OCCURRENCES
COLUMN 17 PEAK WIND IN M.P.H.
PRELIMINARY LOCAL CLIMATOLOGICAL DATA (WS FORM: F-6) , PAGE 2
STATION: DECATUR IL AIRPORT
MONTH: MARCH
YEAR: 2024
LATITUDE: 39 49 N
LONGITUDE: 88 51 W
[TEMPERATURE DATA] [PRECIPITATION DATA] SYMBOLS USED IN COLUMN 16
AVERAGE MONTHLY: 47.1 TOTAL FOR MONTH: 2.29 1 = FOG OR MIST
DPTR FM NORMAL: 5.5 DPTR FM NORMAL: 0.07 2 = FOG REDUCING VISIBILITY
HIGHEST: 75 ON 14, 4 GRTST 24HR 1.40 ON 7- 8 TO 1/4 MILE OR LESS
LOWEST: 24 ON 1 3 = THUNDER
SNOW, ICE PELLETS, HAIL 4 = ICE PELLETS
TOTAL MONTH: M 5 = HAIL
GRTST 24HR M ON M 6 = FREEZING RAIN OR DRIZZLE
GRTST DEPTH: M ON M 7 = DUSTSTORM OR SANDSTORM:
VSBY 1/2 MILE OR LESS
8 = SMOKE OR HAZE
[NO. OF DAYS WITH] [WEATHER - DAYS WITH] 9 = BLOWING SNOW
X = TORNADO
MAX 32 OR BELOW: 0 0.01 INCH OR MORE: 6
MAX 90 OR ABOVE: 0 0.10 INCH OR MORE: 4
MIN 32 OR BELOW: 11 0.50 INCH OR MORE: 1
MIN 0 OR BELOW: 0 1.00 INCH OR MORE: 1
[HDD (BASE 65) ]
TOTAL THIS MO. 492 CLEAR (SCALE 0-3) 12
DPTR FM NORMAL -164 PTCLDY (SCALE 4-7) 11
TOTAL FM JUL 1 4049 CLOUDY (SCALE 8-10) 5
DPTR FM NORMAL -780
[CDD (BASE 65) ]
TOTAL THIS MO. 0
DPTR FM NORMAL 0 [PRESSURE DATA]
TOTAL FM JAN 1 0 HIGHEST SLP M ON M
DPTR FM NORMAL 0 LOWEST SLP 29.43 ON 26
[REMARKS]