000
CXUS53 KILX 250900
CF6DEC
PRELIMINARY LOCAL CLIMATOLOGICAL DATA (WS FORM: F-6)
STATION: DECATUR IL AIRPORT
MONTH: APRIL
YEAR: 2024
LATITUDE: 39 49 N
LONGITUDE: 88 51 W
TEMPERATURE IN F: :PCPN: SNOW: WIND :SUNSHINE: SKY :PK WND
================================================================================
1 2 3 4 5 6A 6B 7 8 9 10 11 12 13 14 15 16 17 18
12Z AVG MX 2MIN
DY MAX MIN AVG DEP HDD CDD WTR SNW DPTH SPD SPD DIR MIN PSBL S-S WX SPD DR
================================================================================
1 65 49 57 9 8 0 1.33 M M 8.9 21 30 M M 9 13 26 40
2 66 40 53 5 12 0 0.49 M M 16.5 31 230 M M 10 13 43 240
3 41 36 39 -10 26 0 0.16 M M 17.4 28 290 M M 10 1 41 310
4 43 37 40 -9 25 0 0.11 M M 12.7 18 320 M M 10 1 29 310
5 47 32 40 -9 25 0 0.00 M M 7.3 15 350 M M 8 19 360
6 55 27 41 -9 24 0 0.00 M M 8.1 16 120 M M 0 1 22 110
7 60 41 51 1 14 0 0.34 M M 15.0 32 140 M M 6 13 49 150
8 74 44 59 9 6 0 0.00 M M 10.8 18 160 M M 1 1 25 210
9 69 48 59 8 6 0 0.00 M M 7.2 15 290 M M 2 23 250
10 63 45 54 3 11 0 0.31 M M 9.5 16 350 M M 7 1 22 360
11 66 49 58 6 7 0 0.33 M M 14.0 28 340 M M 9 3 42 340
12 65 46 56 4 9 0 0.25 M M 15.6 30 310 M M 4 1 43 290
13 73 38 56 4 9 0 0.00 M M 9.9 20 180 M M 0 28 170
14 83 62 73 21 0 8 0.00 M M 13.6 24 240 M M 0 32 240
15 83 56 70 17 0 5 0.00 M M 8.8 15 340 M M 0 21 330
16 82 60 71 18 0 6 0.01 M M 17.6 38 200 M M 4 53 200
17 71 51 61 7 4 0 0.00 M M 16.3 30 240 M M 3 48 270
18 75 45 60 6 5 0 0.09 M M 12.0 32 350 M M 4 13 50 290
19 58 44 51 -3 14 0 0.00 M M 12.5 23 350 M M 2 32 350
20 52 39 46 -9 19 0 0.00 M M 13.0 22 290 M M 3 31 330
21 58 35 47 -8 18 0 0.00 M M 7.9 18 330 M M 0 27 290
22 66 36 51 -5 14 0 0.00 M M 12.6 24 200 M M 0 33 200
23 58 52 55 -1 10 0 0.48 M M 12.6 23 200 M M 4 1 31 220
24 55 37 46 -10 19 0 0.00 M M 9.8 18 30 M M 4 24 30
================================================================================
SM 1528 1049 285 19 3.90 M 289.6 M 100
================================================================================
AV 63.7 43.7 12.1 FASTST M M 4 MAX(MPH)
MISC ----> 38 200 53 200
================================================================================
NOTES:
# LAST OF SEVERAL OCCURRENCES
COLUMN 17 PEAK WIND IN M.P.H.
PRELIMINARY LOCAL CLIMATOLOGICAL DATA (WS FORM: F-6) , PAGE 2
STATION: DECATUR IL AIRPORT
MONTH: APRIL
YEAR: 2024
LATITUDE: 39 49 N
LONGITUDE: 88 51 W
[TEMPERATURE DATA] [PRECIPITATION DATA] SYMBOLS USED IN COLUMN 16
AVERAGE MONTHLY: 53.7 TOTAL FOR MONTH: 3.90 1 = FOG OR MIST
DPTR FM NORMAL: 1.6 DPTR FM NORMAL: 1.12 2 = FOG REDUCING VISIBILITY
HIGHEST: 83 ON 15,14 GRTST 24HR 1.82 ON 1- 2 TO 1/4 MILE OR LESS
LOWEST: 27 ON 6 3 = THUNDER
SNOW, ICE PELLETS, HAIL 4 = ICE PELLETS
TOTAL MONTH: M 5 = HAIL
GRTST 24HR M ON M 6 = FREEZING RAIN OR DRIZZLE
GRTST DEPTH: M ON M 7 = DUSTSTORM OR SANDSTORM:
VSBY 1/2 MILE OR LESS
8 = SMOKE OR HAZE
[NO. OF DAYS WITH] [WEATHER - DAYS WITH] 9 = BLOWING SNOW
X = TORNADO
MAX 32 OR BELOW: 0 0.01 INCH OR MORE: 11
MAX 90 OR ABOVE: 0 0.10 INCH OR MORE: 9
MIN 32 OR BELOW: 2 0.50 INCH OR MORE: 1
MIN 0 OR BELOW: 0 1.00 INCH OR MORE: 1
[HDD (BASE 65) ]
TOTAL THIS MO. 285 CLEAR (SCALE 0-3) 11
DPTR FM NORMAL -36 PTCLDY (SCALE 4-7) 8
TOTAL FM JUL 1 4355 CLOUDY (SCALE 8-10) 5
DPTR FM NORMAL -850
[CDD (BASE 65) ]
TOTAL THIS MO. 19
DPTR FM NORMAL 19 [PRESSURE DATA]
TOTAL FM JAN 1 19 HIGHEST SLP M ON M
DPTR FM NORMAL 16 LOWEST SLP 29.34 ON 2
[REMARKS]