000
CXUS53 KARX 011232
CF6DEH
PRELIMINARY LOCAL CLIMATOLOGICAL DATA (WS FORM: F-6)
STATION: DECORAH IA
MONTH: SEPTEMBER
YEAR: 2023
LATITUDE: 43 16 N
LONGITUDE: 91 44 W
TEMPERATURE IN F: :PCPN: SNOW: WIND :SUNSHINE: SKY :PK WND
================================================================================
1 2 3 4 5 6A 6B 7 8 9 10 11 12 13 14 15 16 17 18
12Z AVG MX 2MIN
DY MAX MIN AVG DEP HDD CDD WTR SNW DPTH SPD SPD DIR MIN PSBL S-S WX SPD DR
================================================================================
1 82 54 68 M 0 3 0.00 0.0 0 7.3 13 170 M M 2 22 170
2 93 63 78 M 0 13 0.00 0.0 0 8.2 14 220 M M 3 25 210
3 95 66 81 M 0 16 0.00 0.0 0 6.8 12 210 M M 2 22 190
4 93 70 82 M 0 17 0.00 0.0 0 8.1 15 190 M M 3 24 190
5 88 72 80 M 0 15 0.00 0.0 0 9.0 16 190 M M 4 23 190
6 73 61 67 M 0 2 0.00 0.0 0 7.8 12 330 M M 10 1 22 300
7 63 57 60 M 5 0 0.00 0.0 0 6.3 12 340 M M 10 1 16 340
8 73 54 64 M 1 0 0.00 0.0 0 1.5 7 10 M M 7 14 10
9 79 48 64 M 1 0 0.00 0.0 0 2.0 8 190 M M 5 12 190
10 70 59 65 M 0 0 0.00 0.0 0 4.6 9 20 M M 10 12 13 20
11 72 48 60 M 5 0 0.00 0.0 0 5.2 14 360 M M 6 17 360
12 70 43 57 M 8 0 0.00 0.0 0 1.6 9 270 M M 7 15 20
13 66 45 56 M 9 0 0.00 0.0 0 3.1 8 30 M M 6 M M
14 77 46 62 M 3 0 0.00 0.0 0 6.5 10 150 M M 4 17 180
15 70 57 64 M 1 0 T 0.0 0 4.1 8 200 M M 5 1 17 200
16 70 54 62 M 3 0 M 0.0 0 1.8 7 60 M M 8 12 28 99
17 72 48 60 M 5 0 0.00 0.0 0 2.8 8 350 M M 5 1 16 10
18 75 43 59 M 6 0 0.00 0.0 0 4.3 9 170 M M 5 1 16 150
19 77 57 67 M 0 2 M 0.0 0 8.9 13 170 M M 3 21 170
20 77 57 67 M 0 2 M 0.0 0 4.3 10 160 M M 6 1 16 160
21 81 55 68 M 0 3 0.00 0.0 0 3.9 9 140 M M 7 12 20 100
22 70 61 66 M 0 1 M 0.0 0 5.6 10 130 M M 9 1 17 99
23 77 63 70 M 0 5 M 0.0 0 7.5 15 140 M M 10 1 28 140
24 75 61 68 M 0 3 M 0.0 0 8.6 14 140 M M 7 23 140
25 72 57 65 M 0 0 M 0.0 0 2.8 7 99 M M 8 12 13 99
26 68 59 64 M 1 0 M 0.0 0 4.4 7 50 M M 9 1 14 60
27 68 59 64 M 1 0 M 0.0 0 5.0 9 90 M M 10 1 18 99
28 68 59 64 M 1 0 0.00 0.0 0 4.7 10 120 M M 10 1 16 120
29 81 57 69 M 0 4 0.00 0.0 0 9.5 13 150 M M 5 1 22 160
30 90 64 77 M 0 12 0.00 0.0 0 7.6 10 160 M M 4 20 160
================================================================================
SM 2285 1697 50 98 T 0.0 163.8 M 190
================================================================================
AV 76.2 56.6 5.5 FASTST M M 6 MAX(MPH)
MISC ----> 16 190 # 28 99
================================================================================
NOTES:
# LAST OF SEVERAL OCCURRENCES
COLUMN 17 PEAK WIND IN M.P.H.
PRELIMINARY LOCAL CLIMATOLOGICAL DATA (WS FORM: F-6) , PAGE 2
STATION: DECORAH IA
MONTH: SEPTEMBER
YEAR: 2023
LATITUDE: 43 16 N
LONGITUDE: 91 44 W
[TEMPERATURE DATA] [PRECIPITATION DATA] SYMBOLS USED IN COLUMN 16
AVERAGE MONTHLY: 66.4 TOTAL FOR MONTH: T 1 = FOG OR MIST
DPTR FM NORMAL: 0.0 DPTR FM NORMAL: M 2 = FOG REDUCING VISIBILITY
HIGHEST: 95 ON 3 GRTST 24HR T ON 15-15 TO 1/4 MILE OR LESS
LOWEST: 43 ON 18,12 3 = THUNDER
SNOW, ICE PELLETS, HAIL 4 = ICE PELLETS
TOTAL MONTH: 0.0 INCH 5 = HAIL
GRTST 24HR 0.0 6 = FREEZING RAIN OR DRIZZLE
GRTST DEPTH: 0 7 = DUSTSTORM OR SANDSTORM:
VSBY 1/2 MILE OR LESS
8 = SMOKE OR HAZE
[NO. OF DAYS WITH] [WEATHER - DAYS WITH] 9 = BLOWING SNOW
X = TORNADO
MAX 32 OR BELOW: 0 0.01 INCH OR MORE: 0
MAX 90 OR ABOVE: 4 0.10 INCH OR MORE: 0
MIN 32 OR BELOW: 0 0.50 INCH OR MORE: 0
MIN 0 OR BELOW: 0 1.00 INCH OR MORE: 0
[HDD (BASE 65) ]
TOTAL THIS MO. 50 CLEAR (SCALE 0-3) 5
DPTR FM NORMAL M PTCLDY (SCALE 4-7) 17
TOTAL FM JUL 1 69 CLOUDY (SCALE 8-10) 8
DPTR FM NORMAL M
[CDD (BASE 65) ]
TOTAL THIS MO. 98
DPTR FM NORMAL M [PRESSURE DATA]
TOTAL FM JAN 1 679 HIGHEST SLP M ON M
DPTR FM NORMAL M LOWEST SLP M ON M
[REMARKS]
#FINAL-09-23#