000
CXUS55 KBOU 010900
CF6DEN
PRELIMINARY LOCAL CLIMATOLOGICAL DATA (WS FORM: F-6)
STATION: DENVER CO
MONTH: AUGUST
YEAR: 2023
LATITUDE: 39 52 N
LONGITUDE: 104 40 W
TEMPERATURE IN F: :PCPN: SNOW: WIND :SUNSHINE: SKY :PK WND
================================================================================
1 2 3 4 5 6A 6B 7 8 9 10 11 12 13 14 15 16 17 18
12Z AVG MX 2MIN
DY MAX MIN AVG DEP HDD CDD WTR SNW DPTH SPD SPD DIR MIN PSBL S-S WX SPD DR
================================================================================
1 89 62 76 1 0 11 T 0.0 0 8.3 31 300 M M 8 3 43 290
2 86 61 74 -1 0 9 0.05 0.0 0 7.2 35 220 M M 6 3 46 210
3 86 61 74 -1 0 9 0.60 0.0 0 7.5 28 130 M M 6 3 37 130
4 89 59 74 -1 0 9 0.00 0.0 0 5.4 17 60 M M 3 22 70
5 87 57 72 -3 0 7 T 0.0 0 7.5 29 30 M M 5 3 41 10
6 70 57 64 -11 1 0 T 0.0 0 5.6 20 210 M M 8 3 27 210
7 83 54 69 -5 0 4 0.09 0.0 0 9.2 23 40 M M 5 123 35 30
8 84 54 69 -5 0 4 0.00 0.0 0 9.3 20 20 M M 6 27 70
9 83 53 68 -6 0 3 0.00 0.0 0 7.1 15 90 M M 2 29 350
10 92 61 77 3 0 12 0.00 0.0 0 11.1 29 340 M M 5 37 330
11 91 62 77 3 0 12 T 0.0 0 10.2 35 220 M M 5 3 45 220
12 87 67 77 3 0 12 0.00 0.0 0 10.6 21 220 M M 7 27 210
13 75 57 66 -8 0 1 0.00 0.0 0 11.3 28 10 M M 6 37 20
14 79 49 64 -9 1 0 0.00 0.0 0 7.6 13 160 M M 3 17 60
15 92 54 73 0 0 8 0.00 0.0 0 8.0 21 200 M M 1 26 200
16 99 67 83 10 0 18 0.00 0.0 0 12.1 22 210 M M 3 30 200
17 94 58 76 3 0 11 0.00 0.0 0 13.9 29 180 M M 3 40 190
18 97 69 83 10 0 18 T 0.0 0 11.4 31 280 M M 5 3 46 290
19 95 64 80 8 0 15 0.10 0.0 0 11.5 36 260 M M 4 3 46 250
20 95 60 78 6 0 13 0.00 0.0 0 11.5 30 180 M M 5 40 180
21 99 72 86 14 0 21 0.00 0.0 0 19.6 28 160 M M 1 38 170
22 96 73 85 13 0 20 0.00 0.0 0 15.0 23 190 M M 4 35 190
23 94 64 79 7 0 14 0.00 0.0 0 8.2 20 200 M M 6 32 200
24 93 66 80 8 0 15 0.01 0.0 0 9.8 31 350 M M 5 3 40 350
25 70 59 65 -6 0 0 0.03 0.0 M 9.6 17 340 M M 9 13 23 340
26 81 56 69 -2 0 4 T 0.0 M 7.1 15 130 M M 7 1 22 110
27 91 58 75 4 0 10 0.05 0.0 M 8.7 32 360 M M 5 13 42 350
28 83 55 69 -2 0 4 T 0.0 M 10.1 38 50 M M 6 3 51 40
29 83 54 69 -1 0 4 0.00 0.0 0 8.5 15 170 M M 1 22 120
30 97 58 78 8 0 13 0.00 0.0 0 11.5 24 180 M M 1 30 180
31 96 62 79 9 0 14 0.00 0.0 0 9.7 20 120 M M 3 25 150
================================================================================
SM 2736 1863 2 295 0.93 0.0 304.1 M 144
================================================================================
AV 88.3 60.1 9.8 FASTST M M 5 MAX(MPH)
MISC ----> 38 50 51 40
================================================================================
NOTES:
# LAST OF SEVERAL OCCURRENCES
COLUMN 17 PEAK WIND IN M.P.H.
PRELIMINARY LOCAL CLIMATOLOGICAL DATA (WS FORM: F-6) , PAGE 2
STATION: DENVER CO
MONTH: AUGUST
YEAR: 2023
LATITUDE: 39 52 N
LONGITUDE: 104 40 W
[TEMPERATURE DATA] [PRECIPITATION DATA] SYMBOLS USED IN COLUMN 16
AVERAGE MONTHLY: 74.2 TOTAL FOR MONTH: 0.93 1 = FOG OR MIST
DPTR FM NORMAL: 1.3 DPTR FM NORMAL: -0.65 2 = FOG REDUCING VISIBILITY
HIGHEST: 99 ON 21,16 GRTST 24HR 0.65 ON 2- 3 TO 1/4 MILE OR LESS
LOWEST: 49 ON 14 3 = THUNDER
SNOW, ICE PELLETS, HAIL 4 = ICE PELLETS
TOTAL MONTH: 0.0 INCH 5 = HAIL
GRTST 24HR 0.0 6 = FREEZING RAIN OR DRIZZLE
GRTST DEPTH: 0 7 = DUSTSTORM OR SANDSTORM:
VSBY 1/2 MILE OR LESS
8 = SMOKE OR HAZE
[NO. OF DAYS WITH] [WEATHER - DAYS WITH] 9 = BLOWING SNOW
X = TORNADO
MAX 32 OR BELOW: 0 0.01 INCH OR MORE: 7
MAX 90 OR ABOVE: 15 0.10 INCH OR MORE: 2
MIN 32 OR BELOW: 0 0.50 INCH OR MORE: 1
MIN 0 OR BELOW: 0 1.00 INCH OR MORE: 0
[HDD (BASE 65) ]
TOTAL THIS MO. 2 CLEAR (SCALE 0-3) 8
DPTR FM NORMAL -7 PTCLDY (SCALE 4-7) 22
TOTAL FM JUL 1 4 CLOUDY (SCALE 8-10) 1
DPTR FM NORMAL -4
[CDD (BASE 65) ]
TOTAL THIS MO. 295
DPTR FM NORMAL 41 [PRESSURE DATA]
TOTAL FM JAN 1 647 HIGHEST SLP M ON M
DPTR FM NORMAL -96 LOWEST SLP 29.68 ON 31
[REMARKS]
#FINAL-08-23#