000
CXUS56 KOTX 010910
CF6DEW
PRELIMINARY LOCAL CLIMATOLOGICAL DATA (WS FORM: F-6)
STATION: DEER_PARK WA AIRPORT
MONTH: JULY
YEAR: 2023
LATITUDE: 47 58 N
LONGITUDE: 117 25 W
TEMPERATURE IN F: :PCPN: SNOW: WIND :SUNSHINE: SKY :PK WND
================================================================================
1 2 3 4 5 6A 6B 7 8 9 10 11 12 13 14 15 16 17 18
12Z AVG MX 2MIN
DY MAX MIN AVG DEP HDD CDD WTR SNW DPTH SPD SPD DIR MIN PSBL S-S WX SPD DR
================================================================================
1 89 49 69 7 0 4 0.00 M M 10.1 22 210 M M 0 29 210
2 82 45 64 2 1 0 0.00 M M 5.6 15 260 M M 0 22 300
3 83 39 61 -2 4 0 0.00 M M 5.0 16 310 M M 0 24 310
4 86 44 65 2 0 0 0.00 M M 7.2 17 50 M M 1 22 60
5 89 56 73 9 0 8 0.00 M M 5.5 15 40 M M 1 20 230
6 90 49 70 6 0 5 0.00 M M 3.9 8 40 M M 1 11 30
7 95 57 76 12 0 11 0.00 M M M M M M M 0 M M
8 96 57 77 13 0 12 0.00 M M M M M M M 1 M M
9 97 50 74 9 0 9 0.00 M M M M M M M 0 M M
10 76 52 64 -1 1 0 0.26 M M M M M M M 3 123 M M
11 82 50 66 0 0 1 0.02 M M M 7 160 M M 4 12 9 150
12 88 49 69 3 0 4 0.00 M M 7.2 18 210 M M 1 12 29 190
13 86 52 69 3 0 4 0.00 M M 5.0 17 180 M M 3 23 190
14 91 51 71 5 0 6 0.00 M M 2.3 13 260 M M 0 16 240
15 95 50 73 6 0 8 0.00 M M 5.5 20 270 M M 0 25 280
16 97 48 73 6 0 8 0.00 M M 3.8 16 220 M M 0 22 90
17 85 51 68 1 0 3 0.00 M M 13.8 28 210 M M 0 35 210
18 83 42 63 -4 2 0 0.00 M M 4.3 13 270 M M 0 18 260
19 92 47 70 2 0 5 0.00 M M 3.5 12 50 M M 0 8 15 50
20 97 52 75 7 0 10 0.00 M M 3.7 10 40 M M 0 13 40
21 97 50 74 6 0 9 0.00 M M 4.3 17 250 M M 0 21 260
22 93 57 75 7 0 10 0.00 M M 8.6 20 200 M M 0 26 200
23 96 50 73 5 0 8 0.00 M M 3.0 16 200 M M 0 20 200
24 91 53 72 4 0 7 0.00 M M 10.2 23 220 M M 0 30 220
25 81 47 64 -4 1 0 0.00 M M 9.9 24 250 M M 3 31 250
26 81 37 59 -9 6 0 0.00 M M 4.7 13 220 M M 0 19 210
27 86 45 66 -2 0 1 0.00 M M 3.1 13 350 M M 0 16 10
28 88 45 67 -1 0 2 0.00 M M 3.6 12 200 M M 0 16 220
29 93 50 72 4 0 7 0.00 M M 3.6 15 220 M M 0 18 220
30 88 51 70 2 0 5 0.00 M M 6.5 18 220 M M 0 29 260
31 88 43 66 -2 0 1 0.00 M M 4.6 17 240 M M 0 23 230
================================================================================
SM 2761 1518 15 148 0.28 M 148.5 M 18
================================================================================
AV 89.1 49.0 5.7 FASTST M M 1 MAX(MPH)
MISC ----> 28 210 35 210
================================================================================
NOTES:
# LAST OF SEVERAL OCCURRENCES
COLUMN 17 PEAK WIND IN M.P.H.
PRELIMINARY LOCAL CLIMATOLOGICAL DATA (WS FORM: F-6) , PAGE 2
STATION: DEER_PARK WA AIRPORT
MONTH: JULY
YEAR: 2023
LATITUDE: 47 58 N
LONGITUDE: 117 25 W
[TEMPERATURE DATA] [PRECIPITATION DATA] SYMBOLS USED IN COLUMN 16
AVERAGE MONTHLY: 69.0 TOTAL FOR MONTH: 0.28 1 = FOG OR MIST
DPTR FM NORMAL: 2.7 DPTR FM NORMAL: -0.33 2 = FOG REDUCING VISIBILITY
HIGHEST: 97 ON 21,20 GRTST 24HR 0.28 ON 10-11 TO 1/4 MILE OR LESS
LOWEST: 37 ON 26 3 = THUNDER
SNOW, ICE PELLETS, HAIL 4 = ICE PELLETS
TOTAL MONTH: M 5 = HAIL
GRTST 24HR M ON M 6 = FREEZING RAIN OR DRIZZLE
GRTST DEPTH: M ON M 7 = DUSTSTORM OR SANDSTORM:
VSBY 1/2 MILE OR LESS
8 = SMOKE OR HAZE
[NO. OF DAYS WITH] [WEATHER - DAYS WITH] 9 = BLOWING SNOW
X = TORNADO
MAX 32 OR BELOW: 0 0.01 INCH OR MORE: 2
MAX 90 OR ABOVE: 14 0.10 INCH OR MORE: 1
MIN 32 OR BELOW: 0 0.50 INCH OR MORE: 0
MIN 0 OR BELOW: 0 1.00 INCH OR MORE: 0
[HDD (BASE 65) ]
TOTAL THIS MO. 15 CLEAR (SCALE 0-3) 29
DPTR FM NORMAL -44 PTCLDY (SCALE 4-7) 2
TOTAL FM JUL 1 15 CLOUDY (SCALE 8-10) 0
DPTR FM NORMAL -45
[CDD (BASE 65) ]
TOTAL THIS MO. 148
DPTR FM NORMAL 49 [PRESSURE DATA]
TOTAL FM JAN 1 233 HIGHEST SLP M ON M
DPTR FM NORMAL 112 LOWEST SLP 29.69 ON 9
[REMARKS]
#FINAL-07-23#