000
CXUS56 KOTX 010910
CF6DEW
PRELIMINARY LOCAL CLIMATOLOGICAL DATA (WS FORM: F-6)
STATION: DEER_PARK WA AIRPORT
MONTH: JULY
YEAR: 2022
LATITUDE: 47 58 N
LONGITUDE: 117 25 W
TEMPERATURE IN F: :PCPN: SNOW: WIND :SUNSHINE: SKY :PK WND
================================================================================
1 2 3 4 5 6A 6B 7 8 9 10 11 12 13 14 15 16 17 18
12Z AVG MX 2MIN
DY MAX MIN AVG DEP HDD CDD WTR SNW DPTH SPD SPD DIR MIN PSBL S-S WX SPD DR
================================================================================
1 85 48 67 5 0 2 0.00 M M 4.2 10 230 M M 0 8 14 250
2 87 48 68 6 0 3 0.00 M M 4.4 20 180 M M 1 8 25 180
3 77 54 66 3 0 1 0.08 M M 5.6 20 220 M M 4 3 25 210
4 65 50 58 -5 7 0 0.18 M M 5.8 20 330 M M 4 1 26 320
5 79 48 64 0 1 0 0.00 M M 4.4 12 30 M M 0 15 30
6 81 57 69 5 0 4 0.10 M M 7.5 24 50 M M 4 13 29 50
7 78 52 65 1 0 0 0.00 M M 4.2 13 290 M M 3 8 16 260
8 82 49 66 2 0 1 0.00 M M 4.5 13 260 M M 2 1 M M
9 81 46 64 -1 1 0 0.00 M M 6.6 17 220 M M 0 24 190
10 80 49 65 0 0 0 0.00 M M 5.7 17 220 M M 1 22 220
11 87 45 66 0 0 1 0.00 M M 1.5 9 230 M M 0 18 11 220
12 92 47 70 4 0 5 0.00 M M 4.2 12 210 M M 0 15 230
13 89 51 70 4 0 5 T M M 5.8 22 230 M M 0 3 28 240
14 88 47 68 2 0 3 0.00 M M 4.5 13 170 M M 0 17 190
15 89 46 68 1 0 3 0.04 M M 5.6 16 190 M M 0 38 20 180
16 88 46 67 0 0 2 0.00 M M 5.0 16 200 M M 0 8 21 200
17 83 50 67 0 0 2 0.00 M M 5.9 14 200 M M 0 19 190
18 79 51 65 -2 0 0 0.00 M M 8.3 20 180 M M 2 8 25 180
19 87 45 66 -2 0 1 0.00 M M 3.6 13 240 M M 0 8 17 240
20 93 47 70 2 0 5 0.00 M M 5.4 18 220 M M 0 8 25 220
21 93 45 69 1 0 4 0.00 M M 4.7 20 220 M M 0 32 220
22 88 47 68 0 0 3 0.00 M M 6.7 17 210 M M 0 22 210
23 89 47 68 0 0 3 0.00 M M 3.7 12 320 M M 0 8 16 170
24 94 48 71 3 0 6 0.00 M M 2.9 12 340 M M 0 19 300
25 95 51 73 5 0 8 0.00 M M 3.5 13 210 M M 0 8 15 220
26 97 56 77 9 0 12 0.00 M M 3.2 12 340 M M 0 45 210
27 99 54 77 9 0 12 0.00 M M 3.0 10 350 M M 0 15 20
28 102 56 79 11 0 14 0.00 M M 3.4 12 290 M M 0 15 290
29 102 56 79 11 0 14 0.00 M M 4.3 20 280 M M 0 8 27 290
30 101 51 76 8 0 11 0.00 M M 3.7 13 320 M M 0 15 270
31 102 48 75 7 0 10 0.00 M M 4.3 15 230 M M 0 22 110
================================================================================
SM 2732 1535 9 135 0.40 M 146.1 M 21
================================================================================
AV 88.1 49.5 4.7 FASTST M M 1 MAX(MPH)
MISC ----> 24 50 45 210
================================================================================
NOTES:
# LAST OF SEVERAL OCCURRENCES
COLUMN 17 PEAK WIND IN M.P.H.
PRELIMINARY LOCAL CLIMATOLOGICAL DATA (WS FORM: F-6) , PAGE 2
STATION: DEER_PARK WA AIRPORT
MONTH: JULY
YEAR: 2022
LATITUDE: 47 58 N
LONGITUDE: 117 25 W
[TEMPERATURE DATA] [PRECIPITATION DATA] SYMBOLS USED IN COLUMN 16
AVERAGE MONTHLY: 68.8 TOTAL FOR MONTH: 0.40 1 = FOG OR MIST
DPTR FM NORMAL: 2.5 DPTR FM NORMAL: -0.21 2 = FOG REDUCING VISIBILITY
HIGHEST: 102 ON 31,29 GRTST 24HR 0.18 ON 4- 4 TO 1/4 MILE OR LESS
LOWEST: 45 ON 21,19 3 = THUNDER
SNOW, ICE PELLETS, HAIL 4 = ICE PELLETS
TOTAL MONTH: M 5 = HAIL
GRTST 24HR M ON M 6 = FREEZING RAIN OR DRIZZLE
GRTST DEPTH: M ON M 7 = DUSTSTORM OR SANDSTORM:
VSBY 1/2 MILE OR LESS
8 = SMOKE OR HAZE
[NO. OF DAYS WITH] [WEATHER - DAYS WITH] 9 = BLOWING SNOW
X = TORNADO
MAX 32 OR BELOW: 0 0.01 INCH OR MORE: 4
MAX 90 OR ABOVE: 11 0.10 INCH OR MORE: 2
MIN 32 OR BELOW: 0 0.50 INCH OR MORE: 0
MIN 0 OR BELOW: 0 1.00 INCH OR MORE: 0
[HDD (BASE 65) ]
TOTAL THIS MO. 9 CLEAR (SCALE 0-3) 27
DPTR FM NORMAL -50 PTCLDY (SCALE 4-7) 4
TOTAL FM JUL 1 9 CLOUDY (SCALE 8-10) 0
DPTR FM NORMAL -51
[CDD (BASE 65) ]
TOTAL THIS MO. 135
DPTR FM NORMAL 36 [PRESSURE DATA]
TOTAL FM JAN 1 149 HIGHEST SLP M ON M
DPTR FM NORMAL 28 LOWEST SLP 29.69 ON 2
[REMARKS]
#FINAL-07-22#