000
CXUS53 KIWX 010810
CF6DFI
PRELIMINARY LOCAL CLIMATOLOGICAL DATA (WS FORM: F-6)
STATION: DEFIANCE MEMORIAL
MONTH: APRIL
YEAR: 2022
LATITUDE: 41 20 N
LONGITUDE: 84 26 W
TEMPERATURE IN F: :PCPN: SNOW: WIND :SUNSHINE: SKY :PK WND
================================================================================
1 2 3 4 5 6A 6B 7 8 9 10 11 12 13 14 15 16 17 18
12Z AVG MX 2MIN
DY MAX MIN AVG DEP HDD CDD WTR SNW DPTH SPD SPD DIR MIN PSBL S-S WX SPD DR
================================================================================
1 41 27 34 -10 31 0 0.01 M M M M M M M M M M
2 49 23 36 -8 29 0 0.11 M M M M M M M M M M
3 50 36 43 -1 22 0 T M M M M M M M M M M
4 59 39 49 4 16 0 0.13 M M 7.9 18 170 M M 5 1 26 150
5 62 30 46 1 19 0 0.13 M M 5.8 15 80 M M 4 128 20 80
6 55 44 50 4 15 0 0.18 M M 8.1 18 180 M M 8 1 27 170
7 50 38 44 -2 21 0 T M M 9.4 18 230 M M 8 29 230
8 51 38 45 -1 20 0 T M M 8.3 20 300 M M 9 26 300
9 42 33 38 -9 27 0 0.02 M M 6.7 17 300 M M 9 18 24 290
10 60 27 44 -3 21 0 0.00 M M 4.9 14 190 M M 0 22 150
11 69 49 59 11 6 0 0.08 M M 7.7 16 300 M M 7 25 220
12 71 35 53 5 12 0 0.00 M M 6.4 16 170 M M 5 12 24 160
13 69 63 66 18 0 1 0.19 M M 13.6 24 200 M M 5 1 38 200
14 63 40 52 3 13 0 0.04 M M 15.6 31 230 M M 5 1 53 260
15 68 43 56 7 9 0 0.03 M M 10.9 25 220 M M 5 41 220
16 55 34 45 -4 20 0 0.02 M M 10.5 26 310 M M 4 37 310
17 48 25 37 -13 28 0 0.00 M M 7.5 17 80 M M 0 25 80
18 41 33 37 -13 28 0 0.13 M M 8.9 15 300 M M 7 12 24 290
19 48 29 39 -12 26 0 T M M 10.7 22 300 M M 7 36 310
20 39 27 33 -18 32 0 0.00 M M 0.6 6 170 M M 1 M M
21 70 55 63 12 2 0 0.00 M M 9.9 13 300 M M 3 24 280
22 60 46 53 1 12 0 T M M 11.5 15 70 M M 6 23 80
23 86 47 67 15 0 2 0.00 M M 9.9 16 90 M M 1 28 230
24 77 63 70 18 0 5 0.00 M M 8.7 20 220 M M 1 37 220
25 69 47 58 5 7 0 0.17 M M 6.9 12 310 M M 9 M M
26 47 35 41 -12 24 0 0.00 M M 8.5 10 320 M M 10 M M
27 52 30 41 -13 24 0 0.00 M M 7.6 18 310 M M 6 31 310
28 54 37 46 -8 19 0 0.00 M M 9.7 16 80 M M 8 23 80
29 65 40 53 -1 12 0 0.00 0.0 0 11.3 18 90 M M 5 25 110
30 64 47 56 1 9 0 0.08 M M 10.7 18 90 M M 8 28 110
================================================================================
SM 1734 1160 504 8 1.32 0.0 238.2 M 146
================================================================================
AV 57.8 38.7 8.8 FASTST M M 5 MAX(MPH)
MISC ----> 31 230 53 260
================================================================================
NOTES:
# LAST OF SEVERAL OCCURRENCES
COLUMN 17 PEAK WIND IN M.P.H.
PRELIMINARY LOCAL CLIMATOLOGICAL DATA (WS FORM: F-6) , PAGE 2
STATION: DEFIANCE MEMORIAL
MONTH: APRIL
YEAR: 2022
LATITUDE: 41 20 N
LONGITUDE: 84 26 W
[TEMPERATURE DATA] [PRECIPITATION DATA] SYMBOLS USED IN COLUMN 16
AVERAGE MONTHLY: 48.2 TOTAL FOR MONTH: 1.32 1 = FOG OR MIST
DPTR FM NORMAL: -1.0 DPTR FM NORMAL: -2.16 2 = FOG REDUCING VISIBILITY
HIGHEST: 86 ON 23 GRTST 24HR 0.29 ON 5- 6 TO 1/4 MILE OR LESS
LOWEST: 23 ON 2 3 = THUNDER
SNOW, ICE PELLETS, HAIL 4 = ICE PELLETS
TOTAL MONTH: 0.0 INCH 5 = HAIL
GRTST 24HR 0.0 6 = FREEZING RAIN OR DRIZZLE
GRTST DEPTH: 0 7 = DUSTSTORM OR SANDSTORM:
VSBY 1/2 MILE OR LESS
8 = SMOKE OR HAZE
[NO. OF DAYS WITH] [WEATHER - DAYS WITH] 9 = BLOWING SNOW
X = TORNADO
MAX 32 OR BELOW: 0 0.01 INCH OR MORE: 14
MAX 90 OR ABOVE: 0 0.10 INCH OR MORE: 7
MIN 32 OR BELOW: 8 0.50 INCH OR MORE: 0
MIN 0 OR BELOW: 0 1.00 INCH OR MORE: 0
[HDD (BASE 65) ]
TOTAL THIS MO. 504 CLEAR (SCALE 0-3) 6
DPTR FM NORMAL 25 PTCLDY (SCALE 4-7) 15
TOTAL FM JUL 1 5298 CLOUDY (SCALE 8-10) 9
DPTR FM NORMAL -647
[CDD (BASE 65) ]
TOTAL THIS MO. 8
DPTR FM NORMAL 3 [PRESSURE DATA]
TOTAL FM JAN 1 8 HIGHEST SLP 30.52 ON 22
DPTR FM NORMAL 2 LOWEST SLP 29.49 ON 13
[REMARKS]
#FINAL-04-22#