000
CXUS54 KFWD 010830
CF6DFW
PRELIMINARY LOCAL CLIMATOLOGICAL DATA (WS FORM: F-6)
STATION: DALLAS/FORT WORTH
MONTH: NOVEMBER
YEAR: 2022
LATITUDE: 32 54 N
LONGITUDE: 97 2 W
TEMPERATURE IN F: :PCPN: SNOW: WIND :SUNSHINE: SKY :PK WND
================================================================================
1 2 3 4 5 6A 6B 7 8 9 10 11 12 13 14 15 16 17 18
12Z AVG MX 2MIN
DY MAX MIN AVG DEP HDD CDD WTR SNW DPTH SPD SPD DIR MIN PSBL S-S WX SPD DR
================================================================================
1 78 56 67 5 0 2 0.00 0.0 0 5.2 15 160 M M 5 21 170
2 75 55 65 4 0 0 0.00 0.0 0 9.2 17 160 M M 5 1 31 140
3 80 66 73 12 0 8 T 0.0 0 12.8 24 170 M M 7 18 34 170
4 78 49 64 4 1 0 3.01 0.0 0 16.0 44 260 M M 8 123 63 280
5 66 44 55 -5 10 0 0.00 0.0 0 9.1 17 170 M M 2 24 310
6 81 55 68 8 0 3 0.00 0.0 0 11.5 20 200 M M 4 27 200
7 82 63 73 14 0 8 0.03 0.0 0 4.8 20 150 M M 9 12 25 160
8 80 68 74 15 0 9 0.00 0.0 0 8.0 15 130 M M 8 18 19 140
9 83 67 75 16 0 10 0.00 0.0 0 11.1 22 170 M M 6 1 29 180
10 75 62 69 11 0 4 T 0.0 0 8.6 21 170 M M 6 29 190
11 68 41 55 -3 10 0 0.52 0.0 0 16.0 29 350 M M 9 13 37 340
12 53 35 44 -14 21 0 0.00 0.0 0 10.0 18 360 M M 4 24 10
13 54 33 44 -13 21 0 0.00 0.0 0 5.7 15 120 M M 5 20 120
14 45 41 43 -14 22 0 0.45 0.0 0 9.8 18 330 M M 9 1 24 330
15 46 37 42 -14 23 0 0.00 0.0 0 9.8 20 330 M M 9 27 310
16 56 38 47 -9 18 0 0.00 0.0 0 5.4 12 350 M M 6 15 310
17 60 34 47 -9 18 0 0.00 0.0 0 5.0 13 220 M M 2 17 210
18 48 37 43 -12 22 0 T T 0 10.6 18 360 M M 7 4 23 360
19 44 35 40 -15 25 0 T T 0 8.0 17 350 M M 7 4 22 10
20 51 30 41 -14 24 0 T 0.0 0 5.1 12 220 M M 5 15 220
21 52 40 46 -8 19 0 0.02 0.0 0 6.9 13 170 M M 8 16 190
22 61 40 51 -3 14 0 0.00 0.0 0 4.7 14 220 M M 7 17 210
23 58 50 54 0 11 0 0.50 0.0 0 6.0 14 170 M M 10 138 17 170
24 58 53 56 2 9 0 0.70 0.0 0 8.8 22 350 M M 10 13 27 360
25 59 50 55 2 10 0 T 0.0 0 11.4 21 10 M M 10 1 27 20
26 56 47 52 -1 13 0 1.17 0.0 0 10.6 22 250 M M 10 1 28 250
27 64 45 55 2 10 0 0.00 0.0 0 9.7 16 340 M M 2 19 330
28 69 38 54 2 11 0 0.00 0.0 0 9.8 20 170 M M 2 26 170
29 81 43 62 10 3 0 0.00 0.0 0 16.1 33 340 M M 5 1 43 350
30 51 35 43 -9 22 0 0.00 0.0 0 10.4 29 350 M M 2 35 350
================================================================================
SM 1912 1387 337 44 6.40 T 276.1 M 189
================================================================================
AV 63.7 46.2 9.2 FASTST M M 6 MAX(MPH)
MISC ----> 44 260 63 280
================================================================================
NOTES:
# LAST OF SEVERAL OCCURRENCES
COLUMN 17 PEAK WIND IN M.P.H.
PRELIMINARY LOCAL CLIMATOLOGICAL DATA (WS FORM: F-6) , PAGE 2
STATION: DALLAS/FORT WORTH
MONTH: NOVEMBER
YEAR: 2022
LATITUDE: 32 54 N
LONGITUDE: 97 2 W
[TEMPERATURE DATA] [PRECIPITATION DATA] SYMBOLS USED IN COLUMN 16
AVERAGE MONTHLY: 55.0 TOTAL FOR MONTH: 6.40 1 = FOG OR MIST
DPTR FM NORMAL: -1.4 DPTR FM NORMAL: 3.87 2 = FOG REDUCING VISIBILITY
HIGHEST: 83 ON 9 GRTST 24HR 3.01 ON 4- 4 TO 1/4 MILE OR LESS
LOWEST: 30 ON 20 3 = THUNDER
SNOW, ICE PELLETS, HAIL 4 = ICE PELLETS
TOTAL MONTH: T 5 = HAIL
GRTST 24HR T ON 18-18 6 = FREEZING RAIN OR DRIZZLE
GRTST DEPTH: 0 7 = DUSTSTORM OR SANDSTORM:
VSBY 1/2 MILE OR LESS
8 = SMOKE OR HAZE
[NO. OF DAYS WITH] [WEATHER - DAYS WITH] 9 = BLOWING SNOW
X = TORNADO
MAX 32 OR BELOW: 0 0.01 INCH OR MORE: 8
MAX 90 OR ABOVE: 0 0.10 INCH OR MORE: 6
MIN 32 OR BELOW: 1 0.50 INCH OR MORE: 5
MIN 0 OR BELOW: 0 1.00 INCH OR MORE: 2
[HDD (BASE 65) ]
TOTAL THIS MO. 337 CLEAR (SCALE 0-3) 5
DPTR FM NORMAL 52 PTCLDY (SCALE 4-7) 17
TOTAL FM JUL 1 380 CLOUDY (SCALE 8-10) 8
DPTR FM NORMAL 22
[CDD (BASE 65) ]
TOTAL THIS MO. 44
DPTR FM NORMAL 17 [PRESSURE DATA]
TOTAL FM JAN 1 3472 HIGHEST SLP 30.51 ON 16
DPTR FM NORMAL 653 LOWEST SLP 29.57 ON 4
[REMARKS]
#FINAL-11-22#