000
CXUS54 KAMA 010710
CF6DHT
PRELIMINARY LOCAL CLIMATOLOGICAL DATA (WS FORM: F-6)
STATION: DALHART
MONTH: AUGUST
YEAR: 2022
LATITUDE: 36 1 N
LONGITUDE: 102 33 W
TEMPERATURE IN F: :PCPN: SNOW: WIND :SUNSHINE: SKY :PK WND
================================================================================
1 2 3 4 5 6A 6B 7 8 9 10 11 12 13 14 15 16 17 18
12Z AVG MX 2MIN
DY MAX MIN AVG DEP HDD CDD WTR SNW DPTH SPD SPD DIR MIN PSBL S-S WX SPD DR
================================================================================
1 93 68 81 2 0 16 0.00 M M 10.0 22 170 M M 1 18 29 190
2 97 65 81 2 0 16 0.00 M M 13.2 24 210 M M 0 32 210
3 94 67 81 3 0 16 0.03 M M 10.4 25 20 M M 1 3 31 20
4 92 71 82 4 0 17 0.03 M M 10.1 21 210 M M 2 3 31 230
5 96 68 82 4 0 17 0.00 M M 10.7 24 200 M M 0 29 200
6 97 65 81 3 0 16 0.00 M M 12.9 25 210 M M 0 31 210
7 97 62 80 2 0 15 0.11 M M 12.5 28 360 M M 1 3 33 360
8 87 67 77 -1 0 12 T M M 10.2 22 190 M M 3 27 180
9 92 62 77 -1 0 12 0.00 M M 9.5 32 130 M M 1 3 42 140
10 88 68 78 0 0 13 T M M 6.6 18 110 M M 3 8 22 120
11 91 63 77 -1 0 12 0.00 M M 5.8 14 130 M M 2 8 17 120
12 94 58 76 -2 0 11 0.00 M M 7.8 17 160 M M 0 24 160
13 95 57 76 -2 0 11 0.00 M M 11.1 18 190 M M 0 32 220
14 98 58 78 1 0 13 0.00 M M 10.4 20 170 M M 0 8 30 170
15 96 60 78 1 0 13 0.00 M M 11.4 23 210 M M 1 30 170
16 89 67 78 1 0 13 0.42 M M 10.5 29 360 M M 2 13 41 10
17 76 63 70 -7 0 5 T M M 6.2 14 60 M M 5 1 18 50
18 87 64 76 -1 0 11 T M M 5.2 13 240 M M 4 1 17 250
19 90 61 76 -1 0 11 0.00 M M 9.6 20 210 M M 0 1 27 240
20 80 61 71 -6 0 6 0.03 M M 6.4 17 220 M M 5 1 21 220
21 72 62 67 -9 0 2 0.14 M M 9.3 20 90 M M 9 1 26 90
22 82 58 70 -6 0 5 0.00 M M 8.5 16 50 M M 1 1 25 80
23 87 53 70 -6 0 5 0.00 M M 6.4 16 130 M M 0 20 140
24 87 55 71 -5 0 6 0.00 M M 5.4 15 150 M M 1 8 22 140
25 87 55 71 -5 0 6 0.00 M M 6.7 16 130 M M 1 18 24 170
26 90 58 74 -2 0 9 0.00 M M 10.8 23 200 M M 2 33 170
27 94 64 79 4 0 14 0.01 M M 9.4 22 240 M M 2 33 250
28 96 58 77 2 0 12 T M M 5.9 20 310 M M 1 26 310
29 92 62 77 2 0 12 0.04 M M 7.0 25 60 M M 1 38 35 60
30 87 64 76 1 0 11 0.00 M M 11.1 22 50 M M 0 3 28 50
31 89 63 76 2 0 11 0.00 M M 7.0 20 130 M M 1 29 140
================================================================================
SM 2792 1927 0 349 0.81 M 278.0 M 50
================================================================================
AV 90.1 62.2 9.0 FASTST M M 2 MAX(MPH)
MISC ----> 32 130 42 140
================================================================================
NOTES:
# LAST OF SEVERAL OCCURRENCES
COLUMN 17 PEAK WIND IN M.P.H.
PRELIMINARY LOCAL CLIMATOLOGICAL DATA (WS FORM: F-6) , PAGE 2
STATION: DALHART
MONTH: AUGUST
YEAR: 2022
LATITUDE: 36 1 N
LONGITUDE: 102 33 W
[TEMPERATURE DATA] [PRECIPITATION DATA] SYMBOLS USED IN COLUMN 16
AVERAGE MONTHLY: 76.1 TOTAL FOR MONTH: 0.81 1 = FOG OR MIST
DPTR FM NORMAL: -0.8 DPTR FM NORMAL: -1.35 2 = FOG REDUCING VISIBILITY
HIGHEST: 98 ON 14 GRTST 24HR 0.42 ON 16-16 TO 1/4 MILE OR LESS
LOWEST: 53 ON 23 3 = THUNDER
SNOW, ICE PELLETS, HAIL 4 = ICE PELLETS
TOTAL MONTH: M 5 = HAIL
GRTST 24HR M ON M 6 = FREEZING RAIN OR DRIZZLE
GRTST DEPTH: M ON M 7 = DUSTSTORM OR SANDSTORM:
VSBY 1/2 MILE OR LESS
8 = SMOKE OR HAZE
[NO. OF DAYS WITH] [WEATHER - DAYS WITH] 9 = BLOWING SNOW
X = TORNADO
MAX 32 OR BELOW: 0 0.01 INCH OR MORE: 8
MAX 90 OR ABOVE: 18 0.10 INCH OR MORE: 3
MIN 32 OR BELOW: 0 0.50 INCH OR MORE: 0
MIN 0 OR BELOW: 0 1.00 INCH OR MORE: 0
[HDD (BASE 65) ]
TOTAL THIS MO. 0 CLEAR (SCALE 0-3) 26
DPTR FM NORMAL -1 PTCLDY (SCALE 4-7) 4
TOTAL FM JUL 1 0 CLOUDY (SCALE 8-10) 1
DPTR FM NORMAL 0
[CDD (BASE 65) ]
TOTAL THIS MO. 349
DPTR FM NORMAL -22 [PRESSURE DATA]
TOTAL FM JAN 1 1392 HIGHEST SLP M ON M
DPTR FM NORMAL 185 LOWEST SLP 29.62 ON 27
[REMARKS]
#FINAL-08-22#