000
CXUS53 KEAX 010736
CF6DMO
PRELIMINARY LOCAL CLIMATOLOGICAL DATA (WS FORM: F-6)
STATION: SEDALIA MO
MONTH: JULY
YEAR: 2021
LATITUDE: 38 42 N
LONGITUDE: 93 6 W
TEMPERATURE IN F: :PCPN: SNOW: WIND :SUNSHINE: SKY :PK WND
================================================================================
1 2 3 4 5 6A 6B 7 8 9 10 11 12 13 14 15 16 17 18
12Z AVG MX 2MIN
DY MAX MIN AVG DEP HDD CDD WTR SNW DPTH SPD SPD DIR MIN PSBL S-S WX SPD DR
================================================================================
1 83 71 77 1 0 12 0.58 M M 6.2 15 40 M M 6 18 20 30
2 85 65 75 -1 0 10 0.00 M M 3.0 9 30 M M 2 14 30
3 84 68 76 -1 0 11 0.00 M M 4.9 10 110 M M 2 15 110
4 87 65 76 -1 0 11 0.00 M M 6.7 12 190 M M 1 8 17 170
5 87 65 76 -1 0 11 0.00 M M 6.2 12 210 M M 0 15 200
6 88 67 78 1 0 13 0.00 M M 6.1 13 160 M M 1 18 160
7 88 70 79 2 0 14 0.08 M M 5.5 18 320 M M 3 13 26 320
8 84 68 76 -1 0 11 0.00 M M 4.8 13 360 M M 6 17 10
9 91 66 79 2 0 14 0.00 M M 7.5 17 160 M M 1 24 230
10 83 68 76 -1 0 11 0.72 M M 5.9 24 180 M M 6 13 31 350
11 73 66 70 -7 0 5 0.05 M M 7.7 16 350 M M 10 1 22 340
12 73 66 70 -7 0 5 0.43 M M 5.8 13 360 M M 9 1 17 350
13 85 64 75 -2 0 10 0.00 M M 5.9 12 210 M M 2 1 15 210
14 89 70 80 3 0 15 0.00 M M 11.3 21 200 M M 0 29 180
15 84 71 78 0 0 13 0.95 M M 8.2 22 290 M M 4 13 32 280
16 86 70 78 0 0 13 0.04 M M 3.8 9 280 M M 6 1 13 280
17 84 70 77 -1 0 12 0.00 M M 5.5 14 70 M M 2 12 21 70
18 84 67 76 -2 0 11 0.00 M M 6.6 14 70 M M 3 8 18 60
19 85 66 76 -2 0 11 T M M 5.5 14 50 M M 1 18 18 60
20 86 65 76 -2 0 11 0.00 M M 3.6 10 20 M M 1 1 13 50
21 87 66 77 -1 0 12 0.00 M M 1.9 8 170 M M 0 12 10 50
22 88 67 78 0 0 13 0.00 M M 6.2 10 180 M M 1 1 16 200
23 90 72 81 3 0 16 0.00 M M 6.7 12 190 M M 2 1 16 190
24 92 74 83 5 0 18 0.00 M M 7.4 13 200 M M 1 19 220
25 86 73 80 2 0 15 0.32 M M 5.7 20 40 M M 2 13 27 50
26 88 68 78 0 0 13 0.00 M M 4.0 10 130 M M 0 1 14 140
27 92 67 80 2 0 15 0.00 M M 3.5 10 120 M M 0 18 15 120
28 95 72 84 6 0 19 0.00 M M 3.9 9 190 M M 0 12 190
29 94 75 85 7 0 20 0.00 M M 7.1 14 280 M M 0 20 290
30 92 74 83 5 0 18 0.60 M M 5.0 25 220 M M 2 138 36 220
31 84 67 76 -2 0 11 0.07 M M 7.1 14 20 M M 3 1 19 210
================================================================================
SM 2677 2123 0 394 3.84 M 179.2 M 77
================================================================================
AV 86.4 68.5 5.8 FASTST M M 2 MAX(MPH)
MISC ----> 25 220 36 220
================================================================================
NOTES:
# LAST OF SEVERAL OCCURRENCES
COLUMN 17 PEAK WIND IN M.P.H.
PRELIMINARY LOCAL CLIMATOLOGICAL DATA (WS FORM: F-6) , PAGE 2
STATION: SEDALIA MO
MONTH: JULY
YEAR: 2021
LATITUDE: 38 42 N
LONGITUDE: 93 6 W
[TEMPERATURE DATA] [PRECIPITATION DATA] SYMBOLS USED IN COLUMN 16
AVERAGE MONTHLY: 77.4 TOTAL FOR MONTH: 3.84 1 = FOG OR MIST
DPTR FM NORMAL: 0.1 DPTR FM NORMAL: -0.68 2 = FOG REDUCING VISIBILITY
HIGHEST: 95 ON 28 GRTST 24HR 0.99 ON 15-16 TO 1/4 MILE OR LESS
LOWEST: 64 ON 13 3 = THUNDER
SNOW, ICE PELLETS, HAIL 4 = ICE PELLETS
TOTAL MONTH: M 5 = HAIL
GRTST 24HR M ON M 6 = FREEZING RAIN OR DRIZZLE
GRTST DEPTH: M ON M 7 = DUSTSTORM OR SANDSTORM:
VSBY 1/2 MILE OR LESS
8 = SMOKE OR HAZE
[NO. OF DAYS WITH] [WEATHER - DAYS WITH] 9 = BLOWING SNOW
X = TORNADO
MAX 32 OR BELOW: 0 0.01 INCH OR MORE: 10
MAX 90 OR ABOVE: 7 0.10 INCH OR MORE: 6
MIN 32 OR BELOW: 0 0.50 INCH OR MORE: 4
MIN 0 OR BELOW: 0 1.00 INCH OR MORE: 0
[HDD (BASE 65) ]
TOTAL THIS MO. 0 CLEAR (SCALE 0-3) 23
DPTR FM NORMAL -1 PTCLDY (SCALE 4-7) 6
TOTAL FM JUL 1 0 CLOUDY (SCALE 8-10) 2
DPTR FM NORMAL 0
[CDD (BASE 65) ]
TOTAL THIS MO. 394
DPTR FM NORMAL 11 [PRESSURE DATA]
TOTAL FM JAN 1 873 HIGHEST SLP M ON M
DPTR FM NORMAL 117 LOWEST SLP 29.80 ON 11
[REMARKS]
#FINAL-07-21#