000
CXUS54 KEWX 011110
CF6DRT
PRELIMINARY LOCAL CLIMATOLOGICAL DATA (WS FORM: F-6)
STATION: DEL RIO
MONTH: FEBRUARY
YEAR: 2023
LATITUDE: 29 22 N
LONGITUDE: 100 55 W
TEMPERATURE IN F: :PCPN: SNOW: WIND :SUNSHINE: SKY :PK WND
================================================================================
1 2 3 4 5 6A 6B 7 8 9 10 11 12 13 14 15 16 17 18
12Z AVG MX 2MIN
DY MAX MIN AVG DEP HDD CDD WTR SNW DPTH SPD SPD DIR MIN PSBL S-S WX SPD DR
================================================================================
1 41 35 38 -17 27 0 0.05 0.0 0 6.4 14 320 M M 10 18 19 310
2 56 39 48 -8 17 0 T 0.0 0 8.6 22 300 M M 7 18 29 300
3 66 35 51 -5 14 0 0.00 0.0 0 6.0 12 310 M M 0 18 18 330
4 65 39 52 -4 13 0 0.00 0.0 0 8.6 20 140 M M 3 18 27 150
5 80 36 58 2 7 0 0.00 0.0 0 5.3 14 140 M M 0 1 19 140
6 82 53 68 12 0 3 0.00 0.0 0 13.0 25 150 M M 2 1 32 130
7 76 53 65 9 0 0 0.00 0.0 0 12.5 24 290 M M 8 33 310
8 70 46 58 1 7 0 0.00 0.0 0 14.4 29 290 M M 4 37 310
9 79 37 58 1 7 0 0.00 0.0 0 4.5 23 360 M M 0 37 20
10 61 38 50 -7 15 0 0.00 0.0 0 14.0 28 310 M M 3 43 310
11 65 31 48 -9 17 0 0.00 0.0 0 4.6 13 280 M M 0 19 270
12 68 43 56 -2 9 0 0.00 0.0 0 9.5 18 150 M M 0 23 150
13 71 46 59 1 6 0 0.00 0.0 0 9.8 23 150 M M 0 30 150
14 83 49 66 8 0 1 0.00 0.0 0 7.1 20 290 M M 2 29 130
15 95 55 75 17 0 10 0.00 0.0 0 10.5 24 330 M M 0 37 330
16 64 43 54 -4 11 0 T 0.0 0 12.8 22 340 M M 0 33 320
17 57 32 45 -14 20 0 0.00 0.0 0 4.2 12 290 M M 0 17 310
18 56 38 47 -12 18 0 0.00 0.0 0 8.6 21 150 M M 0 26 130
19 74 47 61 2 4 0 0.00 0.0 0 3.9 12 80 M M 0 15 110
20 86 45 66 7 0 1 0.00 0.0 0 5.4 13 150 M M 0 20 160
21 93 58 76 16 0 11 0.00 0.0 0 8.1 20 130 M M 0 25 130
22 96 64 80 20 0 15 0.00 0.0 0 8.2 25 260 M M 0 39 270
23 92 56 74 14 0 9 0.00 0.0 0 6.9 17 100 M M 0 26 100
24 71 63 67 7 0 2 0.00 0.0 0 6.0 13 70 M M 9 18 100
25 63 55 59 -2 6 0 0.02 0.0 0 3.4 8 70 M M 9 18 13 350
26 87 58 73 12 0 8 T 0.0 0 10.4 26 140 M M 6 18 37 140
27 89 54 72 11 0 7 0.00 0.0 0 6.8 22 340 M M 0 32 340
28 90 50 70 9 0 5 0.00 0.0 0 4.7 12 150 M M 1 15 150
================================================================================
SM 2076 1298 198 72 0.07 0.0 224.2 M 64
================================================================================
AV 74.1 46.4 8.0 FASTST M M 2 MAX(MPH)
MISC ----> 29 290 43 310
================================================================================
NOTES:
# LAST OF SEVERAL OCCURRENCES
COLUMN 17 PEAK WIND IN M.P.H.
PRELIMINARY LOCAL CLIMATOLOGICAL DATA (WS FORM: F-6) , PAGE 2
STATION: DEL RIO
MONTH: FEBRUARY
YEAR: 2023
LATITUDE: 29 22 N
LONGITUDE: 100 55 W
[TEMPERATURE DATA] [PRECIPITATION DATA] SYMBOLS USED IN COLUMN 16
AVERAGE MONTHLY: 60.3 TOTAL FOR MONTH: 0.07 1 = FOG OR MIST
DPTR FM NORMAL: 2.0 DPTR FM NORMAL: -0.56 2 = FOG REDUCING VISIBILITY
HIGHEST: 96 ON 22 GRTST 24HR 0.05 ON 1- 1 TO 1/4 MILE OR LESS
LOWEST: 31 ON 11 3 = THUNDER
SNOW, ICE PELLETS, HAIL 4 = ICE PELLETS
TOTAL MONTH: 0.0 INCH 5 = HAIL
GRTST 24HR 0.0 6 = FREEZING RAIN OR DRIZZLE
GRTST DEPTH: 0 7 = DUSTSTORM OR SANDSTORM:
VSBY 1/2 MILE OR LESS
8 = SMOKE OR HAZE
[NO. OF DAYS WITH] [WEATHER - DAYS WITH] 9 = BLOWING SNOW
X = TORNADO
MAX 32 OR BELOW: 0 0.01 INCH OR MORE: 2
MAX 90 OR ABOVE: 5 0.10 INCH OR MORE: 0
MIN 32 OR BELOW: 2 0.50 INCH OR MORE: 0
MIN 0 OR BELOW: 0 1.00 INCH OR MORE: 0
[HDD (BASE 65) ]
TOTAL THIS MO. 198 CLEAR (SCALE 0-3) 20
DPTR FM NORMAL -18 PTCLDY (SCALE 4-7) 5
TOTAL FM JUL 1 918 CLOUDY (SCALE 8-10) 3
DPTR FM NORMAL -225
[CDD (BASE 65) ]
TOTAL THIS MO. 72
DPTR FM NORMAL 48 [PRESSURE DATA]
TOTAL FM JAN 1 101 HIGHEST SLP 30.61 ON 17
DPTR FM NORMAL 73 LOWEST SLP 29.47 ON 22
[REMARKS]
#FINAL-02-23#