000
CXUS54 KEWX 142135
CF6DRT
PRELIMINARY LOCAL CLIMATOLOGICAL DATA (WS FORM: F-6)
STATION: DEL RIO
MONTH: NOVEMBER
YEAR: 2021
LATITUDE: 29 22 N
LONGITUDE: 100 55 W
TEMPERATURE IN F: :PCPN: SNOW: WIND :SUNSHINE: SKY :PK WND
================================================================================
1 2 3 4 5 6A 6B 7 8 9 10 11 12 13 14 15 16 17 18
12Z AVG MX 2MIN
DY MAX MIN AVG DEP HDD CDD WTR SNW DPTH SPD SPD DIR MIN PSBL S-S WX SPD DR
================================================================================
1 85 69 77 10 0 12 0.00 0.0 0 10.2 16 160 M M 5 8 23 140
2 83 68 76 10 0 11 0.00 0.0 0 11.3 18 140 M M 7 26 90
3 75 58 67 1 0 2 0.53 0.0 0 9.1 24 150 M M 8 138 30 150
4 63 54 59 -6 6 0 T 0.0 0 6.2 12 300 M M 10 17 340
5 68 54 61 -4 4 0 0.00 0.0 0 8.8 14 140 M M 7 20 140
6 74 50 62 -3 3 0 0.00 0.0 0 7.2 13 160 M M 2 19 150
7 79 52 66 2 0 1 0.00 0.0 0 9.9 18 150 M M 0 25 130
8 81 55 68 4 0 3 0.00 0.0 0 9.9 20 150 M M 1 27 120
9 78 65 72 9 0 7 0.00 0.0 0 8.5 14 140 M M 4 8 20 130
10 86 64 75 12 0 10 0.00 0.0 0 8.4 16 150 M M 1 8 25 130
11 86 58 72 9 0 7 0.00 0.0 0 3.8 12 70 M M 0 15 70
12 85 54 70 8 0 5 0.00 0.0 0 4.9 13 40 M M 0 25 40
13 77 48 63 1 2 0 0.00 0.0 0 7.8 21 160 M M 1 29 180
14 86 51 69 7 0 4 0.00 0.0 0 3.5 14 90 M M 0 20 80
15 86 51 69 8 0 4 0.00 0.0 0 5.0 14 140 M M 1 18 19 120
16 88 61 75 14 0 10 0.00 0.0 0 9.4 17 150 M M 2 1 23 160
17 85 61 73 13 0 8 0.00 0.0 0 8.5 15 10 M M 1 25 10
18 69 56 63 3 2 0 T 0.0 0 8.6 20 350 M M 9 27 350
19 73 49 61 1 4 0 0.00 0.0 0 8.4 16 160 M M 4 22 150
20 79 51 65 6 0 0 0.00 0.0 0 9.4 17 140 M M 0 23 160
21 80 60 70 11 0 5 0.00 0.0 0 7.6 20 340 M M 7 1 29 350
22 74 51 63 4 2 0 0.00 0.0 0 4.0 10 330 M M 0 15 330
23 78 46 62 4 3 0 0.00 0.0 0 9.4 22 140 M M 0 8 31 140
24 80 60 70 12 0 5 0.00 0.0 0 8.5 15 150 M M 4 23 110
25 70 59 65 7 0 0 0.00 0.0 0 9.9 22 330 M M 3 35 350
26 60 49 55 -3 10 0 0.01 0.0 0 3.9 10 120 M M 4 14 110
27 58 48 53 -4 12 0 0.10 0.0 0 6.0 15 150 M M 8 19 120
28 78 45 62 5 3 0 0.00 0.0 0 5.7 17 280 M M 3 1 23 290
29 78 43 61 4 4 0 0.00 0.0 0 4.2 13 170 M M 0 19 150
30 80 52 66 10 0 1 0.00 0.0 0 7.6 15 140 M M 0 22 150
================================================================================
SM 2322 1642 55 95 0.64 0.0 225.6 M 92
================================================================================
AV 77.4 54.7 7.5 FASTST M M 3 MAX(MPH)
MISC ----> 24 150 35 350
================================================================================
NOTES:
# LAST OF SEVERAL OCCURRENCES
COLUMN 17 PEAK WIND IN M.P.H.
PRELIMINARY LOCAL CLIMATOLOGICAL DATA (WS FORM: F-6) , PAGE 2
STATION: DEL RIO
MONTH: NOVEMBER
YEAR: 2021
LATITUDE: 29 22 N
LONGITUDE: 100 55 W
[TEMPERATURE DATA] [PRECIPITATION DATA] SYMBOLS USED IN COLUMN 16
AVERAGE MONTHLY: 66.1 TOTAL FOR MONTH: 0.64 1 = FOG OR MIST
DPTR FM NORMAL: 5.0 DPTR FM NORMAL: -0.27 2 = FOG REDUCING VISIBILITY
HIGHEST: 88 ON 16 GRTST 24HR 0.53 ON 3- 3 TO 1/4 MILE OR LESS
LOWEST: 43 ON 29 3 = THUNDER
SNOW, ICE PELLETS, HAIL 4 = ICE PELLETS
TOTAL MONTH: 0.0 INCH 5 = HAIL
GRTST 24HR 0.0 6 = FREEZING RAIN OR DRIZZLE
GRTST DEPTH: 0 7 = DUSTSTORM OR SANDSTORM:
VSBY 1/2 MILE OR LESS
8 = SMOKE OR HAZE
[NO. OF DAYS WITH] [WEATHER - DAYS WITH] 9 = BLOWING SNOW
X = TORNADO
MAX 32 OR BELOW: 0 0.01 INCH OR MORE: 3
MAX 90 OR ABOVE: 0 0.10 INCH OR MORE: 2
MIN 32 OR BELOW: 0 0.50 INCH OR MORE: 1
MIN 0 OR BELOW: 0 1.00 INCH OR MORE: 0
[HDD (BASE 65) ]
TOTAL THIS MO. 55 CLEAR (SCALE 0-3) 18
DPTR FM NORMAL -111 PTCLDY (SCALE 4-7) 9
TOTAL FM JUL 1 55 CLOUDY (SCALE 8-10) 3
DPTR FM NORMAL -135
[CDD (BASE 65) ]
TOTAL THIS MO. 95
DPTR FM NORMAL 45 [PRESSURE DATA]
TOTAL FM JAN 1 4275 HIGHEST SLP 30.46 ON 18
DPTR FM NORMAL 647 LOWEST SLP 29.76 ON 10
[REMARKS]
#FINAL-11-21#