000
CXUS54 KEWX 261428
CF6DRT
PRELIMINARY LOCAL CLIMATOLOGICAL DATA (WS FORM: F-6)
STATION: DEL RIO
MONTH: APRIL
YEAR: 2021
LATITUDE: 29 22 N
LONGITUDE: 100 55 W
TEMPERATURE IN F: :PCPN: SNOW: WIND :SUNSHINE: SKY :PK WND
================================================================================
1 2 3 4 5 6A 6B 7 8 9 10 11 12 13 14 15 16 17 18
12Z AVG MX 2MIN
DY MAX MIN AVG DEP HDD CDD WTR SNW DPTH SPD SPD DIR MIN PSBL S-S WX SPD DR
================================================================================
1 75 52 64 -6 1 0 0.00 0.0 0 9.2 20 160 M M 2 34 150
2 78 58 68 -2 0 3 0.00 0.0 0 16.0 29 160 M M 4 41 160
3 71 59 65 -5 0 0 0.03 0.0 0 14.4 25 150 M M 8 35 150
4 74 65 70 0 0 5 T 0.0 0 10.2 18 100 M M 10 24 120
5 86 65 76 6 0 11 0.00 0.0 0 11.8 21 150 M M 5 31 140
6 94 68 81 10 0 16 0.00 0.0 0 13.3 21 150 M M 3 32 130
7 95 66 81 10 0 16 0.00 0.0 0 9.4 22 300 M M 0 33 330
8 102 55 79 8 0 14 0.00 0.0 0 6.1 18 170 M M 0 24 160
9 103 67 85 14 0 20 0.00 0.0 0 9.7 32 270 M M 1 18 44 260
10 89 64 77 5 0 12 0.00 0.0 0 7.0 16 330 M M 0 25 360
11 96 59 78 6 0 13 0.00 0.0 0 8.8 20 150 M M 0 26 140
12 88 70 79 7 0 14 T 0.0 0 9.2 15 130 M M 4 8 38 110
13 83 62 73 1 0 8 0.07 0.0 0 11.2 23 100 M M 9 1 38 110
14 88 67 78 6 0 13 0.00 0.0 0 4.6 13 270 M M 7 15 260
15 79 68 74 1 0 9 0.19 0.0 0 9.1 16 100 M M 10 138 24 100
16 92 64 78 5 0 13 0.00 0.0 0 8.8 24 20 M M 7 1 39 10
17 71 56 64 -9 1 0 T 0.0 0 10.1 20 350 M M 7 27 330
18 75 50 63 -10 2 0 0.00 0.0 0 3.2 9 350 M M 4 13 350
19 75 55 65 -8 0 0 0.00 0.0 0 5.8 10 150 M M 6 14 150
20 91 52 72 -2 0 7 0.00 0.0 0 7.1 28 350 M M 0 38 350
21 68 54 61 -13 4 0 0.00 0.0 0 7.6 13 110 M M 8 20 50
22 67 59 63 -11 2 0 0.01 0.0 0 12.3 20 130 M M 9 18 30 100
23 94 67 81 7 0 16 0.00 0.0 0 7.9 16 290 M M 6 18 23 110
24 96 61 79 5 0 14 0.00 0.0 0 7.5 18 340 M M 0 28 340
25 96 63 80 5 0 15 0.00 0.0 0 11.9 22 160 M M 0 30 170
26 86 69 78 3 0 13 0.00 0.0 0 11.5 20 120 M M 3 32 100
27 89 75 82 7 0 17 T 0.0 0 13.1 23 120 M M 5 8 34 100
28 94 71 83 8 0 18 0.82 T 0 11.6 26 280 M M 7 358 42 270
29 81 65 73 -3 0 8 T 0.0 0 15.9 29 290 M M 7 43 300
30 81 65 73 -3 0 8 0.00 0.0 0 8.9 17 310 M M 8 25 300
================================================================================
SM 2557 1871 10 283 1.12 T 293.2 M 140
================================================================================
AV 85.2 62.4 9.8 FASTST M M 5 MAX(MPH)
MISC ----> 32 270 44 260
================================================================================
NOTES:
# LAST OF SEVERAL OCCURRENCES
COLUMN 17 PEAK WIND IN M.P.H.
PRELIMINARY LOCAL CLIMATOLOGICAL DATA (WS FORM: F-6) , PAGE 2
STATION: DEL RIO
MONTH: APRIL
YEAR: 2021
LATITUDE: 29 22 N
LONGITUDE: 100 55 W
[TEMPERATURE DATA] [PRECIPITATION DATA] SYMBOLS USED IN COLUMN 16
AVERAGE MONTHLY: 73.8 TOTAL FOR MONTH: 1.12 1 = FOG OR MIST
DPTR FM NORMAL: 1.1 DPTR FM NORMAL: -0.38 2 = FOG REDUCING VISIBILITY
HIGHEST: 103 ON 9 GRTST 24HR 0.82 ON 28-28 TO 1/4 MILE OR LESS
LOWEST: 50 ON 18 3 = THUNDER
SNOW, ICE PELLETS, HAIL 4 = ICE PELLETS
TOTAL MONTH: T 5 = HAIL
GRTST 24HR T ON 28-28 6 = FREEZING RAIN OR DRIZZLE
GRTST DEPTH: 0 7 = DUSTSTORM OR SANDSTORM:
VSBY 1/2 MILE OR LESS
8 = SMOKE OR HAZE
[NO. OF DAYS WITH] [WEATHER - DAYS WITH] 9 = BLOWING SNOW
X = TORNADO
MAX 32 OR BELOW: 0 0.01 INCH OR MORE: 5
MAX 90 OR ABOVE: 11 0.10 INCH OR MORE: 2
MIN 32 OR BELOW: 0 0.50 INCH OR MORE: 1
MIN 0 OR BELOW: 0 1.00 INCH OR MORE: 0
[HDD (BASE 65) ]
TOTAL THIS MO. 10 CLEAR (SCALE 0-3) 11
DPTR FM NORMAL -6 PTCLDY (SCALE 4-7) 15
TOTAL FM JUL 1 1158 CLOUDY (SCALE 8-10) 4
DPTR FM NORMAL -90
[CDD (BASE 65) ]
TOTAL THIS MO. 283
DPTR FM NORMAL 36 [PRESSURE DATA]
TOTAL FM JAN 1 468 HIGHEST SLP 30.52 ON 1
DPTR FM NORMAL 83 LOWEST SLP 29.51 ON 28
[REMARKS]
#FINAL-04-21#