000
CXUS54 KEWX 011011
CF6DRT
PRELIMINARY LOCAL CLIMATOLOGICAL DATA (WS FORM: F-6)
STATION: DEL RIO
MONTH: AUGUST
YEAR: 2020
LATITUDE: 29 22 N
LONGITUDE: 100 55 W
TEMPERATURE IN F: :PCPN: SNOW: WIND :SUNSHINE: SKY :PK WND
================================================================================
1 2 3 4 5 6A 6B 7 8 9 10 11 12 13 14 15 16 17 18
12Z AVG MX 2MIN
DY MAX MIN AVG DEP HDD CDD WTR SNW DPTH SPD SPD DIR MIN PSBL S-S WX SPD DR
================================================================================
1 105 75 90 3 0 25 T 0.0 0 6.8 21 120 M M 1 3 28 120
2 103 77 90 3 0 25 T 0.0 0 9.6 21 140 M M 0 30 120
3 104 77 91 4 0 26 0.00 0.0 0 9.6 20 100 M M 0 27 100
4 104 77 91 4 0 26 0.00 0.0 0 11.0 21 160 M M 0 30 150
5 104 78 91 4 0 26 0.00 0.0 0 11.5 23 150 M M 0 31 150
6 102 80 91 4 0 26 0.00 0.0 0 12.0 22 150 M M 0 33 140
7 103 80 92 5 0 27 0.00 0.0 0 14.1 23 140 M M 1 32 130
8 102 79 91 4 0 26 0.00 0.0 0 12.4 22 150 M M 2 33 160
9 103 79 91 4 0 26 0.00 0.0 0 13.7 24 160 M M 0 35 160
10 104 79 92 5 0 27 0.00 0.0 0 15.0 25 150 M M 0 37 150
11 104 80 92 5 0 27 0.00 0.0 0 13.4 24 160 M M 0 34 140
12 105 81 93 6 0 28 0.00 0.0 0 12.0 21 160 M M 0 29 150
13 105 81 93 6 0 28 0.00 0.0 0 10.7 21 150 M M 0 28 130
14 107 80 94 7 0 29 0.00 0.0 0 9.5 18 150 M M 0 24 150
15 108 80 94 7 0 29 0.00 0.0 0 10.1 16 60 M M 0 25 40
16 106 83 95 8 0 30 0.00 0.0 0 8.7 16 120 M M 1 25 130
17 103 75 89 3 0 24 0.50 0.0 0 7.4 26 70 M M 2 38 48 120
18 101 72 87 1 0 22 T 0.0 0 4.5 23 120 M M 1 3 35 110
19 102 71 87 1 0 22 0.00 0.0 0 4.0 14 170 M M 0 19 170
20 106 75 91 5 0 26 0.00 0.0 0 7.7 26 80 M M 0 37 70
21 104 75 90 4 0 25 0.00 0.0 0 9.6 18 120 M M 0 28 130
22 100 77 89 3 0 24 0.00 0.0 0 11.8 21 110 M M 0 29 100
23 100 76 88 2 0 23 0.00 0.0 0 9.8 17 100 M M 1 24 120
24 100 76 88 2 0 23 0.00 0.0 0 8.0 17 100 M M 0 3 24 20
25 101 76 89 3 0 24 0.00 0.0 0 5.0 13 90 M M 1 21 100
26 104 76 90 5 0 25 0.00 0.0 0 5.8 14 70 M M 1 21 100
27 105 82 94 9 0 29 0.00 0.0 0 7.7 15 140 M M 1 20 140
28 108 84 96 11 0 31 0.00 0.0 0 9.9 16 150 M M 0 24 150
29 107 83 95 10 0 30 0.00 0.0 0 10.0 18 160 M M 0 30 130
30 105 82 94 9 0 29 0.00 0.0 0 10.8 18 150 M M 0 26 140
31 105 83 94 10 0 29 0.00 0.0 0 10.9 17 180 M M 2 8 24 130
================================================================================
SM 3220 2429 0 817 0.50 0.0 303.0 M 14
================================================================================
AV103.9 78.4 9.8 FASTST M M 0 MAX(MPH)
MISC ----> # 26 70 # 48 120
================================================================================
NOTES:
# LAST OF SEVERAL OCCURRENCES
COLUMN 17 PEAK WIND IN M.P.H.
PRELIMINARY LOCAL CLIMATOLOGICAL DATA (WS FORM: F-6) , PAGE 2
STATION: DEL RIO
MONTH: AUGUST
YEAR: 2020
LATITUDE: 29 22 N
LONGITUDE: 100 55 W
[TEMPERATURE DATA] [PRECIPITATION DATA] SYMBOLS USED IN COLUMN 16
AVERAGE MONTHLY: 91.1 TOTAL FOR MONTH: 0.50 1 = FOG OR MIST
DPTR FM NORMAL: 4.9 DPTR FM NORMAL: -1.68 2 = FOG REDUCING VISIBILITY
HIGHEST: 108 ON 28,15 GRTST 24HR 0.50 ON 17-17 TO 1/4 MILE OR LESS
LOWEST: 71 ON 19 3 = THUNDER
SNOW, ICE PELLETS, HAIL 4 = ICE PELLETS
TOTAL MONTH: 0.0 INCH 5 = HAIL
GRTST 24HR 0.0 6 = FREEZING RAIN OR DRIZZLE
GRTST DEPTH: 0 7 = DUSTSTORM OR SANDSTORM:
VSBY 1/2 MILE OR LESS
8 = SMOKE OR HAZE
[NO. OF DAYS WITH] [WEATHER - DAYS WITH] 9 = BLOWING SNOW
X = TORNADO
MAX 32 OR BELOW: 0 0.01 INCH OR MORE: 1
MAX 90 OR ABOVE: 31 0.10 INCH OR MORE: 1
MIN 32 OR BELOW: 0 0.50 INCH OR MORE: 1
MIN 0 OR BELOW: 0 1.00 INCH OR MORE: 0
[HDD (BASE 65) ]
TOTAL THIS MO. 0 CLEAR (SCALE 0-3) 31
DPTR FM NORMAL 0 PTCLDY (SCALE 4-7) 0
TOTAL FM JUL 1 0 CLOUDY (SCALE 8-10) 0
DPTR FM NORMAL 0
[CDD (BASE 65) ]
TOTAL THIS MO. 817
DPTR FM NORMAL 160 [PRESSURE DATA]
TOTAL FM JAN 1 3393 HIGHEST SLP 30.07 ON 17
DPTR FM NORMAL 758 LOWEST SLP 29.57 ON 31
[REMARKS]
#FINAL-08-20#