000
CXUS55 KTWC 010855
CF6DUG
PRELIMINARY LOCAL CLIMATOLOGICAL DATA (WS FORM: F-6)
STATION: DOUGLAS AZ
MONTH: AUGUST
YEAR: 2023
LATITUDE: 31 28 N
LONGITUDE: 109 36 W
TEMPERATURE IN F: :PCPN: SNOW: WIND :SUNSHINE: SKY :PK WND
================================================================================
1 2 3 4 5 6A 6B 7 8 9 10 11 12 13 14 15 16 17 18
12Z AVG MX 2MIN
DY MAX MIN AVG DEP HDD CDD WTR SNW DPTH SPD SPD DIR MIN PSBL S-S WX SPD DR
================================================================================
1 99 65 82 4 0 17 0.00 M M 6.1 14 180 M M 1 24 190
2 99 70 85 7 0 20 0.14 M M 6.1 31 80 M M 2 42 80
3 98 64 81 3 0 16 0.12 M M 5.3 17 310 M M 1 22 300
4 103 66 85 7 0 20 0.00 M M 6.2 14 270 M M 0 20 280
5 106 67 87 9 0 22 0.00 M M 7.2 14 320 M M 0 18 310
6 104 70 87 9 0 22 0.04 M M 8.8 31 340 M M 1 44 340
7 92 67 80 2 0 15 0.23 M M 8.3 32 160 M M 1 1 44 160
8 96 64 80 2 0 15 0.12 M M 6.3 31 320 M M 2 1 42 320
9 98 62 80 2 0 15 0.13 M M 6.3 32 170 M M 1 43 180
10 86 66 76 -2 0 11 T M M 4.9 24 170 M M 3 33 180
11 85 68 77 -1 0 12 0.00 M M 8.7 21 340 M M 4 26 340
12 94 61 78 0 0 13 T M M 8.2 31 350 M M 0 40 340
13 87 61 74 -4 0 9 0.00 M M 3.4 10 190 M M 2 13 290
14 94 67 81 3 0 16 T M M 10.9 26 80 M M 2 35 70
15 95 72 84 6 0 19 T M M 9.8 22 110 M M 2 34 130
16 100 67 84 6 0 19 0.02 M M 7.1 21 60 M M 1 29 70
17 100 64 82 4 0 17 0.02 M M 5.7 30 340 M M 1 40 340
18 97 63 80 2 0 15 0.10 M M 8.9 22 80 M M 1 44 60
19 84 62 73 -5 0 8 T M M 6.4 25 190 M M 2 33 180
20 91 65 78 0 0 13 0.02 M M 11.5 30 200 M M 4 41 200
21 96 66 81 3 0 16 0.07 M M 8.9 25 210 M M M 1 37 200
22 95 60 78 0 0 13 T M M 8.4 26 120 M M M 34 130
23 84 64 74 -4 0 9 0.08 M M 7.9 29 90 M M M 1 38 90
24 94 58 76 -2 0 11 0.00 M M 6.0 16 70 M M 0 22 60
25 99 63 81 4 0 16 0.13 M M 7.3 28 290 M M M 41 290
26 90 69 80 3 0 15 T M M 6.6 22 80 M M M 29 130
27 100 63 82 5 0 17 0.00 M M 5.8 20 180 M M M 24 180
28 101 63 82 5 0 17 T M M 7.2 26 320 M M 1 35 330
29 98 67 83 6 0 18 0.00 M M 9.5 32 320 M M 1 8 42 330
30 97 68 83 6 0 18 0.01 M M 7.1 26 130 M M 1 38 130
31 98 64 81 4 0 16 T M M 5.2 37 50 M M 1 46 60
================================================================================
SM 2960 2016 0 480 1.23 M 226.0 M 35
================================================================================
AV 95.5 65.0 7.3 FASTST M M 1 MAX(MPH)
MISC ----> 37 50 46 60
================================================================================
NOTES:
# LAST OF SEVERAL OCCURRENCES
COLUMN 17 PEAK WIND IN M.P.H.
PRELIMINARY LOCAL CLIMATOLOGICAL DATA (WS FORM: F-6) , PAGE 2
STATION: DOUGLAS AZ
MONTH: AUGUST
YEAR: 2023
LATITUDE: 31 28 N
LONGITUDE: 109 36 W
[TEMPERATURE DATA] [PRECIPITATION DATA] SYMBOLS USED IN COLUMN 16
AVERAGE MONTHLY: 80.3 TOTAL FOR MONTH: 1.23 1 = FOG OR MIST
DPTR FM NORMAL: 2.6 DPTR FM NORMAL: -1.68 2 = FOG REDUCING VISIBILITY
HIGHEST: 106 ON 5 GRTST 24HR 0.35 ON 7- 8 TO 1/4 MILE OR LESS
LOWEST: 58 ON 24 3 = THUNDER
SNOW, ICE PELLETS, HAIL 4 = ICE PELLETS
TOTAL MONTH: M 5 = HAIL
GRTST 24HR M ON M 6 = FREEZING RAIN OR DRIZZLE
GRTST DEPTH: M ON M 7 = DUSTSTORM OR SANDSTORM:
VSBY 1/2 MILE OR LESS
8 = SMOKE OR HAZE
[NO. OF DAYS WITH] [WEATHER - DAYS WITH] 9 = BLOWING SNOW
X = TORNADO
MAX 32 OR BELOW: 0 0.01 INCH OR MORE: 14
MAX 90 OR ABOVE: 26 0.10 INCH OR MORE: 7
MIN 32 OR BELOW: 0 0.50 INCH OR MORE: 0
MIN 0 OR BELOW: 0 1.00 INCH OR MORE: 0
[HDD (BASE 65) ]
TOTAL THIS MO. 0 CLEAR (SCALE 0-3) 23
DPTR FM NORMAL 0 PTCLDY (SCALE 4-7) 2
TOTAL FM JUL 1 0 CLOUDY (SCALE 8-10) 6
DPTR FM NORMAL 0
[CDD (BASE 65) ]
TOTAL THIS MO. 480
DPTR FM NORMAL 88 [PRESSURE DATA]
TOTAL FM JAN 1 1592 HIGHEST SLP M ON M
DPTR FM NORMAL 201 LOWEST SLP 29.69 ON 31
[REMARKS]
#FINAL-08-23#