000
CXUS53 KFGF 010815
CF6DVL
PRELIMINARY LOCAL CLIMATOLOGICAL DATA (WS FORM: F-6)
STATION: DEVILS LAKE ND
MONTH: OCTOBER
YEAR: 2022
LATITUDE: 48 7 N
LONGITUDE: 98 54 W
TEMPERATURE IN F: :PCPN: SNOW: WIND :SUNSHINE: SKY :PK WND
================================================================================
1 2 3 4 5 6A 6B 7 8 9 10 11 12 13 14 15 16 17 18
12Z AVG MX 2MIN
DY MAX MIN AVG DEP HDD CDD WTR SNW DPTH SPD SPD DIR MIN PSBL S-S WX SPD DR
================================================================================
1 64 50 57 6 8 0 T M M 11.7 17 50 M M 3 21 60
2 64 51 58 8 7 0 0.20 M M 11.0 18 140 M M 2 M M
3 69 54 62 12 3 0 0.04 M M 4.9 9 150 M M 3 1 M M
4 70 48 59 10 6 0 0.00 M M 3.9 9 320 M M 5 12 M M
5 73 42 58 9 7 0 0.00 M M 13.0 28 10 M M 4 1 36 10
6 44 27 36 -12 29 0 0.00 M M 13.1 21 20 M M 4 32 20
7 52 20 36 -12 29 0 0.00 M M 8.5 16 250 M M 0 1 22 250
8 66 41 54 7 11 0 0.00 M M 8.8 16 330 M M 0 17 320
9 58 35 47 1 18 0 0.00 M M 6.5 14 350 M M 1 1 M M
10 72 40 56 10 9 0 0.00 M M 11.3 17 150 M M 0 20 190
11 64 44 54 9 11 0 0.00 M M 14.6 31 300 M M 1 40 290
12 47 38 43 -2 22 0 T M M 20.3 29 320 M M 9 37 330
13 39 34 37 -7 28 0 0.01 M M 16.0 27 300 M M 10 35 320
14 45 33 39 -5 26 0 T M M 15.5 24 350 M M 7 1 36 330
15 51 35 43 0 22 0 0.00 M M 17.0 23 320 M M 6 32 340
16 40 24 32 -10 33 0 0.00 M M 13.5 20 330 M M 5 24 330
17 37 20 29 -13 36 0 0.00 M M 6.8 12 40 M M 3 M M
18 43 16 30 -11 35 0 0.00 M M 4.3 8 180 M M 0 M M
19 66 32 49 9 16 0 0.00 M M 8.3 16 350 M M 0 8 M M
20 69 29 49 9 16 0 0.00 M M 7.9 13 290 M M 0 M M
21 57 38 48 9 17 0 0.04 M M 10.6 18 320 M M 4 27 320
22 53 42 48 9 17 0 0.04 M M 12.1 21 50 M M 4 31 50
23 62 42 52 14 13 0 0.14 M M 18.8 24 70 M M 4 3 31 60
24 55 33 44 6 21 0 0.09 M M 17.3 24 290 M M 10 1 32 280
25 38 33 36 -1 29 0 0.00 M M 15.4 22 280 M M 10 28 280
26 49 24 37 1 28 0 0.00 M M 5.7 13 160 M M 4 M M
27 57 33 45 9 20 0 0.00 M M 11.3 20 200 M M 1 24 200
28 62 41 52 17 13 0 0.00 M M 13.7 18 230 M M 0 24 230
29 59 33 46 11 19 0 0.00 M M 7.0 13 210 M M 0 M M
30 60 24 42 8 23 0 0.00 M M 7.0 17 220 M M 0 1 M M
31 59 34 47 13 18 0 M M M 8.8 14 250 M M 0 M M
================================================================================
SM 1744 1090 590 0 0.56 M 344.7 M 100
================================================================================
AV 56.3 35.2 11.1 FASTST M M 3 MAX(MPH)
MISC ----> 31 300 40 290
================================================================================
NOTES:
# LAST OF SEVERAL OCCURRENCES
COLUMN 17 PEAK WIND IN M.P.H.
PRELIMINARY LOCAL CLIMATOLOGICAL DATA (WS FORM: F-6) , PAGE 2
STATION: DEVILS LAKE ND
MONTH: OCTOBER
YEAR: 2022
LATITUDE: 48 7 N
LONGITUDE: 98 54 W
[TEMPERATURE DATA] [PRECIPITATION DATA] SYMBOLS USED IN COLUMN 16
AVERAGE MONTHLY: 45.7 TOTAL FOR MONTH: 0.56 1 = FOG OR MIST
DPTR FM NORMAL: 3.4 DPTR FM NORMAL: -0.95 2 = FOG REDUCING VISIBILITY
HIGHEST: 73 ON 5 GRTST 24HR 0.20 ON 2- 2 TO 1/4 MILE OR LESS
LOWEST: 16 ON 18 3 = THUNDER
SNOW, ICE PELLETS, HAIL 4 = ICE PELLETS
TOTAL MONTH: M 5 = HAIL
GRTST 24HR M ON M 6 = FREEZING RAIN OR DRIZZLE
GRTST DEPTH: M ON M 7 = DUSTSTORM OR SANDSTORM:
VSBY 1/2 MILE OR LESS
8 = SMOKE OR HAZE
[NO. OF DAYS WITH] [WEATHER - DAYS WITH] 9 = BLOWING SNOW
X = TORNADO
MAX 32 OR BELOW: 0 0.01 INCH OR MORE: 7
MAX 90 OR ABOVE: 0 0.10 INCH OR MORE: 2
MIN 32 OR BELOW: 9 0.50 INCH OR MORE: 0
MIN 0 OR BELOW: 0 1.00 INCH OR MORE: 0
[HDD (BASE 65) ]
TOTAL THIS MO. 590 CLEAR (SCALE 0-3) 15
DPTR FM NORMAL -115 PTCLDY (SCALE 4-7) 12
TOTAL FM JUL 1 782 CLOUDY (SCALE 8-10) 4
DPTR FM NORMAL -198
[CDD (BASE 65) ]
TOTAL THIS MO. 0
DPTR FM NORMAL 0 [PRESSURE DATA]
TOTAL FM JAN 1 457 HIGHEST SLP M ON M
DPTR FM NORMAL 203 LOWEST SLP M ON M
[REMARKS]
#FINAL-10-22#