000
CXUS53 KFGF 010815
CF6DVL
PRELIMINARY LOCAL CLIMATOLOGICAL DATA (WS FORM: F-6)
STATION: DEVILS LAKE ND
MONTH: AUGUST
YEAR: 2023
LATITUDE: 48 7 N
LONGITUDE: 98 54 W
TEMPERATURE IN F: :PCPN: SNOW: WIND :SUNSHINE: SKY :PK WND
================================================================================
1 2 3 4 5 6A 6B 7 8 9 10 11 12 13 14 15 16 17 18
12Z AVG MX 2MIN
DY MAX MIN AVG DEP HDD CDD WTR SNW DPTH SPD SPD DIR MIN PSBL S-S WX SPD DR
================================================================================
1 92 67 80 10 0 15 M M M 8.3 21 200 M M 0 M M
2 88 60 74 4 0 9 M M M 4.7 12 220 M M 0 M M
3 87 64 76 6 0 11 0.00 M M 7.1 12 90 M M 0 M M
4 82 64 73 3 0 8 M M M 3.8 8 110 M M 0 8 M M
5 81 63 72 2 0 7 M M M 4.7 9 350 M M 1 1 M M
6 80 59 70 0 0 5 0.00 M M 9.1 14 330 M M 2 21 310
7 82 52 67 -2 0 2 M M M 4.3 12 230 M M 1 18 230
8 79 63 71 2 0 6 M M M 8.6 14 260 M M 1 38 M M
9 74 55 65 -4 0 0 0.06 M M 6.2 10 260 M M 6 M M
10 66 54 60 -9 5 0 0.01 M M 10.3 17 110 M M 7 30 120
11 79 55 67 -2 0 2 T M M 10.7 33 300 M M 6 12 41 300
12 75 54 65 -3 0 0 M M M 8.3 14 330 M M 4 16 340
13 67 58 63 -5 2 0 0.28 M M 6.3 12 20 M M 8 1 M M
14 78 53 66 -2 0 1 M M M 6.4 12 210 M M 4 12 17 240
15 91 65 78 10 0 13 M M M 10.5 16 250 M M 0 M M
16 79 60 70 2 0 5 T M M 20.7 33 330 M M 2 45 330
17 75 51 63 -4 2 0 M M M 10.1 14 310 M M 0 M M
18 84 62 73 6 0 8 M M M 15.1 23 180 M M 0 32 160
19 81 56 69 2 0 4 M M M 13.1 25 290 M M 0 32 290
20 65 53 59 -7 6 0 0.08 M M 5.1 12 90 M M 6 M M
21 64 55 60 -6 5 0 0.03 M M 12.4 17 90 M M 10 21 90
22 70 59 65 -1 0 0 T M M 6.8 13 90 M M 10 1 M M
23 74 62 68 2 0 3 M M M 5.6 13 140 M M 9 1 M M
24 84 65 75 10 0 10 0.24 M M 5.5 24 190 M M 7 123 38 340
25 71 55 63 -2 2 0 M M M 10.7 16 20 M M 2 23 20
26 72 45 59 -6 6 0 M M M 5.7 12 170 M M 2 12 M M
27 80 60 70 6 0 5 0.02 M M 8.1 16 160 M M 3 M M
28 80 55 68 4 0 3 M M M 7.5 14 350 M M 1 8 M M
29 78 57 68 4 0 3 0.00 0.0 0 9.0 14 20 M M 0 18 17 360
30 81 53 67 4 0 2 0.00 0.0 0 10.8 17 140 M M 0 18 20 150
31 84 66 75 12 0 10 0.07 0.0 0 14.1 18 200 M M 2 3 24 180
================================================================================
SM 2423 1800 28 132 0.79 0.0 269.5 M 94
================================================================================
AV 78.2 58.1 8.7 FASTST M M 3 MAX(MPH)
MISC ----> 33 300 45 330
================================================================================
NOTES:
# LAST OF SEVERAL OCCURRENCES
COLUMN 17 PEAK WIND IN M.P.H.
PRELIMINARY LOCAL CLIMATOLOGICAL DATA (WS FORM: F-6) , PAGE 2
STATION: DEVILS LAKE ND
MONTH: AUGUST
YEAR: 2023
LATITUDE: 48 7 N
LONGITUDE: 98 54 W
[TEMPERATURE DATA] [PRECIPITATION DATA] SYMBOLS USED IN COLUMN 16
AVERAGE MONTHLY: 68.1 TOTAL FOR MONTH: 0.79 1 = FOG OR MIST
DPTR FM NORMAL: 0.9 DPTR FM NORMAL: M 2 = FOG REDUCING VISIBILITY
HIGHEST: 92 ON 1 GRTST 24HR 0.28 ON 13-13 TO 1/4 MILE OR LESS
LOWEST: 45 ON 26 3 = THUNDER
SNOW, ICE PELLETS, HAIL 4 = ICE PELLETS
TOTAL MONTH: 0.0 INCH 5 = HAIL
GRTST 24HR 0.0 6 = FREEZING RAIN OR DRIZZLE
GRTST DEPTH: 0 7 = DUSTSTORM OR SANDSTORM:
VSBY 1/2 MILE OR LESS
8 = SMOKE OR HAZE
[NO. OF DAYS WITH] [WEATHER - DAYS WITH] 9 = BLOWING SNOW
X = TORNADO
MAX 32 OR BELOW: 0 0.01 INCH OR MORE: 8
MAX 90 OR ABOVE: 2 0.10 INCH OR MORE: 2
MIN 32 OR BELOW: 0 0.50 INCH OR MORE: 0
MIN 0 OR BELOW: 0 1.00 INCH OR MORE: 0
[HDD (BASE 65) ]
TOTAL THIS MO. 28 CLEAR (SCALE 0-3) 20
DPTR FM NORMAL -4 PTCLDY (SCALE 4-7) 8
TOTAL FM JUL 1 80 CLOUDY (SCALE 8-10) 3
DPTR FM NORMAL 41
[CDD (BASE 65) ]
TOTAL THIS MO. 132
DPTR FM NORMAL 32 [PRESSURE DATA]
TOTAL FM JAN 1 464 HIGHEST SLP M ON M
DPTR FM NORMAL 216 LOWEST SLP M ON M
[REMARKS]
#FINAL-08-23#