000
CXUS55 KDVN 011000
CF6DVN
PRELIMINARY LOCAL CLIMATOLOGICAL DATA (WS FORM: F-6)
STATION: DAVENPORT IA
MONTH: APRIL
YEAR: 2022
LATITUDE: 41 37 N
LONGITUDE: 90 35 W
TEMPERATURE IN F: :PCPN: SNOW: WIND :SUNSHINE: SKY :PK WND
================================================================================
1 2 3 4 5 6A 6B 7 8 9 10 11 12 13 14 15 16 17 18
12Z AVG MX 2MIN
DY MAX MIN AVG DEP HDD CDD WTR SNW DPTH SPD SPD DIR MIN PSBL S-S WX SPD DR
================================================================================
1 47 28 38 -7 27 0 0.00 0.0 0 6.5 15 310 M M 2 20 310
2 45 34 40 -6 25 0 0.32 T 0 10.3 23 320 M M 6 1 29 320
3 53 30 42 -4 23 0 0.26 0.0 0 6.5 15 120 M M 4 1 17 130
4 47 38 43 -3 22 0 0.03 0.0 0 12.5 25 290 M M 9 33 300
5 52 32 42 -5 23 0 0.55 0.0 0 11.9 26 150 M M 6 18 38 140
6 52 41 47 0 18 0 0.01 0.0 0 18.8 33 270 M M 7 45 260
7 44 34 39 -8 26 0 0.10 T 0 17.6 26 270 M M 10 15 37 280
8 39 32 36 -12 29 0 0.02 0.1 T 14.2 23 330 M M 10 1 30 300
9 54 30 42 -6 23 0 0.00 0.0 0 6.3 18 300 M M 2 25 300
10 70 33 52 4 13 0 0.00 0.0 0 18.5 36 130 M M 1 47 120
11 65 41 53 4 12 0 0.00 0.0 0 8.9 17 290 M M 0 24 240
12 73 35 54 5 11 0 0.00 0.0 0 19.1 35 170 M M 4 49 180
13 68 34 51 1 14 0 0.59 T 0 15.2 28 290 M M 7 135 38 310
14 51 31 41 -9 24 0 0.00 0.0 0 17.6 39 260 M M 1 56 260
15 50 34 42 -8 23 0 T T 0 10.7 16 320 M M 5 4 26 280
16 49 27 38 -12 27 0 0.00 0.0 0 12.4 24 300 M M 1 34 290
17 46 24 35 -16 30 0 0.11 0.2 0 8.2 18 110 M M 4 1 24 90
18 41 31 36 -15 29 0 0.02 0.1 0 17.1 31 310 M M 8 1 45 300
19 51 26 39 -13 26 0 0.00 0.0 0 8.5 15 290 M M 3 20 290
20 52 45 49 -3 16 0 0.61 0.0 0 18.5 30 150 M M 10 1 40 150
21 69 43 56 4 9 0 0.04 0.0 0 9.9 18 300 M M 3 26 280
22 70 51 61 8 4 0 0.66 0.0 0 14.0 38 120 M M 7 13 48 110
23 82 62 72 19 0 7 T 0.0 0 19.1 35 180 M M 1 49 180
24 67 47 57 4 8 0 0.20 0.0 0 15.2 29 240 M M 3 1 39 270
25 48 34 41 -13 24 0 0.00 0.0 0 16.5 25 300 M M 8 37 280
26 55 31 43 -11 22 0 0.00 0.0 0 12.3 24 290 M M 2 33 270
27 61 33 47 -7 18 0 T 0.0 0 15.8 26 70 M M 2 34 90
28 64 38 51 -4 14 0 0.02 0.0 0 15.2 26 140 M M 8 33 150
29 65 52 59 4 6 0 0.04 0.0 0 14.0 24 110 M M 9 33 110
30 73 52 63 7 2 0 0.15 0.0 0 20.1 36 120 M M 8 1 46 120
================================================================================
SM 1703 1103 548 7 3.73 0.4 411.4 M 151
================================================================================
AV 56.8 36.8 13.7 FASTST M M 5 MAX(MPH)
MISC ----> 39 260 56 260
================================================================================
NOTES:
# LAST OF SEVERAL OCCURRENCES
COLUMN 17 PEAK WIND IN M.P.H.
PRELIMINARY LOCAL CLIMATOLOGICAL DATA (WS FORM: F-6) , PAGE 2
STATION: DAVENPORT IA
MONTH: APRIL
YEAR: 2022
LATITUDE: 41 37 N
LONGITUDE: 90 35 W
[TEMPERATURE DATA] [PRECIPITATION DATA] SYMBOLS USED IN COLUMN 16
AVERAGE MONTHLY: 46.8 TOTAL FOR MONTH: 3.73 1 = FOG OR MIST
DPTR FM NORMAL: -3.5 DPTR FM NORMAL: 0.12 2 = FOG REDUCING VISIBILITY
HIGHEST: 82 ON 23 GRTST 24HR 0.70 ON 21-22 TO 1/4 MILE OR LESS
LOWEST: 24 ON 17 3 = THUNDER
SNOW, ICE PELLETS, HAIL 4 = ICE PELLETS
TOTAL MONTH: 1.3 INCHES 5 = HAIL
GRTST 24HR 0.2 ON 17-17 6 = FREEZING RAIN OR DRIZZLE
GRTST DEPTH: 1 ON M 7 = DUSTSTORM OR SANDSTORM:
VSBY 1/2 MILE OR LESS
8 = SMOKE OR HAZE
[NO. OF DAYS WITH] [WEATHER - DAYS WITH] 9 = BLOWING SNOW
X = TORNADO
MAX 32 OR BELOW: 0 0.01 INCH OR MORE: 17
MAX 90 OR ABOVE: 0 0.10 INCH OR MORE: 10
MIN 32 OR BELOW: 11 0.50 INCH OR MORE: 4
MIN 0 OR BELOW: 0 1.00 INCH OR MORE: 0
[HDD (BASE 65) ]
TOTAL THIS MO. 548 CLEAR (SCALE 0-3) 11
DPTR FM NORMAL 101 PTCLDY (SCALE 4-7) 14
TOTAL FM JUL 1 5912 CLOUDY (SCALE 8-10) 5
DPTR FM NORMAL -226
[CDD (BASE 65) ]
TOTAL THIS MO. 7
DPTR FM NORMAL -1 [PRESSURE DATA]
TOTAL FM JAN 1 7 HIGHEST SLP 30.39 ON 26
DPTR FM NORMAL -3 LOWEST SLP 29.42 ON 12
[REMARKS]
#FINAL-04-22#