000
CXUS56 KOTX 010910
CF6EAT
PRELIMINARY LOCAL CLIMATOLOGICAL DATA (WS FORM: F-6)
STATION: WENATCHEE WA PANGBORN FIELD
MONTH: APRIL
YEAR: 2023
LATITUDE: 47 23 N
LONGITUDE: 120 12 W
TEMPERATURE IN F: :PCPN: SNOW: WIND :SUNSHINE: SKY :PK WND
================================================================================
1 2 3 4 5 6A 6B 7 8 9 10 11 12 13 14 15 16 17 18
12Z AVG MX 2MIN
DY MAX MIN AVG DEP HDD CDD WTR SNW DPTH SPD SPD DIR MIN PSBL S-S WX SPD DR
================================================================================
1 52 35 44 -3 21 0 T M M 11.8 31 260 M M 1 37 260
2 47 27 37 -11 28 0 0.00 M M 4.4 15 310 M M 2 17 310
3 51 32 42 -6 23 0 T M M 11.0 23 310 M M 5 28 300
4 53 29 41 -7 24 0 0.00 M M 7.0 18 300 M M 2 21 300
5 56 30 43 -5 22 0 0.00 M M 8.7 23 140 M M 0 29 140
6 43 36 40 -8 25 0 0.13 M M 4.0 9 130 M M 9 1 15 160
7 56 40 48 -1 17 0 0.05 M M 5.1 14 300 M M 8 19 300
8 52 37 45 -4 20 0 0.00 M M 4.9 13 320 M M 2 17 330
9 60 42 51 2 14 0 T M M 6.0 20 130 M M 6 24 130
10 51 45 48 -2 17 0 0.24 M M 6.6 15 340 M M 9 1 17 340
11 54 35 45 -5 20 0 T M M 12.1 30 260 M M 2 1 38 290
12 53 31 42 -8 23 0 0.00 M M 8.7 20 320 M M 2 26 330
13 54 35 45 -5 20 0 0.00 M M 8.2 17 280 M M 2 21 300
14 56 33 45 -5 20 0 0.00 M M 7.7 15 130 M M 2 18 150
15 57 36 47 -4 18 0 0.00 M M 4.4 15 130 M M 2 21 140
16 57 41 49 -2 16 0 T M M 7.4 26 250 M M 7 35 250
17 51 32 42 -9 23 0 T M M 8.2 21 140 M M 3 30 150
18 54 32 43 -9 22 0 0.00 M M 11.1 25 270 M M 1 32 290
19 50 35 43 -9 22 0 T M M 6.3 23 300 M M 4 27 290
20 49 31 40 -12 25 0 T M M 9.3 22 140 M M 5 28 140
21 57 34 46 -6 19 0 0.00 M M 11.8 25 310 M M 3 30 310
22 62 40 51 -2 14 0 0.00 M M 8.1 16 130 M M 5 20 130
23 60 48 54 1 11 0 0.02 M M 6.8 18 330 M M 9 22 330
24 64 44 54 0 11 0 0.00 M M 14.3 26 300 M M 2 34 290
25 68 40 54 0 11 0 0.00 M M 7.4 16 280 M M 0 20 300
26 76 47 62 8 3 0 0.00 M M 9.3 29 310 M M 0 34 320
27 73 52 63 9 2 0 0.00 M M 8.2 23 310 M M 0 26 310
28 77 45 61 6 4 0 0.00 M M 7.5 15 150 M M 0 19 140
29 82 48 65 10 0 0 0.00 M M 7.8 17 320 M M 0 20 330
30 83 55 69 14 0 4 0.00 M M 13.7 29 300 M M 1 36 310
================================================================================
SM 1758 1147 495 4 0.44 M 247.8 M 94
================================================================================
AV 58.6 38.2 8.3 FASTST M M 3 MAX(MPH)
MISC ----> 31 260 38 290
================================================================================
NOTES:
# LAST OF SEVERAL OCCURRENCES
COLUMN 17 PEAK WIND IN M.P.H.
PRELIMINARY LOCAL CLIMATOLOGICAL DATA (WS FORM: F-6) , PAGE 2
STATION: WENATCHEE WA PANGBORN FIELD
MONTH: APRIL
YEAR: 2023
LATITUDE: 47 23 N
LONGITUDE: 120 12 W
[TEMPERATURE DATA] [PRECIPITATION DATA] SYMBOLS USED IN COLUMN 16
AVERAGE MONTHLY: 48.4 TOTAL FOR MONTH: 0.44 1 = FOG OR MIST
DPTR FM NORMAL: -2.7 DPTR FM NORMAL: -0.13 2 = FOG REDUCING VISIBILITY
HIGHEST: 83 ON 30 GRTST 24HR 0.24 ON 10-10 TO 1/4 MILE OR LESS
LOWEST: 27 ON 2 3 = THUNDER
SNOW, ICE PELLETS, HAIL 4 = ICE PELLETS
TOTAL MONTH: M 5 = HAIL
GRTST 24HR M ON M 6 = FREEZING RAIN OR DRIZZLE
GRTST DEPTH: M ON M 7 = DUSTSTORM OR SANDSTORM:
VSBY 1/2 MILE OR LESS
8 = SMOKE OR HAZE
[NO. OF DAYS WITH] [WEATHER - DAYS WITH] 9 = BLOWING SNOW
X = TORNADO
MAX 32 OR BELOW: 0 0.01 INCH OR MORE: 4
MAX 90 OR ABOVE: 0 0.10 INCH OR MORE: 2
MIN 32 OR BELOW: 8 0.50 INCH OR MORE: 0
MIN 0 OR BELOW: 0 1.00 INCH OR MORE: 0
[HDD (BASE 65) ]
TOTAL THIS MO. 495 CLEAR (SCALE 0-3) 19
DPTR FM NORMAL 77 PTCLDY (SCALE 4-7) 7
TOTAL FM JUL 1 5941 CLOUDY (SCALE 8-10) 4
DPTR FM NORMAL 372
[CDD (BASE 65) ]
TOTAL THIS MO. 4
DPTR FM NORMAL 2 [PRESSURE DATA]
TOTAL FM JAN 1 4 HIGHEST SLP M ON M
DPTR FM NORMAL 2 LOWEST SLP 29.60 ON 17
[REMARKS]
#FINAL-04-23#