000
CXUS56 KOTX 010910
CF6EAT
PRELIMINARY LOCAL CLIMATOLOGICAL DATA (WS FORM: F-6)
STATION: WENATCHEE WA PANGBORN FIELD
MONTH: MARCH
YEAR: 2023
LATITUDE: 47 23 N
LONGITUDE: 120 12 W
TEMPERATURE IN F: :PCPN: SNOW: WIND :SUNSHINE: SKY :PK WND
================================================================================
1 2 3 4 5 6A 6B 7 8 9 10 11 12 13 14 15 16 17 18
12Z AVG MX 2MIN
DY MAX MIN AVG DEP HDD CDD WTR SNW DPTH SPD SPD DIR MIN PSBL S-S WX SPD DR
================================================================================
1 43 21 32 -7 33 0 0.00 M M 6.0 15 280 M M 1 17 290
2 48 31 40 1 25 0 T M M 6.9 31 300 M M 6 36 310
3 46 25 36 -3 29 0 0.00 M M 5.7 20 270 M M 4 27 280
4 40 31 36 -4 29 0 0.01 M M 6.3 16 300 M M 6 1 20 300
5 40 31 36 -4 29 0 0.03 M M 6.1 17 30 M M 9 12 23 40
6 38 30 34 -6 31 0 0.07 M M 3.3 7 120 M M 9 12 9 150
7 41 31 36 -4 29 0 T M M 5.5 13 280 M M 10 1 14 270
8 40 30 35 -6 30 0 0.12 M M 5.8 15 260 M M 9 1 19 250
9 38 28 33 -8 32 0 T M M 5.8 15 280 M M 10 12 18 280
10 38 31 35 -7 30 0 0.11 M M 6.0 14 90 M M 7 1 20 240
11 44 28 36 -6 29 0 0.00 M M 3.6 14 140 M M 5 17 140
12 41 30 36 -6 29 0 0.01 M M 2.3 8 250 M M 8 12 260
13 48 33 41 -1 24 0 0.01 M M 6.2 23 300 M M 7 12 30 280
14 47 28 38 -5 27 0 0.00 M M 5.6 13 130 M M 0 18 150
15 51 29 40 -3 25 0 0.00 M M 10.1 22 310 M M 1 27 300
16 50 28 39 -4 26 0 0.00 M M 5.2 12 290 M M 0 13 290
17 53 28 41 -3 24 0 0.00 M M 3.7 10 310 M M 0 11 310
18 56 32 44 0 21 0 0.00 M M 5.3 12 300 M M 1 12 300
19 54 31 43 -1 22 0 0.00 M M 7.2 14 280 M M 3 16 260
20 49 42 46 2 19 0 0.02 M M 7.8 16 310 M M 10 1 20 300
21 58 38 48 3 17 0 T M M 5.9 12 310 M M 3 1 15 310
22 58 30 44 -1 21 0 0.00 M M 6.3 15 330 M M 0 18 330
23 55 38 47 2 18 0 T M M 8.7 30 260 M M 6 38 270
24 49 33 41 -4 24 0 T M M 7.6 22 260 M M 1 26 260
25 49 36 43 -3 22 0 0.00 M M 9.7 22 360 M M 4 28 360
26 51 32 42 -4 23 0 0.00 M M 8.1 18 240 M M 0 22 250
27 51 28 40 -6 25 0 0.00 M M 7.0 16 160 M M 2 21 160
28 53 38 46 0 19 0 0.00 M M 9.0 22 70 M M 7 34 60
29 53 40 47 0 18 0 0.00 M M 6.8 14 310 M M 6 15 310
30 60 34 47 0 18 0 0.00 M M 12.7 26 310 M M 3 32 310
31 51 36 44 -3 21 0 0.00 M M 8.7 17 130 M M 6 23 130
================================================================================
SM 1493 981 769 0 0.38 M 204.9 M 144
================================================================================
AV 48.2 31.6 6.6 FASTST M M 5 MAX(MPH)
MISC ----> 31 300 38 270
================================================================================
NOTES:
# LAST OF SEVERAL OCCURRENCES
COLUMN 17 PEAK WIND IN M.P.H.
PRELIMINARY LOCAL CLIMATOLOGICAL DATA (WS FORM: F-6) , PAGE 2
STATION: WENATCHEE WA PANGBORN FIELD
MONTH: MARCH
YEAR: 2023
LATITUDE: 47 23 N
LONGITUDE: 120 12 W
[TEMPERATURE DATA] [PRECIPITATION DATA] SYMBOLS USED IN COLUMN 16
AVERAGE MONTHLY: 39.9 TOTAL FOR MONTH: 0.38 1 = FOG OR MIST
DPTR FM NORMAL: -3.2 DPTR FM NORMAL: -0.35 2 = FOG REDUCING VISIBILITY
HIGHEST: 60 ON 30 GRTST 24HR 0.12 ON 8- 8 TO 1/4 MILE OR LESS
LOWEST: 21 ON 1 3 = THUNDER
SNOW, ICE PELLETS, HAIL 4 = ICE PELLETS
TOTAL MONTH: M 5 = HAIL
GRTST 24HR M ON M 6 = FREEZING RAIN OR DRIZZLE
GRTST DEPTH: M ON M 7 = DUSTSTORM OR SANDSTORM:
VSBY 1/2 MILE OR LESS
8 = SMOKE OR HAZE
[NO. OF DAYS WITH] [WEATHER - DAYS WITH] 9 = BLOWING SNOW
X = TORNADO
MAX 32 OR BELOW: 0 0.01 INCH OR MORE: 8
MAX 90 OR ABOVE: 0 0.10 INCH OR MORE: 2
MIN 32 OR BELOW: 21 0.50 INCH OR MORE: 0
MIN 0 OR BELOW: 0 1.00 INCH OR MORE: 0
[HDD (BASE 65) ]
TOTAL THIS MO. 769 CLEAR (SCALE 0-3) 12
DPTR FM NORMAL 90 PTCLDY (SCALE 4-7) 13
TOTAL FM JUL 1 5446 CLOUDY (SCALE 8-10) 6
DPTR FM NORMAL 293
[CDD (BASE 65) ]
TOTAL THIS MO. 0
DPTR FM NORMAL 0 [PRESSURE DATA]
TOTAL FM JAN 1 0 HIGHEST SLP M ON M
DPTR FM NORMAL 0 LOWEST SLP 29.39 ON 10
[REMARKS]
#FINAL-03-23#