000
CXUS56 KOTX 011010
CF6EAT
PRELIMINARY LOCAL CLIMATOLOGICAL DATA (WS FORM: F-6)
STATION: WENATCHEE WA PANGBORN FIELD
MONTH: JANUARY
YEAR: 2023
LATITUDE: 47 23 N
LONGITUDE: 120 12 W
TEMPERATURE IN F: :PCPN: SNOW: WIND :SUNSHINE: SKY :PK WND
================================================================================
1 2 3 4 5 6A 6B 7 8 9 10 11 12 13 14 15 16 17 18
12Z AVG MX 2MIN
DY MAX MIN AVG DEP HDD CDD WTR SNW DPTH SPD SPD DIR MIN PSBL S-S WX SPD DR
================================================================================
1 31 25 28 1 37 0 0.00 M M 3.2 10 80 M M 10 12 12 90
2 28 26 27 0 38 0 T M M 4.7 9 310 M M 10 1 10 310
3 31 26 29 2 36 0 0.00 M M 3.3 10 130 M M 10 1 13 120
4 31 28 30 3 35 0 0.05 M M 2.6 9 290 M M 10 1 10 290
5 33 24 29 1 36 0 0.16 M M 5.3 10 280 M M 7 12 12 300
6 31 21 26 -2 39 0 T M M 1.6 8 280 M M 8 12 9 280
7 34 30 32 4 33 0 0.29 M M 1.1 7 350 M M 10 12 8 340
8 34 29 32 4 33 0 0.24 M M 1.8 7 30 M M 10 12 8 220
9 34 27 31 3 34 0 0.04 M M 2.9 9 50 M M 9 12 11 270
10 36 32 34 6 31 0 0.00 M M 4.9 12 290 M M 10 12 14 290
11 36 32 34 6 31 0 0.03 M M 2.0 7 220 M M 10 8 90
12 34 31 33 5 32 0 0.38 M M 1.4 6 330 M M 10 12 7 300
13 35 32 34 6 31 0 0.03 M M 2.9 13 240 M M 10 12 14 240
14 35 32 34 6 31 0 0.14 M M 3.4 9 320 M M 10 12 11 320
15 37 33 35 7 30 0 T M M 1.8 8 270 M M 10 12 9 320
16 39 28 34 5 31 0 0.00 M M 1.7 10 270 M M 5 12 11 270
17 31 29 30 1 35 0 0.00 M M 2.3 8 100 M M 10 12 9 290
18 33 30 32 3 33 0 T M M 4.6 13 300 M M 9 1 14 310
19 41 24 33 4 32 0 0.00 M M 6.3 17 290 M M 0 20 290
20 33 19 26 -3 39 0 0.00 M M 1.1 9 280 M M 1 12 9 280
21 26 19 23 -6 42 0 0.02 M M 3.7 12 270 M M 9 12 12 290
22 37 20 29 -1 36 0 0.00 M M 2.8 9 280 M M 3 10 280
23 34 22 28 -2 37 0 0.00 M M 2.2 12 100 M M 2 15 100
24 34 18 26 -4 39 0 0.00 M M 2.4 9 90 M M 1 11 90
25 37 21 29 -1 36 0 0.00 M M 2.5 10 280 M M 0 1 11 280
26 34 25 30 0 35 0 0.00 M M 5.7 14 90 M M 2 12 18 100
27 50 32 41 11 24 0 0.00 M M 11.4 22 280 M M 1 12 24 280
28 38 25 32 1 33 0 0.00 M M 6.0 20 60 M M 6 23 80
29 27 14 21 -10 44 0 0.00 M M 3.9 14 50 M M 1 19 30
30 25 9 17 -14 48 0 0.00 M M 3.2 9 270 M M 1 10 280
31 26 17 22 -9 43 0 0.00 M M 2.3 7 280 M M 2 9 260
================================================================================
SM 1045 780 1094 0 1.38 M 105.0 M 197
================================================================================
AV 33.7 25.2 3.4 FASTST M M 6 MAX(MPH)
MISC ----> 22 280 24 280
================================================================================
NOTES:
# LAST OF SEVERAL OCCURRENCES
COLUMN 17 PEAK WIND IN M.P.H.
PRELIMINARY LOCAL CLIMATOLOGICAL DATA (WS FORM: F-6) , PAGE 2
STATION: WENATCHEE WA PANGBORN FIELD
MONTH: JANUARY
YEAR: 2023
LATITUDE: 47 23 N
LONGITUDE: 120 12 W
[TEMPERATURE DATA] [PRECIPITATION DATA] SYMBOLS USED IN COLUMN 16
AVERAGE MONTHLY: 29.4 TOTAL FOR MONTH: 1.38 1 = FOG OR MIST
DPTR FM NORMAL: 0.5 DPTR FM NORMAL: 0.36 2 = FOG REDUCING VISIBILITY
HIGHEST: 50 ON 27 GRTST 24HR 0.38 ON 12-12 TO 1/4 MILE OR LESS
LOWEST: 9 ON 30 3 = THUNDER
SNOW, ICE PELLETS, HAIL 4 = ICE PELLETS
TOTAL MONTH: M 5 = HAIL
GRTST 24HR M ON M 6 = FREEZING RAIN OR DRIZZLE
GRTST DEPTH: M ON M 7 = DUSTSTORM OR SANDSTORM:
VSBY 1/2 MILE OR LESS
8 = SMOKE OR HAZE
[NO. OF DAYS WITH] [WEATHER - DAYS WITH] 9 = BLOWING SNOW
X = TORNADO
MAX 32 OR BELOW: 10 0.01 INCH OR MORE: 10
MAX 90 OR ABOVE: 0 0.10 INCH OR MORE: 5
MIN 32 OR BELOW: 30 0.50 INCH OR MORE: 0
MIN 0 OR BELOW: 0 1.00 INCH OR MORE: 0
[HDD (BASE 65) ]
TOTAL THIS MO. 1094 CLEAR (SCALE 0-3) 11
DPTR FM NORMAL -27 PTCLDY (SCALE 4-7) 3
TOTAL FM JUL 1 3778 CLOUDY (SCALE 8-10) 17
DPTR FM NORMAL 158
[CDD (BASE 65) ]
TOTAL THIS MO. 0
DPTR FM NORMAL 0 [PRESSURE DATA]
TOTAL FM JAN 1 0 HIGHEST SLP M ON M
DPTR FM NORMAL 0 LOWEST SLP 29.43 ON 15
[REMARKS]
#FINAL-01-23#