000
CXUS56 KOTX 010910
CF6EAT
PRELIMINARY LOCAL CLIMATOLOGICAL DATA (WS FORM: F-6)
STATION: WENATCHEE WA PANGBORN FIELD
MONTH: AUGUST
YEAR: 2022
LATITUDE: 47 23 N
LONGITUDE: 120 12 W
TEMPERATURE IN F: :PCPN: SNOW: WIND :SUNSHINE: SKY :PK WND
================================================================================
1 2 3 4 5 6A 6B 7 8 9 10 11 12 13 14 15 16 17 18
12Z AVG MX 2MIN
DY MAX MIN AVG DEP HDD CDD WTR SNW DPTH SPD SPD DIR MIN PSBL S-S WX SPD DR
================================================================================
1 100 76 88 11 0 23 T M M 10.5 20 300 M M 0 25 290
2 94 66 80 3 0 15 0.00 M M 12.9 29 290 M M 0 34 290
3 95 67 81 5 0 16 0.00 M M 11.8 26 310 M M 0 32 310
4 79 61 70 -6 0 5 0.00 M M 14.8 30 300 M M 0 37 300
5 82 54 68 -8 0 3 0.00 M M 9.3 17 290 M M 0 23 300
6 89 57 73 -3 0 8 0.00 M M 6.0 12 280 M M 0 14 330
7 92 62 77 1 0 12 0.00 M M 8.0 14 130 M M 0 19 140
8 97 66 82 6 0 17 0.00 M M 7.3 15 300 M M 0 16 300
9 91 71 81 5 0 16 T M M 8.4 18 300 M M 1 22 310
10 95 69 82 7 0 17 0.00 M M 8.6 23 310 M M 1 30 310
11 92 68 80 5 0 15 0.00 M M 9.7 18 320 M M 1 8 25 320
12 95 65 80 5 0 15 0.00 M M 11.2 25 310 M M 0 28 310
13 86 64 75 0 0 10 0.00 M M 16.7 25 290 M M 0 30 290
14 88 59 74 0 0 9 0.00 M M 7.2 17 300 M M 0 21 300
15 92 64 78 4 0 13 0.00 M M 8.0 14 130 M M 0 8 17 340
16 96 67 82 8 0 17 0.00 M M 7.5 14 330 M M 0 17 330
17 100 67 84 10 0 19 0.00 M M 7.0 14 290 M M 0 16 300
18 101 71 86 13 0 21 0.00 M M 9.4 18 300 M M 0 21 310
19 96 74 85 12 0 20 T M M 10.6 20 310 M M 2 8 24 310
20 94 73 84 11 0 19 T M M 11.1 18 320 M M 1 23 340
21 94 71 83 10 0 18 0.00 M M 10.0 18 330 M M 0 8 23 340
22 93 69 81 9 0 16 0.00 M M 7.8 16 300 M M 0 20 300
23 92 68 80 8 0 15 T M M 8.9 22 300 M M 1 25 300
24 93 65 79 7 0 14 0.00 M M 6.4 14 280 M M 0 17 60
25 93 67 80 8 0 15 0.00 M M 5.5 17 190 M M 0 3 24 180
26 94 71 83 12 0 18 0.00 M M 14.0 32 310 M M 0 40 310
27 78 60 69 -2 0 4 0.00 M M 18.0 33 300 M M 0 42 300
28 81 55 68 -3 0 3 0.00 M M 7.7 15 130 M M 0 19 130
29 86 59 73 3 0 8 0.00 M M 5.9 13 120 M M 0 17 130
30 93 62 78 8 0 13 0.00 M M 6.0 16 290 M M 0 19 310
31 98 65 82 12 0 17 0.00 M M 9.3 23 290 M M 0 28 290
================================================================================
SM 2849 2033 0 431 T M 295.5 M 7
================================================================================
AV 91.9 65.6 9.5 FASTST M M 0 MAX(MPH)
MISC ----> 33 300 42 300
================================================================================
NOTES:
# LAST OF SEVERAL OCCURRENCES
COLUMN 17 PEAK WIND IN M.P.H.
PRELIMINARY LOCAL CLIMATOLOGICAL DATA (WS FORM: F-6) , PAGE 2
STATION: WENATCHEE WA PANGBORN FIELD
MONTH: AUGUST
YEAR: 2022
LATITUDE: 47 23 N
LONGITUDE: 120 12 W
[TEMPERATURE DATA] [PRECIPITATION DATA] SYMBOLS USED IN COLUMN 16
AVERAGE MONTHLY: 78.7 TOTAL FOR MONTH: T 1 = FOG OR MIST
DPTR FM NORMAL: 5.0 DPTR FM NORMAL: -0.23 2 = FOG REDUCING VISIBILITY
HIGHEST: 101 ON 18 GRTST 24HR T ON 1- 1 TO 1/4 MILE OR LESS
LOWEST: 54 ON 5 3 = THUNDER
SNOW, ICE PELLETS, HAIL 4 = ICE PELLETS
TOTAL MONTH: M 5 = HAIL
GRTST 24HR M ON M 6 = FREEZING RAIN OR DRIZZLE
GRTST DEPTH: M ON M 7 = DUSTSTORM OR SANDSTORM:
VSBY 1/2 MILE OR LESS
8 = SMOKE OR HAZE
[NO. OF DAYS WITH] [WEATHER - DAYS WITH] 9 = BLOWING SNOW
X = TORNADO
MAX 32 OR BELOW: 0 0.01 INCH OR MORE: 0
MAX 90 OR ABOVE: 23 0.10 INCH OR MORE: 0
MIN 32 OR BELOW: 0 0.50 INCH OR MORE: 0
MIN 0 OR BELOW: 0 1.00 INCH OR MORE: 0
[HDD (BASE 65) ]
TOTAL THIS MO. 0 CLEAR (SCALE 0-3) 31
DPTR FM NORMAL -7 PTCLDY (SCALE 4-7) 0
TOTAL FM JUL 1 0 CLOUDY (SCALE 8-10) 0
DPTR FM NORMAL -9
[CDD (BASE 65) ]
TOTAL THIS MO. 431
DPTR FM NORMAL 154 [PRESSURE DATA]
TOTAL FM JAN 1 902 HIGHEST SLP M ON M
DPTR FM NORMAL 176 LOWEST SLP 29.66 ON 3
[REMARKS]
#FINAL-08-22#