000
CXUS56 KOTX 011010
CF6EAT
PRELIMINARY LOCAL CLIMATOLOGICAL DATA (WS FORM: F-6)
STATION: WENATCHEE WA PANGBORN FIELD
MONTH: DECEMBER
YEAR: 2021
LATITUDE: 47 23 N
LONGITUDE: 120 12 W
TEMPERATURE IN F: :PCPN: SNOW: WIND :SUNSHINE: SKY :PK WND
================================================================================
1 2 3 4 5 6A 6B 7 8 9 10 11 12 13 14 15 16 17 18
12Z AVG MX 2MIN
DY MAX MIN AVG DEP HDD CDD WTR SNW DPTH SPD SPD DIR MIN PSBL S-S WX SPD DR
================================================================================
1 70 42 56 24 9 0 0.00 M M 3.7 17 250 M M 3 22 250
2 58 39 49 17 16 0 0.00 M M 10.4 18 290 M M 1 8 23 290
3 41 32 37 5 28 0 0.00 M M 4.5 10 270 M M 3 13 320
4 40 32 36 5 29 0 0.01 M M 3.8 12 270 M M 7 1 14 270
5 38 28 33 2 32 0 0.00 M M 3.9 16 290 M M 1 23 280
6 33 28 31 0 34 0 T M M 2.3 8 280 M M 10 1 10 270
7 34 30 32 2 33 0 0.00 M M 2.7 7 80 M M 9 8 100
8 45 29 37 7 28 0 T M M 8.6 33 300 M M 5 1 40 300
9 40 26 33 3 32 0 0.00 M M 6.9 25 310 M M 2 29 320
10 41 27 34 4 31 0 0.00 M M 5.0 20 130 M M 4 24 140
11 51 34 43 13 22 0 T M M 7.5 24 260 M M 4 30 260
12 43 29 36 7 29 0 0.00 M M 3.5 13 300 M M 1 17 290
13 32 25 29 0 36 0 0.43 M M 3.5 12 300 M M 10 12 12 300
14 34 18 26 -3 39 0 0.00 M M 3.6 14 320 M M 1 12 16 310
15 28 18 23 -6 42 0 T M M 2.6 7 280 M M 6 1 8 280
16 32 17 25 -3 40 0 T M M 3.7 10 310 M M 7 12 13 320
17 31 24 28 0 37 0 0.00 M M 3.7 10 120 M M 6 12 120
18 25 17 21 -7 44 0 0.04 M M 1.4 10 300 M M 8 1 12 290
19 25 15 20 -8 45 0 0.00 M M 2.0 8 320 M M 0 1 10 310
20 26 20 23 -5 42 0 0.11 M M 1.9 7 300 M M 9 1 8 280
21 24 21 23 -5 42 0 T M M 2.0 7 300 M M 10 8 290
22 24 18 21 -7 44 0 T M M 2.3 8 320 M M 10 1 9 330
23 37 21 29 1 36 0 T M M 3.9 9 90 M M 6 1 11 100
24 32 20 26 -2 39 0 T M M 3.5 9 70 M M 2 12 11 70
25 29 19 24 -4 41 0 T M M 0.3 7 260 M M 4 1 8 260
26 22 9 16 -11 49 0 T M M 5.6 14 130 M M 9 1 20 130
27 10 2 6 -21 59 0 T M M 3.0 10 270 M M 3 1 13 280
28 11 3 7 -20 58 0 0.00 M M 2.3 9 290 M M 5 10 290
29 15 8 12 -15 53 0 T M M 2.1 10 260 M M 6 1 12 270
30 17 7 12 -15 53 0 0.01 M M 5.9 10 280 M M 8 1 13 300
31 19 3 11 -16 54 0 T M M 2.4 8 140 M M 5 9 130
================================================================================
SM 1007 661 1176 0 0.60 M 118.5 M 165
================================================================================
AV 32.5 21.3 3.8 FASTST M M 5 MAX(MPH)
MISC ----> 33 300 40 300
================================================================================
NOTES:
# LAST OF SEVERAL OCCURRENCES
COLUMN 17 PEAK WIND IN M.P.H.
PRELIMINARY LOCAL CLIMATOLOGICAL DATA (WS FORM: F-6) , PAGE 2
STATION: WENATCHEE WA PANGBORN FIELD
MONTH: DECEMBER
YEAR: 2021
LATITUDE: 47 23 N
LONGITUDE: 120 12 W
[TEMPERATURE DATA] [PRECIPITATION DATA] SYMBOLS USED IN COLUMN 16
AVERAGE MONTHLY: 26.9 TOTAL FOR MONTH: 0.60 1 = FOG OR MIST
DPTR FM NORMAL: -2.1 DPTR FM NORMAL: -0.71 2 = FOG REDUCING VISIBILITY
HIGHEST: 70 ON 1 GRTST 24HR 0.43 ON 13-13 TO 1/4 MILE OR LESS
LOWEST: 2 ON 27 3 = THUNDER
SNOW, ICE PELLETS, HAIL 4 = ICE PELLETS
TOTAL MONTH: M 5 = HAIL
GRTST 24HR M ON M 6 = FREEZING RAIN OR DRIZZLE
GRTST DEPTH: M ON M 7 = DUSTSTORM OR SANDSTORM:
VSBY 1/2 MILE OR LESS
8 = SMOKE OR HAZE
[NO. OF DAYS WITH] [WEATHER - DAYS WITH] 9 = BLOWING SNOW
X = TORNADO
MAX 32 OR BELOW: 17 0.01 INCH OR MORE: 5
MAX 90 OR ABOVE: 0 0.10 INCH OR MORE: 2
MIN 32 OR BELOW: 28 0.50 INCH OR MORE: 0
MIN 0 OR BELOW: 0 1.00 INCH OR MORE: 0
[HDD (BASE 65) ]
TOTAL THIS MO. 1176 CLEAR (SCALE 0-3) 8
DPTR FM NORMAL 58 PTCLDY (SCALE 4-7) 16
TOTAL FM JUL 1 2446 CLOUDY (SCALE 8-10) 7
DPTR FM NORMAL -53
[CDD (BASE 65) ]
TOTAL THIS MO. 0
DPTR FM NORMAL 0 [PRESSURE DATA]
TOTAL FM JAN 1 1228 HIGHEST SLP M ON M
DPTR FM NORMAL 421 LOWEST SLP 29.29 ON 24
[REMARKS]
#FINAL-12-21#