057
CXUS56 KOTX 010900
CF6EAT
PRELIMINARY LOCAL CLIMATOLOGICAL DATA (WS FORM: F-6)
STATION: WENATCHEE WA PANGBORN FIELD
MONTH: JUNE
YEAR: 2020
LATITUDE: 47 23 N
LONGITUDE: 120 12 W
TEMPERATURE IN F: :PCPN: SNOW: WIND :SUNSHINE: SKY :PK WND
================================================================================
1 2 3 4 5 6A 6B 7 8 9 10 11 12 13 14 15 16 17 18
12Z AVG MX 2MIN
DY MAX MIN AVG DEP HDD CDD WTR SNW DPTH SPD SPD DIR MIN PSBL S-S WX SPD DR
================================================================================
1 76 49 63 -1 2 0 0.00 M M 11.2 24 310 M M 0 28 300
2 78 48 63 -1 2 0 0.00 M M 11.5 29 310 M M 1 33 310
3 79 54 67 3 0 2 0.00 M M 10.2 24 310 M M 1 8 29 290
4 74 53 64 0 1 0 0.00 M M 15.2 28 280 M M 0 31 280
5 71 53 62 -3 3 0 T M M 9.4 29 310 M M 3 35 320
6 69 49 59 -6 6 0 T M M 12.1 25 210 M M 2 3 31 200
7 70 49 60 -5 5 0 0.00 M M 20.3 38 290 M M 2 44 290
8 68 50 59 -6 6 0 0.00 M M 15.9 25 310 M M 0 36 270
9 63 49 56 -9 9 0 0.02 M M 6.2 14 350 M M 8 17 350
10 76 50 63 -3 2 0 0.00 M M 7.7 15 310 M M 3 18 310
11 77 56 67 1 0 2 T M M 11.3 25 300 M M 4 31 310
12 78 55 67 1 0 2 0.06 M M 13.2 31 310 M M 5 3 39 310
13 70 53 62 -4 3 0 T M M 14.1 22 300 M M 5 8 27 320
14 69 49 59 -7 6 0 0.00 M M 14.4 23 300 M M 1 28 300
15 64 52 58 -8 7 0 0.08 M M 6.9 14 140 M M 7 17 150
16 69 50 60 -7 5 0 T M M 9.6 18 300 M M 6 25 300
17 81 54 68 1 0 3 T M M 16.5 29 300 M M 1 34 290
18 85 57 71 4 0 6 0.00 M M 9.8 16 120 M M 1 22 140
19 88 62 75 8 0 10 T M M 8.8 20 300 M M 0 24 300
20 80 64 72 4 0 7 T M M 8.7 21 310 M M 6 25 320
21 84 60 72 4 0 7 0.00 M M 14.7 25 300 M M 0 30 310
22 89 59 74 6 0 9 0.00 M M 8.3 23 300 M M 0 27 300
23 93 67 80 12 0 15 0.00 M M 7.1 14 320 M M 1 17 310
24 90 68 79 11 0 14 0.00 M M 15.1 31 290 M M 0 38 310
25 91 63 77 8 0 12 0.00 M M 10.8 20 320 M M 0 24 320
26 94 66 80 11 0 15 0.00 M M 16.6 30 320 M M 0 37 300
27 77 58 68 -1 0 3 0.00 M M 19.4 39 310 M M 0 48 310
28 74 55 65 -5 0 0 T M M 14.9 26 350 M M 5 3 35 360
29 86 59 73 3 0 8 0.00 M M 16.6 28 300 M M 0 33 300
30 78 57 68 -2 0 3 0.00 M M 20.6 38 300 M M 1 8 47 300
================================================================================
SM 2341 1668 57 118 0.16 M 377.1 M 63
================================================================================
AV 78.0 55.6 12.6 FASTST M M 2 MAX(MPH)
MISC ----> # 39 310 # 48 310
================================================================================
NOTES:
# LAST OF SEVERAL OCCURRENCES
COLUMN 17 PEAK WIND IN M.P.H.
PRELIMINARY LOCAL CLIMATOLOGICAL DATA (WS FORM: F-6) , PAGE 2
STATION: WENATCHEE WA PANGBORN FIELD
MONTH: JUNE
YEAR: 2020
LATITUDE: 47 23 N
LONGITUDE: 120 12 W
[TEMPERATURE DATA] [PRECIPITATION DATA] SYMBOLS USED IN COLUMN 16
AVERAGE MONTHLY: 66.8 TOTAL FOR MONTH: 0.16 1 = FOG OR MIST
DPTR FM NORMAL: 0.1 DPTR FM NORMAL: -0.44 2 = FOG REDUCING VISIBILITY
HIGHEST: 94 ON 26 GRTST 24HR 0.08 ON 15-15 TO 1/4 MILE OR LESS
LOWEST: 48 ON 2 3 = THUNDER
SNOW, ICE PELLETS, HAIL 4 = ICE PELLETS
TOTAL MONTH: M 5 = HAIL
GRTST 24HR M ON M 6 = FREEZING RAIN OR DRIZZLE
GRTST DEPTH: M ON M 7 = DUSTSTORM OR SANDSTORM:
VSBY 1/2 MILE OR LESS
8 = SMOKE OR HAZE
[NO. OF DAYS WITH] [WEATHER - DAYS WITH] 9 = BLOWING SNOW
X = TORNADO
MAX 32 OR BELOW: 0 0.01 INCH OR MORE: 3
MAX 90 OR ABOVE: 4 0.10 INCH OR MORE: 0
MIN 32 OR BELOW: 0 0.50 INCH OR MORE: 0
MIN 0 OR BELOW: 0 1.00 INCH OR MORE: 0
[HDD (BASE 65) ]
TOTAL THIS MO. 57 CLEAR (SCALE 0-3) 21
DPTR FM NORMAL -1 PTCLDY (SCALE 4-7) 9
TOTAL FM JUL 1 5699 CLOUDY (SCALE 8-10) 0
DPTR FM NORMAL -73
[CDD (BASE 65) ]
TOTAL THIS MO. 118
DPTR FM NORMAL -174 [PRESSURE DATA]
TOTAL FM JAN 1 145 HIGHEST SLP M ON M
DPTR FM NORMAL -294 LOWEST SLP 29.54 ON 5
[REMARKS]
#FINAL-06-20#