000
CXUS56 KOTX 010910
CF6EAT
PRELIMINARY LOCAL CLIMATOLOGICAL DATA (WS FORM: F-6)
STATION: WENATCHEE WA PANGBORN FIELD
MONTH: OCTOBER
YEAR: 2023
LATITUDE: 47 23 N
LONGITUDE: 120 12 W
TEMPERATURE IN F: :PCPN: SNOW: WIND :SUNSHINE: SKY :PK WND
================================================================================
1 2 3 4 5 6A 6B 7 8 9 10 11 12 13 14 15 16 17 18
12Z AVG MX 2MIN
DY MAX MIN AVG DEP HDD CDD WTR SNW DPTH SPD SPD DIR MIN PSBL S-S WX SPD DR
================================================================================
1 70 43 57 -1 8 0 0.00 M M 7.5 15 280 M M 0 19 280
2 68 51 60 2 5 0 0.03 M M 5.5 15 310 M M 4 18 310
3 74 51 63 6 2 0 0.00 M M 9.9 21 290 M M 2 25 300
4 79 58 69 12 0 4 0.00 M M 15.7 26 290 M M 0 34 300
5 79 53 66 10 0 1 0.00 M M 4.6 12 300 M M 0 8 15 320
6 75 49 62 6 3 0 0.00 M M 3.4 9 290 M M 0 11 270
7 76 48 62 7 3 0 0.00 M M 3.8 14 290 M M 0 8 16 290
8 76 52 64 9 1 0 0.00 M M 5.1 12 80 M M 0 8 15 70
9 69 52 61 7 4 0 0.00 M M 4.9 12 290 M M 3 14 290
10 59 50 55 1 10 0 0.02 M M 6.9 16 120 M M 6 8 21 120
11 60 47 54 1 11 0 0.01 M M 5.0 10 290 M M 5 8 14 330
12 64 43 54 1 11 0 0.00 M M 6.4 15 290 M M 1 18 290
13 63 47 55 3 10 0 0.00 M M 3.2 10 310 M M 4 13 240
14 63 50 57 5 8 0 0.01 M M 5.4 13 300 M M 6 15 300
15 58 47 53 2 12 0 0.04 M M 6.2 13 310 M M 4 14 320
16 59 48 54 3 11 0 0.01 M M 5.8 16 280 M M 2 21 290
17 63 41 52 2 13 0 0.00 M M 4.1 12 280 M M 2 13 280
18 65 41 53 3 12 0 0.00 M M 4.0 10 140 M M 0 13 130
19 70 42 56 7 9 0 0.00 M M 2.5 9 280 M M 0 12 120
20 74 50 62 14 3 0 0.00 M M 3.9 13 30 M M 0 16 30
21 65 47 56 8 9 0 T M M 2.4 9 360 M M 1 3 14 350
22 67 50 59 11 6 0 0.00 M M 4.7 10 310 M M 3 14 320
23 63 42 53 6 12 0 0.00 M M 9.5 26 300 M M 0 31 310
24 49 38 44 -2 21 0 0.25 M M 7.3 21 160 M M 5 1 24 170
25 41 34 38 -8 27 0 0.11 M M 3.5 12 280 M M 10 1 14 50
26 43 36 40 -6 25 0 T M M 2.7 12 40 M M 10 15 40
27 45 30 38 -7 27 0 0.00 M M 7.1 13 280 M M 5 17 40
28 44 25 35 -10 30 0 0.00 M M 4.7 12 320 M M 0 14 310
29 43 24 34 -10 31 0 0.00 M M 2.9 12 130 M M 0 15 130
30 46 26 36 -8 29 0 0.00 M M 3.8 8 310 M M 0 10 160
31 44 27 36 -7 29 0 0.00 M M 3.6 9 280 M M 0 11 290
================================================================================
SM 1914 1342 382 5 0.48 M 166.0 M 73
================================================================================
AV 61.7 43.3 5.4 FASTST M M 2 MAX(MPH)
MISC ----> # 26 290 34 300
================================================================================
NOTES:
# LAST OF SEVERAL OCCURRENCES
COLUMN 17 PEAK WIND IN M.P.H.
PRELIMINARY LOCAL CLIMATOLOGICAL DATA (WS FORM: F-6) , PAGE 2
STATION: WENATCHEE WA PANGBORN FIELD
MONTH: OCTOBER
YEAR: 2023
LATITUDE: 47 23 N
LONGITUDE: 120 12 W
[TEMPERATURE DATA] [PRECIPITATION DATA] SYMBOLS USED IN COLUMN 16
AVERAGE MONTHLY: 52.5 TOTAL FOR MONTH: 0.48 1 = FOG OR MIST
DPTR FM NORMAL: 1.8 DPTR FM NORMAL: -0.14 2 = FOG REDUCING VISIBILITY
HIGHEST: 79 ON 5, 4 GRTST 24HR 0.36 ON 24-25 TO 1/4 MILE OR LESS
LOWEST: 24 ON 29 3 = THUNDER
SNOW, ICE PELLETS, HAIL 4 = ICE PELLETS
TOTAL MONTH: M 5 = HAIL
GRTST 24HR M ON M 6 = FREEZING RAIN OR DRIZZLE
GRTST DEPTH: M ON M 7 = DUSTSTORM OR SANDSTORM:
VSBY 1/2 MILE OR LESS
8 = SMOKE OR HAZE
[NO. OF DAYS WITH] [WEATHER - DAYS WITH] 9 = BLOWING SNOW
X = TORNADO
MAX 32 OR BELOW: 0 0.01 INCH OR MORE: 8
MAX 90 OR ABOVE: 0 0.10 INCH OR MORE: 2
MIN 32 OR BELOW: 5 0.50 INCH OR MORE: 0
MIN 0 OR BELOW: 0 1.00 INCH OR MORE: 0
[HDD (BASE 65) ]
TOTAL THIS MO. 382 CLEAR (SCALE 0-3) 21
DPTR FM NORMAL -64 PTCLDY (SCALE 4-7) 8
TOTAL FM JUL 1 474 CLOUDY (SCALE 8-10) 2
DPTR FM NORMAL -74
[CDD (BASE 65) ]
TOTAL THIS MO. 5
DPTR FM NORMAL 3 [PRESSURE DATA]
TOTAL FM JAN 1 1097 HIGHEST SLP M ON M
DPTR FM NORMAL 290 LOWEST SLP 29.47 ON 10
[REMARKS]
#FINAL-10-23#