000
CXUS51 KAKQ 010833
CF6ECG
PRELIMINARY LOCAL CLIMATOLOGICAL DATA (WS FORM: F-6)
STATION: ELIZABETH CITY NC
MONTH: MAY
YEAR: 2020
LATITUDE: 36 16 N
LONGITUDE: 76 11 W
TEMPERATURE IN F: :PCPN: SNOW: WIND :SUNSHINE: SKY :PK WND
================================================================================
1 2 3 4 5 6A 6B 7 8 9 10 11 12 13 14 15 16 17 18
12Z AVG MX 2MIN
DY MAX MIN AVG DEP HDD CDD WTR SNW DPTH SPD SPD DIR MIN PSBL S-S WX SPD DR
================================================================================
1 69 54 62 0 3 0 0.34 0.0 0 7.6 25 280 M M 7 123 30 270
2 71 50 61 -2 4 0 0.00 0.0 0 8.1 16 330 M M 1 20 330
3 86 59 73 10 0 8 0.00 0.0 0 11.7 20 220 M M 0 24 210
4 83 61 72 9 0 7 T 0.0 0 11.1 22 40 M M 1 27 290
5 62 56 59 -5 6 0 0.06 0.0 0 9.9 17 60 M M 6 3 24 120
6 71 53 62 -2 3 0 0.22 0.0 0 9.6 30 310 M M 5 13 41 300
7 67 46 57 -7 8 0 0.00 0.0 0 9.8 18 340 M M 3 34 10
8 75 51 63 -1 2 0 T 0.0 0 14.1 30 230 M M 4 42 220
9 62 44 53 -12 12 0 0.01 0.0 0 14.6 37 340 M M 2 46 340
10 68 46 57 -8 8 0 0.00 0.0 0 8.3 17 200 M M 0 25 100
11 74 50 62 -3 3 0 0.00 0.0 0 14.0 25 280 M M 1 33 280
12 65 40 53 -12 12 0 0.00 0.0 0 7.3 16 290 M M 0 23 290
13 73 45 59 -7 6 0 0.00 0.0 0 4.6 17 230 M M 2 1 21 220
14 79 53 66 0 0 1 0.00 0.0 0 8.4 17 230 M M 5 23 210
15 84 64 74 8 0 9 0.00 0.0 0 12.9 21 230 M M 0 27 100
16 88 64 76 9 0 11 0.00 0.0 0 8.4 17 120 M M 1 22 240
17 82 65 74 7 0 9 0.03 0.0 0 10.5 15 30 M M 6 12 19 70
18 72 62 67 0 0 2 1.71 0.0 0 16.5 30 20 M M 10 1 36 20
19 63 57 60 -8 5 0 0.26 0.0 0 20.3 30 40 M M 10 1 36 50
20 64 58 61 -7 4 0 0.08 0.0 0 20.5 32 40 M M 10 18 39 40
21 71 63 67 -1 0 2 1.73 0.0 0 12.5 21 110 M M 10 1 27 110
22 84 67 76 8 0 11 0.24 0.0 0 8.1 16 140 M M 6 1 20 140
23 87 66 77 8 0 12 0.00 0.0 0 8.3 15 280 M M 3 20 280
24 68 58 63 -6 2 0 0.00 0.0 0 10.9 17 30 M M 8 1 21 30
25 71 58 65 -5 0 0 0.00 0.0 0 9.4 15 40 M M 10 1 18 60
26 75 63 69 -1 0 4 T 0.0 0 8.3 15 30 M M 10 1 18 30
27 83 63 73 3 0 8 0.29 0.0 0 10.7 23 120 M M 9 12 27 110
28 86 73 80 10 0 15 0.95 0.0 0 9.8 23 240 M M 7 1 31 240
29 79 73 76 5 0 11 0.52 0.0 0 8.0 16 150 M M 7 1 21 140
30 86 69 78 7 0 13 1.15 0.0 0 7.1 22 310 M M 6 13 32 320
31 75 58 67 -4 0 2 0.00 0.0 0 10.4 22 40 M M 2 1 26 10
================================================================================
SM 2323 1789 78 125 7.59 0.0 331.7 M 152
================================================================================
AV 74.9 57.7 10.7 FASTST M M 5 MAX(MPH)
MISC ----> # 37 340 # 46 340
================================================================================
NOTES:
# LAST OF SEVERAL OCCURRENCES
COLUMN 17 PEAK WIND IN M.P.H.
PRELIMINARY LOCAL CLIMATOLOGICAL DATA (WS FORM: F-6) , PAGE 2
STATION: ELIZABETH CITY NC
MONTH: MAY
YEAR: 2020
LATITUDE: 36 16 N
LONGITUDE: 76 11 W
[TEMPERATURE DATA] [PRECIPITATION DATA] SYMBOLS USED IN COLUMN 16
AVERAGE MONTHLY: 66.3 TOTAL FOR MONTH: 7.59 1 = FOG OR MIST
DPTR FM NORMAL: -0.5 DPTR FM NORMAL: 3.98 2 = FOG REDUCING VISIBILITY
HIGHEST: 88 ON 16 GRTST 24HR 1.73 ON 21-21 TO 1/4 MILE OR LESS
LOWEST: 40 ON 12 3 = THUNDER
SNOW, ICE PELLETS, HAIL 4 = ICE PELLETS
TOTAL MONTH: 0.0 INCH 5 = HAIL
GRTST 24HR 0.0 6 = FREEZING RAIN OR DRIZZLE
GRTST DEPTH: 0 7 = DUSTSTORM OR SANDSTORM:
VSBY 1/2 MILE OR LESS
8 = SMOKE OR HAZE
[NO. OF DAYS WITH] [WEATHER - DAYS WITH] 9 = BLOWING SNOW
X = TORNADO
MAX 32 OR BELOW: 0 0.01 INCH OR MORE: 14
MAX 90 OR ABOVE: 0 0.10 INCH OR MORE: 10
MIN 32 OR BELOW: 0 0.50 INCH OR MORE: 5
MIN 0 OR BELOW: 0 1.00 INCH OR MORE: 3
[HDD (BASE 65) ]
TOTAL THIS MO. 78 CLEAR (SCALE 0-3) 12
DPTR FM NORMAL 10 PTCLDY (SCALE 4-7) 12
TOTAL FM JUL 1 2385 CLOUDY (SCALE 8-10) 7
DPTR FM NORMAL -844
[CDD (BASE 65) ]
TOTAL THIS MO. 125
DPTR FM NORMAL 3 [PRESSURE DATA]
TOTAL FM JAN 1 217 HIGHEST SLP 30.36 ON 14
DPTR FM NORMAL 53 LOWEST SLP 29.67 ON 4
[REMARKS]
#FINAL-05-20#