000
CXUS52 KTAE 010900
CF6ECP
PRELIMINARY LOCAL CLIMATOLOGICAL DATA (WS FORM: F-6)
STATION: PANAMA CITY NW
MONTH: JANUARY
YEAR: 2023
LATITUDE: 30 21 N
LONGITUDE: 85 48 W
TEMPERATURE IN F: :PCPN: SNOW: WIND :SUNSHINE: SKY :PK WND
================================================================================
1 2 3 4 5 6A 6B 7 8 9 10 11 12 13 14 15 16 17 18
12Z AVG MX 2MIN
DY MAX MIN AVG DEP HDD CDD WTR SNW DPTH SPD SPD DIR MIN PSBL S-S WX SPD DR
================================================================================
1 80 58 69 17 0 4 0.00 0.0 M 1.7 9 150 M M 8 128 9 160
2 75 63 69 17 0 4 0.00 0.0 0 6.2 13 150 M M 8 12 15 170
3 77 61 69 17 0 4 0.05 M M 10.4 23 150 M M 9 128 32 140
4 79 57 68 16 0 3 0.43 0.0 M 6.9 29 240 M M 5 138 39 250
5 71 45 58 6 7 0 0.01 0.0 0 5.0 17 280 M M 1 1 21 270
6 67 39 53 1 12 0 0.00 0.0 0 4.1 13 320 M M 0 15 320
7 72 38 55 3 10 0 0.00 0.0 0 2.5 10 180 M M 0 12 180
8 68 40 54 2 11 0 0.00 0.0 0 1.8 12 140 M M 2 15 140
9 68 45 57 5 8 0 0.00 0.0 M 5.7 14 320 M M 2 17 10
10 67 39 53 1 12 0 0.00 0.0 0 1.9 13 150 M M 0 8 15 160
11 77 45 61 9 4 0 0.08 0.0 0 4.4 20 200 M M 6 18 25 200
12 79 60 70 18 0 5 0.12 0.0 0 11.9 25 190 M M 4 123 34 190
13 60 41 51 -1 14 0 0.00 0.0 0 16.0 25 310 M M 7 33 320
14 55 35 45 -7 20 0 0.00 0.0 0 10.9 23 310 M M 3 28 300
15 60 28 44 -8 21 0 0.00 0.0 0 2.7 10 200 M M 0 13 180
16 65 33 49 -3 16 0 0.00 0.0 0 5.0 12 120 M M 0 17 130
17 77 51 64 12 1 0 T 0.0 0 7.5 20 170 M M 8 12 27 180
18 77 58 68 16 0 3 0.01 0.0 0 6.3 15 150 M M 7 12 19 160
19 81 55 68 16 0 3 0.24 0.0 0 9.9 18 240 M M 5 13 25 260
20 68 46 57 5 8 0 0.00 0.0 0 6.3 16 340 M M 0 20 330
21 61 47 54 1 11 0 T 0.0 0 6.4 18 100 M M 8 24 100
22 75 51 63 10 2 0 1.66 0.0 0 9.6 25 290 M M 9 13 31 290
23 59 40 50 -3 15 0 0.00 0.0 0 6.3 17 330 M M 2 22 330
24 64 39 52 -1 13 0 0.00 0.0 M 7.1 15 50 M M 3 21 60
25 69 47 58 5 7 0 1.02 M M 11.8 30 140 M M 7 13 39 140
26 59 37 48 -5 17 0 0.00 M M 6.4 17 280 M M 0 22 310
27 60 34 47 -6 18 0 0.00 0.0 0 5.0 13 360 M M 0 17 20
28 64 35 50 -3 15 0 0.00 0.0 0 3.8 14 100 M M 0 18 40
29 71 41 56 3 9 0 0.05 0.0 0 6.4 16 170 M M 9 1 22 160
30 79 65 72 18 0 7 T 0.0 M 6.9 16 210 M M 8 12 20 180
31 75 62 69 15 0 4 0.01 0.0 0 2.0 9 150 M M 9 12 12 150
================================================================================
SM 2159 1435 251 37 3.68 0.0 198.8 M 130
================================================================================
AV 69.6 46.3 6.4 FASTST M M 4 MAX(MPH)
MISC ----> 30 140 # 39 250
================================================================================
NOTES:
# LAST OF SEVERAL OCCURRENCES
COLUMN 17 PEAK WIND IN M.P.H.
PRELIMINARY LOCAL CLIMATOLOGICAL DATA (WS FORM: F-6) , PAGE 2
STATION: PANAMA CITY NW
MONTH: JANUARY
YEAR: 2023
LATITUDE: 30 21 N
LONGITUDE: 85 48 W
[TEMPERATURE DATA] [PRECIPITATION DATA] SYMBOLS USED IN COLUMN 16
AVERAGE MONTHLY: 58.0 TOTAL FOR MONTH: 3.68 1 = FOG OR MIST
DPTR FM NORMAL: 5.5 DPTR FM NORMAL: -1.01 2 = FOG REDUCING VISIBILITY
HIGHEST: 81 ON 19 GRTST 24HR 2.16 ON 21-22 TO 1/4 MILE OR LESS
LOWEST: 28 ON 15 3 = THUNDER
SNOW, ICE PELLETS, HAIL 4 = ICE PELLETS
TOTAL MONTH: 0.0 INCH 5 = HAIL
GRTST 24HR 0.0 6 = FREEZING RAIN OR DRIZZLE
GRTST DEPTH: 0 7 = DUSTSTORM OR SANDSTORM:
VSBY 1/2 MILE OR LESS
8 = SMOKE OR HAZE
[NO. OF DAYS WITH] [WEATHER - DAYS WITH] 9 = BLOWING SNOW
X = TORNADO
MAX 32 OR BELOW: 0 0.01 INCH OR MORE: 11
MAX 90 OR ABOVE: 0 0.10 INCH OR MORE: 5
MIN 32 OR BELOW: 1 0.50 INCH OR MORE: 2
MIN 0 OR BELOW: 0 1.00 INCH OR MORE: 2
[HDD (BASE 65) ]
TOTAL THIS MO. 251 CLEAR (SCALE 0-3) 15
DPTR FM NORMAL -145 PTCLDY (SCALE 4-7) 10
TOTAL FM JUL 1 707 CLOUDY (SCALE 8-10) 6
DPTR FM NORMAL -225
[CDD (BASE 65) ]
TOTAL THIS MO. 37
DPTR FM NORMAL 27 [PRESSURE DATA]
TOTAL FM JAN 1 37 HIGHEST SLP 30.46 ON 28
DPTR FM NORMAL 27 LOWEST SLP 29.75 ON 22
[REMARKS]
#FINAL-01-23#