000
CXUS54 KEWX 132133
CF6ECU
PRELIMINARY LOCAL CLIMATOLOGICAL DATA (WS FORM: F-6)
STATION: EDWARDS COUNTY AIRPORT
MONTH: DECEMBER
YEAR: 2020
LATITUDE: 29 57 N
LONGITUDE: 100 10 W
TEMPERATURE IN F: :PCPN: SNOW: WIND :SUNSHINE: SKY :PK WND
================================================================================
1 2 3 4 5 6A 6B 7 8 9 10 11 12 13 14 15 16 17 18
12Z AVG MX 2MIN
DY MAX MIN AVG DEP HDD CDD WTR SNW DPTH SPD SPD DIR MIN PSBL S-S WX SPD DR
================================================================================
1 57 36 47 M 18 0 0.00 M M 12.3 20 170 M M 1 28 170
2 55 37 46 M 19 0 0.00 M M 14.2 22 340 M M 1 29 330
3 48 28 38 M 27 0 0.00 M M 11.5 16 310 M M 3 23 340
4 54 28 41 M 24 0 0.00 M M 4.0 9 350 M M 1 12 99
5 52 37 45 M 20 0 0.01 M M 4.0 10 330 M M 10 M M
6 63 36 50 M 15 0 0.00 M M 11.1 21 310 M M 0 23 310
7 68 41 55 M 10 0 0.00 M M 6.0 12 330 M M 0 16 350
8 72 48 60 M 5 0 0.00 0.0 0 5.1 12 320 M M 0 16 300
9 75 48 62 M 3 0 0.00 0.0 0 5.4 8 170 M M 0 14 230
10 75 48 62 M 3 0 0.00 M M 11.5 18 150 M M 1 26 150
11 70 48 59 M 6 0 0.05 M M 6.5 18 150 M M 3 1 24 160
12 70 43 57 M 8 0 0.00 M M 7.9 12 150 M M 2 18 130
13 63 36 50 M 15 0 0.00 M M 17.3 29 320 M M 5 12 39 320
14 54 27 41 M 24 0 0.00 M M 9.1 17 360 M M 2 26 360
15 63 36 50 M 15 0 0.00 M M 13.9 23 300 M M 3 30 300
16 57 27 42 M 23 0 0.00 M M 6.7 15 350 M M 0 23 360
17 59 34 47 M 18 0 0.00 M M 9.1 15 150 M M 2 21 150
18 59 41 50 M 15 0 0.00 M M 15.0 26 170 M M 8 35 170
19 63 45 54 M 11 0 0.03 M M 9.1 18 320 M M 4 1 25 320
20 66 39 53 M 12 0 0.00 M M 7.5 15 350 M M 0 17 280
21 70 43 57 M 8 0 0.00 M M 7.2 12 220 M M 0 17 210
22 64 48 56 M 9 0 0.00 M M 11.1 16 170 M M 8 23 170
23 73 39 56 M 9 0 0.00 M M 12.1 21 10 M M 5 35 10
24 52 25 39 M 26 0 0.00 M M 11.6 22 360 M M 4 37 360
25 66 36 51 M 14 0 0.00 M M 6.1 8 180 M M 0 14 250
26 66 41 54 M 11 0 0.00 M M 11.3 18 160 M M 0 27 180
27 75 45 60 M 5 0 0.00 M M 7.2 14 170 M M 0 17 180
28 70 48 59 M 6 0 0.00 M M 12.0 20 140 M M 7 12 29 140
29 72 61 67 M 0 2 0.00 M M 22.3 32 170 M M 7 43 180
30 63 37 50 M 15 0 0.13 M M 15.8 24 150 M M 10 1 36 150
31 36 28 32 M 33 0 1.22 M M 16.7 23 310 M M 10 32 30
================================================================================
SM 1950 1214 427 2 1.44 0.0 320.7 M 97
================================================================================
AV 62.9 39.2 10.3 FASTST M M 3 MAX(MPH)
MISC ----> 32 170 43 180
================================================================================
NOTES:
# LAST OF SEVERAL OCCURRENCES
COLUMN 17 PEAK WIND IN M.P.H.
PRELIMINARY LOCAL CLIMATOLOGICAL DATA (WS FORM: F-6) , PAGE 2
STATION: EDWARDS COUNTY AIRPORT
MONTH: DECEMBER
YEAR: 2020
LATITUDE: 29 57 N
LONGITUDE: 100 10 W
[TEMPERATURE DATA] [PRECIPITATION DATA] SYMBOLS USED IN COLUMN 16
AVERAGE MONTHLY: 51.0 TOTAL FOR MONTH: 1.44 1 = FOG OR MIST
DPTR FM NORMAL: 0.0 DPTR FM NORMAL: M 2 = FOG REDUCING VISIBILITY
HIGHEST: 75 ON 27,10 GRTST 24HR 1.22 ON 31-31 TO 1/4 MILE OR LESS
LOWEST: 25 ON 24 3 = THUNDER
SNOW, ICE PELLETS, HAIL 4 = ICE PELLETS
TOTAL MONTH: 0.0 INCH 5 = HAIL
GRTST 24HR 0.0 6 = FREEZING RAIN OR DRIZZLE
GRTST DEPTH: 0 7 = DUSTSTORM OR SANDSTORM:
VSBY 1/2 MILE OR LESS
8 = SMOKE OR HAZE
[NO. OF DAYS WITH] [WEATHER - DAYS WITH] 9 = BLOWING SNOW
X = TORNADO
MAX 32 OR BELOW: 0 0.01 INCH OR MORE: 5
MAX 90 OR ABOVE: 0 0.10 INCH OR MORE: 2
MIN 32 OR BELOW: 6 0.50 INCH OR MORE: 1
MIN 0 OR BELOW: 0 1.00 INCH OR MORE: 1
[HDD (BASE 65) ]
TOTAL THIS MO. 427 CLEAR (SCALE 0-3) 19
DPTR FM NORMAL M PTCLDY (SCALE 4-7) 9
TOTAL FM JUL 1 656 CLOUDY (SCALE 8-10) 3
DPTR FM NORMAL M
[CDD (BASE 65) ]
TOTAL THIS MO. 2
DPTR FM NORMAL M [PRESSURE DATA]
TOTAL FM JAN 1 2547 HIGHEST SLP M ON M
DPTR FM NORMAL M LOWEST SLP M ON M
[REMARKS]
#FINAL-12-20#