000
CXUS54 KBMX 171010
CF6EET
PRELIMINARY LOCAL CLIMATOLOGICAL DATA (WS FORM: F-6)
STATION: SHELBY COUNTY AIRPORT
MONTH: APRIL
YEAR: 2024
LATITUDE: 33 10 N
LONGITUDE: 86 47 W
TEMPERATURE IN F: :PCPN: SNOW: WIND :SUNSHINE: SKY :PK WND
================================================================================
1 2 3 4 5 6A 6B 7 8 9 10 11 12 13 14 15 16 17 18
12Z AVG MX 2MIN
DY MAX MIN AVG DEP HDD CDD WTR SNW DPTH SPD SPD DIR MIN PSBL S-S WX SPD DR
================================================================================
1 78 64 71 10 0 6 0.00 0.0 M 6.4 14 190 M M 7 20 200
2 81 67 74 13 0 9 0.19 0.0 M 9.3 17 170 M M 8 13 29 220
3 69 47 58 -3 7 0 0.00 0.0 0 9.3 21 290 M M 4 36 310
4 66 39 53 -8 12 0 0.00 0.0 M 7.5 20 290 M M 0 33 290
5 64 39 52 -10 13 0 0.00 0.0 M 3.9 14 310 M M 0 23 320
6 66 39 53 -9 12 0 0.00 0.0 M 1.8 9 320 M M 0 19 300
7 80 42 61 -1 4 0 0.00 0.0 0 3.6 14 170 M M 1 22 170
8 78 57 68 6 0 3 0.22 0.0 0 4.6 14 170 M M 5 13 22 160
9 64 56 60 -2 5 0 0.21 0.0 0 3.3 9 90 M M 8 1 15 130
10 71 60 66 3 0 1 0.45 0.0 0 6.0 20 110 M M 3 13 37 110
11 66 51 59 -4 6 0 0.09 0.0 0 7.4 20 310 M M 7 1 32 290
12 70 46 58 -5 7 0 0.00 0.0 0 6.9 21 310 M M 0 35 290
13 80 42 61 -2 4 0 0.00 0.0 0 2.6 14 280 M M 0 20 290
14 82 52 67 3 0 2 0.00 0.0 0 3.3 14 200 M M 0 8 20 200
15 84 52 68 4 0 3 0.00 0.0 0 2.9 12 180 M M 0 18 160
16 82 61 72 8 0 7 0.00 0.0 0 4.6 13 190 M M 3 1 20 160
================================================================================
SM 1181 814 70 31 1.16 0.0 83.4 M 46
================================================================================
AV 73.8 50.9 5.2 FASTST M M 3 MAX(MPH)
MISC ----> # 21 290 37 110
================================================================================
NOTES:
# LAST OF SEVERAL OCCURRENCES
COLUMN 17 PEAK WIND IN M.P.H.
PRELIMINARY LOCAL CLIMATOLOGICAL DATA (WS FORM: F-6) , PAGE 2
STATION: SHELBY COUNTY AIRPORT
MONTH: APRIL
YEAR: 2024
LATITUDE: 33 10 N
LONGITUDE: 86 47 W
[TEMPERATURE DATA] [PRECIPITATION DATA] SYMBOLS USED IN COLUMN 16
AVERAGE MONTHLY: 62.3 TOTAL FOR MONTH: 1.16 1 = FOG OR MIST
DPTR FM NORMAL: 0.0 DPTR FM NORMAL: -1.74 2 = FOG REDUCING VISIBILITY
HIGHEST: 84 ON 15 GRTST 24HR 0.53 ON 10-11 TO 1/4 MILE OR LESS
LOWEST: 39 ON 6, 5 3 = THUNDER
SNOW, ICE PELLETS, HAIL 4 = ICE PELLETS
TOTAL MONTH: 0.0 INCH 5 = HAIL
GRTST 24HR 0.0 6 = FREEZING RAIN OR DRIZZLE
GRTST DEPTH: 0 7 = DUSTSTORM OR SANDSTORM:
VSBY 1/2 MILE OR LESS
8 = SMOKE OR HAZE
[NO. OF DAYS WITH] [WEATHER - DAYS WITH] 9 = BLOWING SNOW
X = TORNADO
MAX 32 OR BELOW: 0 0.01 INCH OR MORE: 5
MAX 90 OR ABOVE: 0 0.10 INCH OR MORE: 4
MIN 32 OR BELOW: 0 0.50 INCH OR MORE: 0
MIN 0 OR BELOW: 0 1.00 INCH OR MORE: 0
[HDD (BASE 65) ]
TOTAL THIS MO. 70 CLEAR (SCALE 0-3) 10
DPTR FM NORMAL -2 PTCLDY (SCALE 4-7) 6
TOTAL FM JUL 1 2189 CLOUDY (SCALE 8-10) 0
DPTR FM NORMAL -141
[CDD (BASE 65) ]
TOTAL THIS MO. 31
DPTR FM NORMAL 1 [PRESSURE DATA]
TOTAL FM JAN 1 45 HIGHEST SLP M ON M
DPTR FM NORMAL -14 LOWEST SLP 29.51 ON 10
[REMARKS]