000
CXUS56 KLKN 012206
CF6EKO
PRELIMINARY LOCAL CLIMATOLOGICAL DATA (WS FORM: F-6)
STATION: ELKO AIRPORT NV
MONTH: NOVEMBER
YEAR: 2023
LATITUDE: 40 49 N
LONGITUDE: 115 47 W
TEMPERATURE IN F: :PCPN: SNOW: WIND :SUNSHINE: SKY :PK WND
================================================================================
1 2 3 4 5 6A 6B 7 8 9 10 11 12 13 14 15 16 17 18
12Z AVG MX 2MIN
DY MAX MIN AVG DEP HDD CDD WTR SNW DPTH SPD SPD DIR MIN PSBL S-S WX SPD DR
================================================================================
1 62 20 41 0 24 0 0.00 0.0 0 3.8 13 250 M M 0 8 20 250
2 67 27 47 6 18 0 0.00 0.0 0 4.0 15 230 M M 3 22 230
3 68 36 52 11 13 0 0.00 0.0 0 3.1 15 260 M M 4 20 270
4 65 30 48 8 17 0 0.00 0.0 0 1.9 7 70 M M 2 9 80
5 68 43 56 16 9 0 0.01 0.0 0 5.2 23 240 M M 5 33 250
6 65 43 54 14 11 0 T 0.0 0 9.5 31 260 M M 5 47 230
7 48 24 36 -3 29 0 0.05 0.0 0 6.3 20 320 M M 6 26 330
8 47 19 33 -6 32 0 0.00 0.0 0 2.9 12 190 M M 1 15 200
9 50 15 33 -5 32 0 0.00 0.0 0 3.1 9 80 M M 0 11 90
10 55 21 38 0 27 0 0.00 0.0 0 3.6 15 260 M M 4 18 260
11 57 17 37 -1 28 0 0.00 0.0 0 3.1 14 250 M M 0 19 250
12 60 20 40 3 25 0 0.00 0.0 0 6.1 14 270 M M 0 21 270
13 59 27 43 6 22 0 0.00 0.0 0 5.7 13 60 M M 0 17 170
14 63 20 42 5 23 0 0.00 0.0 0 5.1 13 230 M M 0 18 200
15 62 26 44 8 21 0 0.18 0.0 0 7.4 31 170 M M 3 18 47 180
16 56 32 44 8 21 0 0.28 0.0 0 4.5 15 250 M M 5 1 19 250
17 53 27 40 5 25 0 0.00 0.0 0 2.9 9 90 M M 2 12 13 50
18 55 33 44 9 21 0 0.21 0.0 0 6.4 21 230 M M 7 1 33 250
19 41 28 35 0 30 0 0.04 T 0 8.9 18 240 M M 8 1 25 240
20 40 20 30 -4 35 0 0.00 0.0 0 2.4 12 220 M M 0 16 250
21 47 20 34 0 31 0 0.00 0.0 0 3.6 9 60 M M 0 12 50
22 51 20 36 3 29 0 0.00 0.0 0 2.8 9 220 M M 0 11 220
23 37 29 33 0 32 0 0.27 2.7 2 3.3 8 200 M M 9 1 11 340
24 32 25 29 -4 36 0 0.06 0.9 3 7.9 15 230 M M 10 1 20 220
25 35 15 25 -7 40 0 0.00 0.0 1 3.8 9 200 M M 4 13 200
26 35 10 23 -9 42 0 0.00 0.0 1 2.1 7 50 M M 1 10 100
27 37 10 24 -7 41 0 0.00 0.0 1 3.5 9 30 M M 0 12 60
28 41 11 26 -5 39 0 0.00 0.0 1 4.5 9 60 M M 0 13 80
29 41 13 27 -4 38 0 0.00 0.0 T 1.3 6 100 M M 0 8 240
30 40 17 29 -1 36 0 T T T 3.2 12 210 M M 8 15 210
================================================================================
SM 1537 698 827 0 1.10 3.6 131.9 M 87
================================================================================
AV 51.2 23.3 4.4 FASTST M M 3 MAX(MPH)
MISC ----> # 31 260 # 47 230
================================================================================
NOTES:
# LAST OF SEVERAL OCCURRENCES
COLUMN 17 PEAK WIND IN M.P.H.
PRELIMINARY LOCAL CLIMATOLOGICAL DATA (WS FORM: F-6) , PAGE 2
STATION: ELKO AIRPORT NV
MONTH: NOVEMBER
YEAR: 2023
LATITUDE: 40 49 N
LONGITUDE: 115 47 W
[TEMPERATURE DATA] [PRECIPITATION DATA] SYMBOLS USED IN COLUMN 16
AVERAGE MONTHLY: 37.3 TOTAL FOR MONTH: 1.10 1 = FOG OR MIST
DPTR FM NORMAL: 1.3 DPTR FM NORMAL: 0.22 2 = FOG REDUCING VISIBILITY
HIGHEST: 68 ON 5, 3 GRTST 24HR 0.46 ON 15-16 TO 1/4 MILE OR LESS
LOWEST: 10 ON 27,26 3 = THUNDER
SNOW, ICE PELLETS, HAIL 4 = ICE PELLETS
TOTAL MONTH: 3.6 INCHES 5 = HAIL
GRTST 24HR 2.7 ON 23-23 6 = FREEZING RAIN OR DRIZZLE
GRTST DEPTH: 3 ON 24 7 = DUSTSTORM OR SANDSTORM:
VSBY 1/2 MILE OR LESS
8 = SMOKE OR HAZE
[NO. OF DAYS WITH] [WEATHER - DAYS WITH] 9 = BLOWING SNOW
X = TORNADO
MAX 32 OR BELOW: 1 0.01 INCH OR MORE: 8
MAX 90 OR ABOVE: 0 0.10 INCH OR MORE: 4
MIN 32 OR BELOW: 26 0.50 INCH OR MORE: 0
MIN 0 OR BELOW: 0 1.00 INCH OR MORE: 0
[HDD (BASE 65) ]
TOTAL THIS MO. 827 CLEAR (SCALE 0-3) 17
DPTR FM NORMAL -46 PTCLDY (SCALE 4-7) 10
TOTAL FM JUL 1 1437 CLOUDY (SCALE 8-10) 3
DPTR FM NORMAL -189
[CDD (BASE 65) ]
TOTAL THIS MO. 0
DPTR FM NORMAL 0 [PRESSURE DATA]
TOTAL FM JAN 1 513 HIGHEST SLP 30.74 ON 21
DPTR FM NORMAL 20 LOWEST SLP 29.71 ON 6
[REMARKS]
#FINAL-11-23#